000
CXUS55 KRIW 180945
CF6BYG
PRELIMINARY LOCAL CLIMATOLOGICAL DATA (WS FORM: F-6)

                                          STATION:   BUFFALO WY
                                          MONTH:     AUGUST
                                          YEAR:      2019
                                          LATITUDE:   44 22 N
                                          LONGITUDE: 106 43 W

  TEMPERATURE IN F:       :PCPN:    SNOW:  WIND      :SUNSHINE: SKY     :PK WND
================================================================================
1   2   3   4   5  6A  6B    7    8   9   10  11  12  13   14  15   16   17  18
                                     12Z  AVG MX 2MIN
DY MAX MIN AVG DEP HDD CDD  WTR  SNW DPTH SPD SPD DIR MIN PSBL S-S WX    SPD DR
================================================================================

 1  81  62  72   0   0   7    T    M    M  9.1 28 190   M    M   1        39 190
 2  87  57  72   0   0   7 0.01    M    M  6.1 14 260   M    M   2        17 280
 3  90  66  78   6   0  13 0.00    M    M  7.5 22 330   M    M   0        39 320
 4  86  65  76   4   0  11 0.01    M    M  7.3 29 340   M    M   0        41 330
 5  82  61  72   0   0   7    T    M    M  8.6 21 260   M    M   1 3      37 270
 6  86  61  74   2   0   9 0.00    M    M  8.2 17 350   M    M   0        24 350
 7  83  64  74   2   0   9 0.00    M    M  7.9 20 260   M    M   2        28 300
 8  84  60  72   0   0   7 0.16  0.0    M  7.9 20 160   M    M   3 138    27 170
 9  81  56  69  -2   0   4 0.01  0.0    M  7.1 17 320   M    M   4        24 320
10  81  58  70  -1   0   5 0.22  0.0    M  7.1 20 320   M    M   1 3      29 320
11  83  57  70  -1   0   5    T  0.0    M  9.5 39 340   M    M   4        60 340
12  75  48  62  -9   3   0 0.00    M    M  8.5 24 330   M    M   0        38 320
13  78  50  64  -7   1   0 0.00    M    M  5.5 12  70   M    M   1        15  80
14  82  51  67  -4   0   2 0.02  0.0    M  5.5 14 320   M    M   0 3      19 320
15  78  56  67  -3   0   2 0.13    M    M 10.4 25 340   M    M   4        36 330
16  80  51  66  -4   0   1    T    M    M  6.6 16 250   M    M   1        24 240
17  64  50  57 -13   8   0    T    M    M  9.4 26 350   M    M   6 1      36 350
================================================================================
SM 1381  973        12  89  0.56     0.0 132.2          M       30
================================================================================
AV 81.2 57.2                               7.8 FASTST   M    M   2    MAX(MPH)
                                 MISC ---->  # 39 340               # 60  340
================================================================================
NOTES:
# LAST OF SEVERAL OCCURRENCES

COLUMN 17 PEAK WIND IN M.P.H.

PRELIMINARY LOCAL CLIMATOLOGICAL DATA (WS FORM: F-6) , PAGE 2

                                          STATION:  BUFFALO WY
                                          MONTH:    AUGUST
                                          YEAR:     2019
                                          LATITUDE:   44 22 N
                                          LONGITUDE: 106 43 W

[TEMPERATURE DATA]      [PRECIPITATION DATA]       SYMBOLS USED IN COLUMN 16

AVERAGE MONTHLY: 69.2   TOTAL FOR MONTH:   0.56    1 = FOG OR MIST
DPTR FM NORMAL:  -2.1   DPTR FM NORMAL:    0.04    2 = FOG REDUCING VISIBILITY
HIGHEST:    90 ON  3    GRTST 24HR  0.43 ON 31- 1      TO 1/4 MILE OR LESS
LOWEST:     48 ON 12                               3 = THUNDER
                        SNOW, ICE PELLETS, HAIL    4 = ICE PELLETS
                        TOTAL MONTH:   0.0 INCH    5 = HAIL
                        GRTST 24HR     0.0         6 = FREEZING RAIN OR DRIZZLE
                        GRTST DEPTH:  M  ON   M    7 = DUSTSTORM OR SANDSTORM:
                                                       VSBY 1/2 MILE OR LESS
                                                   8 = SMOKE OR HAZE
[NO. OF DAYS WITH]      [WEATHER - DAYS WITH]      9 = BLOWING SNOW
                                                   X = TORNADO
MAX 32 OR BELOW:   0    0.01 INCH OR MORE:   7
MAX 90 OR ABOVE:   1    0.10 INCH OR MORE:   3
MIN 32 OR BELOW:   0    0.50 INCH OR MORE:   0
MIN  0 OR BELOW:   0    1.00 INCH OR MORE:   0

[HDD (BASE 65) ]
TOTAL THIS MO.    12    CLEAR  (SCALE 0-3)  13
DPTR FM NORMAL    -5    PTCLDY (SCALE 4-7)   4
TOTAL FM JUL 1    31    CLOUDY (SCALE 8-10)  0
DPTR FM NORMAL   -11

[CDD (BASE 65) ]
TOTAL THIS MO.    89
DPTR FM NORMAL   -30    [PRESSURE DATA]
TOTAL FM JAN 1   258    HIGHEST SLP M ON M
DPTR FM NORMAL  -122    LOWEST  SLP 29.76 ON 17

[REMARKS]
