000
CXUS55 KRIW 230945
CF6BYG
PRELIMINARY LOCAL CLIMATOLOGICAL DATA (WS FORM: F-6)

                                          STATION:   BUFFALO WY
                                          MONTH:     APRIL
                                          YEAR:      2019
                                          LATITUDE:   44 22 N
                                          LONGITUDE: 106 43 W

  TEMPERATURE IN F:       :PCPN:    SNOW:  WIND      :SUNSHINE: SKY     :PK WND
================================================================================
1   2   3   4   5  6A  6B    7    8   9   10  11  12  13   14  15   16   17  18
                                     12Z  AVG MX 2MIN
DY MAX MIN AVG DEP HDD CDD  WTR  SNW DPTH SPD SPD DIR MIN PSBL S-S WX    SPD DR
================================================================================

 1  47  28  38  -1  27   0 0.12    M    M 11.6 26 320   M    M   6 1      35 330
 2  45  24  35  -4  30   0 0.00    M    M  5.7 13 350   M    M   6        14  10
 3  49  35  42   3  23   0 0.01    M    M 10.2 17 150   M    M   8 1      22 150
 4  65  34  50  10  15   0 0.00    M    M  6.1 13  60   M    M   6 12     17 110
 5  64  40  52  12  13   0    T    M    M  6.4 29 190   M    M   4        37 180
 6  65  38  52  12  13   0    T    M    M  7.5 28 310   M    M   1        34 310
 7  68  33  51  11  14   0 0.00    M    M  5.8 22 160   M    M   3        29 190
 8  51  40  46   5  19   0 0.01    M    M  7.1 26 170   M    M   7 18     34 320
 9  54  36  45   4  20   0 0.38    M    M 11.8 25 170   M    M   5 12     34 170
10  35  24  30 -11  35   0 0.18    M    M 16.4 29 350   M    M  10 12     33 350
11  27  22  25 -17  40   0 0.00    M    M 10.3 24  10   M    M  10 12     27  10
12  36  20  28 -14  37   0 0.00    M    M  9.2 23 350   M    M   3        28 350
13  51  20  36  -6  29   0 0.00    M    M  5.1 14 160   M    M   0        17 160
14  57  34  46   3  19   0 0.03    M    M  7.1 22 350   M    M   7        26 340
15  50  33  42  -1  23   0 0.04    M    M  5.8 17 340   M    M   7 1      21 350
16  56  37  47   4  18   0    T    M    M  8.5 24 340   M    M   9        31 330
17  53  36  45   1  20   0    T    M    M 14.1 36 340   M    M   7        40 350
18  60  35  48   4  17   0    T    M    M 16.9 37 320   M    M   3        46 320
19  75  40  58  14   7   0 0.00    M    M  6.2 13 140   M    M   1        16 140
20  68  50  59  14   6   0 0.17    M    M  8.9 26 350   M    M   2 3      32 350
21  52  40  46   1  19   0 0.26    M    M 16.8 29 340   M    M  10 12     37 350
22  55  38  47   2  18   0    T    M    M 10.6 23 150   M    M   5 1      30 160
================================================================================
SM 1183  737       462   0  1.20    M    208.1          M      120
================================================================================
AV 53.8 33.5                               9.5 FASTST   M    M   5    MAX(MPH)
                                 MISC ---->  # 37 320               # 46  320
================================================================================
NOTES:
# LAST OF SEVERAL OCCURRENCES

COLUMN 17 PEAK WIND IN M.P.H.

PRELIMINARY LOCAL CLIMATOLOGICAL DATA (WS FORM: F-6) , PAGE 2

                                          STATION:  BUFFALO WY
                                          MONTH:    APRIL
                                          YEAR:     2019
                                          LATITUDE:   44 22 N
                                          LONGITUDE: 106 43 W

[TEMPERATURE DATA]      [PRECIPITATION DATA]       SYMBOLS USED IN COLUMN 16

AVERAGE MONTHLY: 43.6   TOTAL FOR MONTH:   1.20    1 = FOG OR MIST
DPTR FM NORMAL:   1.7   DPTR FM NORMAL:    0.46    2 = FOG REDUCING VISIBILITY
HIGHEST:    75 ON 19    GRTST 24HR  0.38 ON  9- 9      TO 1/4 MILE OR LESS
LOWEST:     20 ON 13,12                            3 = THUNDER
                        SNOW, ICE PELLETS, HAIL    4 = ICE PELLETS
                        TOTAL MONTH:    M          5 = HAIL
                        GRTST 24HR    M  ON   M    6 = FREEZING RAIN OR DRIZZLE
                        GRTST DEPTH:  M  ON   M    7 = DUSTSTORM OR SANDSTORM:
                                                       VSBY 1/2 MILE OR LESS
                                                   8 = SMOKE OR HAZE
[NO. OF DAYS WITH]      [WEATHER - DAYS WITH]      9 = BLOWING SNOW
                                                   X = TORNADO
MAX 32 OR BELOW:   1    0.01 INCH OR MORE:   9
MAX 90 OR ABOVE:   0    0.10 INCH OR MORE:   5
MIN 32 OR BELOW:   6    0.50 INCH OR MORE:   0
MIN  0 OR BELOW:   0    1.00 INCH OR MORE:   0

[HDD (BASE 65) ]
TOTAL THIS MO.   462    CLEAR  (SCALE 0-3)   7
DPTR FM NORMAL   -46    PTCLDY (SCALE 4-7)  11
TOTAL FM JUL 1  6874    CLOUDY (SCALE 8-10)  4
DPTR FM NORMAL   176

[CDD (BASE 65) ]
TOTAL THIS MO.     0
DPTR FM NORMAL     0    [PRESSURE DATA]
TOTAL FM JAN 1     0    HIGHEST SLP M ON M
DPTR FM NORMAL     0    LOWEST  SLP 29.57 ON 10

[REMARKS]
