000
CXUS55 KPIH 221200
CF6BYI

PRELIMINARY LOCAL CLIMATOLOGICAL DATA (WS FORM: F-6)

                                          STATION:   BURLEY ID
                                          MONTH:     AUGUST
                                          YEAR:      2019
                                          LATITUDE:   42 32 N
                                          LONGITUDE: 113 46 W

  TEMPERATURE IN F:       :PCPN:    SNOW:  WIND      :SUNSHINE: SKY     :PK WND
================================================================================
1   2   3   4   5  6A  6B    7    8   9   10  11  12  13   14  15   16   17  18
                                     12Z  AVG MX 2MIN
DY MAX MIN AVG DEP HDD CDD  WTR  SNW DPTH SPD SPD DIR MIN PSBL S-S WX    SPD DR
================================================================================

 1  89  58  74   3   0   9    T    M    M  7.0 28  80   M    M   0 3      40  80
 2  95  59  77   6   0  12 0.00    M    M  8.4 20  80   M    M   0 8      26  80
 3  93  56  75   5   0  10 0.00    M    M  2.9  9 240   M    M   0        12 270
 4  94  61  78   8   0  13 0.00    M    M  3.8 20 180   M    M   0        26 180
 5  94  59  77   7   0  12 0.00    M    M  3.7 17  80   M    M   0        22  80
 6  96  60  78   8   0  13 0.00    M    M  4.6 14  50   M    M   0        19  50
 7  89  62  76   6   0  11    T    M    M  3.4  9 200   M    M   0        12 280
 8  73  57  65  -5   0   0 0.09    M    M  6.2 15 220   M    M   4        19 180
 9  84  54  69  -1   0   4    T    M    M  5.8 22 260   M    M   0        33 270
10  87  54  71   1   0   6 0.00    M    M  7.6 20 250   M    M   0        31 190
11  74  52  63  -7   2   0 0.00    M    M 10.7 21 260   M    M   0        32 260
12  78  48  63  -6   2   0 0.00    M    M  6.5 14 250   M    M   0 8      18 240
13  86  48  67  -2   0   2 0.00    M    M  3.5 10 290   M    M   0        15 290
14  88  50  69   0   0   4 0.00    M    M  4.6 12 310   M    M   0        17 320
15  85  53  69   0   0   4 0.00    M    M  8.5 16 290   M    M   0 8      23 290
16  80  51  66  -2   0   1 0.00    M    M  8.5 18 260   M    M   0        24 260
17  80  49  65  -3   0   0 0.00    M    M 10.2 18 270   M    M   0        25 280
18  90  50  70   2   0   5 0.00    M    M  4.7 15 210   M    M   0 8      17 210
19  92  50  71   3   0   6 0.00    M    M  4.3 10 270   M    M   0        14 280
20  94  51  73   5   0   8 0.00    M    M  3.1  9 200   M    M   0        12 340
21  95  50  73   6   0   8 0.00    M    M  2.2  9 290   M    M   0        15 290
================================================================================
SM 1836 1132         4 128  0.09    M    120.2          M        4
================================================================================
AV 87.4 53.9                               5.7 FASTST   M    M   0    MAX(MPH)
                                 MISC ---->  # 28  80               # 40   80
================================================================================
NOTES:
# LAST OF SEVERAL OCCURRENCES
PRECIPITATION SUSPECT DURING FREEZING/FROZEN EVENTS

COLUMN 17 PEAK WIND IN M.P.H.

PRELIMINARY LOCAL CLIMATOLOGICAL DATA (WS FORM: F-6) , PAGE 2

                                          STATION:  BURLEY ID
                                          MONTH:    AUGUST
                                          YEAR:     2019
                                          LATITUDE:   42 32 N
                                          LONGITUDE: 113 46 W

[TEMPERATURE DATA]      [PRECIPITATION DATA]       SYMBOLS USED IN COLUMN 16

AVERAGE MONTHLY: 70.7   TOTAL FOR MONTH:   0.09    1 = FOG OR MIST
DPTR FM NORMAL:   1.4   DPTR FM NORMAL:   -0.16    2 = FOG REDUCING VISIBILITY
HIGHEST:    96 ON  6    GRTST 24HR  0.09 ON  8- 8      TO 1/4 MILE OR LESS
LOWEST:     48 ON 13,12                            3 = THUNDER
                        SNOW, ICE PELLETS, HAIL    4 = ICE PELLETS
                        TOTAL MONTH:    M          5 = HAIL
                        GRTST 24HR    M  ON   M    6 = FREEZING RAIN OR DRIZZLE
                        GRTST DEPTH:  M  ON   M    7 = DUSTSTORM OR SANDSTORM:
                                                       VSBY 1/2 MILE OR LESS
                                                   8 = SMOKE OR HAZE
[NO. OF DAYS WITH]      [WEATHER - DAYS WITH]      9 = BLOWING SNOW
                                                   X = TORNADO
MAX 32 OR BELOW:   0    0.01 INCH OR MORE:   1
MAX 90 OR ABOVE:   9    0.10 INCH OR MORE:   0
MIN 32 OR BELOW:   0    0.50 INCH OR MORE:   0
MIN  0 OR BELOW:   0    1.00 INCH OR MORE:   0

[HDD (BASE 65) ]
TOTAL THIS MO.     4    CLEAR  (SCALE 0-3)  20
DPTR FM NORMAL   -10    PTCLDY (SCALE 4-7)   1
TOTAL FM JUL 1    12    CLOUDY (SCALE 8-10)  0
DPTR FM NORMAL   -24

[CDD (BASE 65) ]
TOTAL THIS MO.   128
DPTR FM NORMAL    23    [PRESSURE DATA]
TOTAL FM JAN 1   338    HIGHEST SLP M ON M
DPTR FM NORMAL    20    LOWEST  SLP 29.67 ON 21

[REMARKS]
