000
CXUS55 KGJT 221000
CF6CEZ
PRELIMINARY LOCAL CLIMATOLOGICAL DATA (WS FORM: F-6)

                                          STATION:   CORTEZ CO
                                          MONTH:     AUGUST
                                          YEAR:      2019
                                          LATITUDE:   37 17 N
                                          LONGITUDE: 108 38 W

  TEMPERATURE IN F:       :PCPN:    SNOW:  WIND      :SUNSHINE: SKY     :PK WND
================================================================================
1   2   3   4   5  6A  6B    7    8   9   10  11  12  13   14  15   16   17  18
                                     12Z  AVG MX 2MIN
DY MAX MIN AVG DEP HDD CDD  WTR  SNW DPTH SPD SPD DIR MIN PSBL S-S WX    SPD DR
================================================================================

 1  86  58  72   0   0   7 0.58    M    M  5.7 24 110   M    M   3 38     39 120
 2  92  56  74   2   0   9 0.00    M    M  4.1 21 290   M    M   1 3      26 290
 3  91  59  75   3   0  10    T    M    M  6.4 24  50   M    M   1 3      34  60
 4  88  59  74   2   0   9    T    M    M  7.3 30  70   M    M   4 3      37  70
 5  93  53  73   1   0   8 0.00    M    M  6.2 16 360   M    M   0        28  20
 6  95  53  74   3   0   9    T    M    M  6.4 28 140   M    M   1 3      43  80
 7  87  59  73   2   0   8 0.00    M    M  4.5 16 210   M    M   3        20 190
 8  91  54  73   2   0   8 0.00    M    M  4.1 16 270   M    M   1        23 270
 9  86  54  70  -1   0   5 0.04    M    M  5.4 20 200   M    M   5        29 280
10  88  50  69  -2   0   4 0.00    M    M  5.7 16 210   M    M   0        20 210
11  84  63  74   3   0   9 0.01    M    M  5.1 17 180   M    M   6        22 140
12  88  54  71   1   0   6 0.00    M    M  6.5 18 290   M    M   1        25 320
13  91  46  69  -1   0   4 0.00    M    M  6.1 18 290   M    M   0        25 280
14  94  48  71   1   0   6 0.00    M    M  6.9 22 240   M    M   0        35 290
15  95  46  71   1   0   6 0.00    M    M  4.7 20 270   M    M   0        27 260
16  93  48  71   1   0   6 0.00    M    M  6.2 22 280   M    M   0        35 290
17  91  45  68  -2   0   3 0.00    M    M  6.3 18 210   M    M   0        28 240
18  91  43  67  -2   0   2 0.00    M    M  5.2 17 300   M    M   0        24 290
19  93  45  69   0   0   4 0.00    M    M  6.6 17 290   M    M   0        26 290
20  95  47  71   2   0   6 0.00    M    M  6.3 20 300   M    M   0        26 270
21  92  52  72   4   0   7    T    M    M  6.0 23 150   M    M   0 38     34 160
================================================================================
SM 1904 1092         0 136  0.63    M    121.7          M       26
================================================================================
AV 90.7 52.0                               5.8 FASTST   M    M   1    MAX(MPH)
                                 MISC ---->  # 30  70               # 43   80
================================================================================
NOTES:
# LAST OF SEVERAL OCCURRENCES

COLUMN 17 PEAK WIND IN M.P.H.

PRELIMINARY LOCAL CLIMATOLOGICAL DATA (WS FORM: F-6) , PAGE 2

                                          STATION:  CORTEZ CO
                                          MONTH:    AUGUST
                                          YEAR:     2019
                                          LATITUDE:   37 17 N
                                          LONGITUDE: 108 38 W

[TEMPERATURE DATA]      [PRECIPITATION DATA]       SYMBOLS USED IN COLUMN 16

AVERAGE MONTHLY: 71.3   TOTAL FOR MONTH:   0.63    1 = FOG OR MIST
DPTR FM NORMAL:   0.8   DPTR FM NORMAL:   -0.40    2 = FOG REDUCING VISIBILITY
HIGHEST:    95 ON 20,15 GRTST 24HR  0.58 ON  1- 1      TO 1/4 MILE OR LESS
LOWEST:     43 ON 18                               3 = THUNDER
                        SNOW, ICE PELLETS, HAIL    4 = ICE PELLETS
                        TOTAL MONTH:    M          5 = HAIL
                        GRTST 24HR    M  ON   M    6 = FREEZING RAIN OR DRIZZLE
                        GRTST DEPTH:  M  ON   M    7 = DUSTSTORM OR SANDSTORM:
                                                       VSBY 1/2 MILE OR LESS
                                                   8 = SMOKE OR HAZE
[NO. OF DAYS WITH]      [WEATHER - DAYS WITH]      9 = BLOWING SNOW
                                                   X = TORNADO
MAX 32 OR BELOW:   0    0.01 INCH OR MORE:   3
MAX 90 OR ABOVE:  14    0.10 INCH OR MORE:   1
MIN 32 OR BELOW:   0    0.50 INCH OR MORE:   1
MIN  0 OR BELOW:   0    1.00 INCH OR MORE:   0

[HDD (BASE 65) ]
TOTAL THIS MO.     0    CLEAR  (SCALE 0-3)  17
DPTR FM NORMAL     0    PTCLDY (SCALE 4-7)   4
TOTAL FM JUL 1     0    CLOUDY (SCALE 8-10)  0
DPTR FM NORMAL    -3

[CDD (BASE 65) ]
TOTAL THIS MO.   136
DPTR FM NORMAL    18    [PRESSURE DATA]
TOTAL FM JAN 1   423    HIGHEST SLP M ON M
DPTR FM NORMAL    41    LOWEST  SLP 29.69 ON 17

[REMARKS]
