000
CXUS55 KGJT 191000
CF6CEZ
PRELIMINARY LOCAL CLIMATOLOGICAL DATA (WS FORM: F-6)

                                          STATION:   CORTEZ CO
                                          MONTH:     APRIL
                                          YEAR:      2019
                                          LATITUDE:   37 17 N
                                          LONGITUDE: 108 38 W

  TEMPERATURE IN F:       :PCPN:    SNOW:  WIND      :SUNSHINE: SKY     :PK WND
================================================================================
1   2   3   4   5  6A  6B    7    8   9   10  11  12  13   14  15   16   17  18
                                     12Z  AVG MX 2MIN
DY MAX MIN AVG DEP HDD CDD  WTR  SNW DPTH SPD SPD DIR MIN PSBL S-S WX    SPD DR
================================================================================

 1  55  23  39  -4  26   0 0.00    M    M  3.7 12 280   M    M   0        18 290
 2  59  30  45   2  20   0 0.00    M    M  4.0 21 180   M    M   5        36 220
 3  57  31  44   0  21   0    T    M    M  6.6 23 340   M    M   7        32 340
 4  63  26  45   1  20   0 0.00    M    M  4.2 15 230   M    M   0        24 230
 5  66  30  48   4  17   0 0.00    M    M  7.2 22 210   M    M   1        28 210
 6  63  31  47   3  18   0    T    M    M  6.9 18 290   M    M   4        26 290
 7  67  29  48   3  17   0 0.00    M    M  5.4 17 280   M    M   0        21 290
 8  72  30  51   6  14   0 0.00    M    M  5.5 14 290   M    M   0        21 270
 9  74  35  55  10  10   0 0.00    M    M 10.1 30 210   M    M   1 8      45 210
10  59  32  46   0  19   0 0.65    M    M  9.2 29 290   M    M   7 123    41 290
11  48  29  39  -7  26   0    T    M    M  9.1 22 300   M    M   5        29 310
12  53  24  39  -7  26   0 0.00    M    M  3.2 13 350   M    M   1        18 170
13  57  27  42  -4  23   0 0.00    M    M  8.1 22 310   M    M   3        38 320
14  66  24  45  -1  20   0 0.00    M    M  6.5 20 210   M    M   0        28 290
15  67  33  50   3  15   0 0.00    M    M  6.5 21 210   M    M   0        29 220
16  63  43  53   6  12   0    T    M    M  8.2 22 190   M    M   5        34 230
17  67  36  52   5  13   0 0.00    M    M 10.3 25 310   M    M   3        38 300
18  70  32  51   3  14   0 0.00    M    M  9.1 22 340   M    M   0        32 360
================================================================================
SM 1126  545       331   0  0.65    M    123.8          M       42
================================================================================
AV 62.6 30.3                               6.9 FASTST   M    M   2    MAX(MPH)
                                 MISC ---->  # 30 210               # 45  210
================================================================================
NOTES:
# LAST OF SEVERAL OCCURRENCES

COLUMN 17 PEAK WIND IN M.P.H.

PRELIMINARY LOCAL CLIMATOLOGICAL DATA (WS FORM: F-6) , PAGE 2

                                          STATION:  CORTEZ CO
                                          MONTH:    APRIL
                                          YEAR:     2019
                                          LATITUDE:   37 17 N
                                          LONGITUDE: 108 38 W

[TEMPERATURE DATA]      [PRECIPITATION DATA]       SYMBOLS USED IN COLUMN 16

AVERAGE MONTHLY: 46.4   TOTAL FOR MONTH:   0.65    1 = FOG OR MIST
DPTR FM NORMAL:   1.1   DPTR FM NORMAL:   -0.07    2 = FOG REDUCING VISIBILITY
HIGHEST:    74 ON  9    GRTST 24HR  0.65 ON 10-10      TO 1/4 MILE OR LESS
LOWEST:     23 ON  1                               3 = THUNDER
                        SNOW, ICE PELLETS, HAIL    4 = ICE PELLETS
                        TOTAL MONTH:    M          5 = HAIL
                        GRTST 24HR    M  ON   M    6 = FREEZING RAIN OR DRIZZLE
                        GRTST DEPTH:  M  ON   M    7 = DUSTSTORM OR SANDSTORM:
                                                       VSBY 1/2 MILE OR LESS
                                                   8 = SMOKE OR HAZE
[NO. OF DAYS WITH]      [WEATHER - DAYS WITH]      9 = BLOWING SNOW
                                                   X = TORNADO
MAX 32 OR BELOW:   0    0.01 INCH OR MORE:   1
MAX 90 OR ABOVE:   0    0.10 INCH OR MORE:   1
MIN 32 OR BELOW:  14    0.50 INCH OR MORE:   1
MIN  0 OR BELOW:   0    1.00 INCH OR MORE:   0

[HDD (BASE 65) ]
TOTAL THIS MO.   331    CLEAR  (SCALE 0-3)  11
DPTR FM NORMAL   -23    PTCLDY (SCALE 4-7)   7
TOTAL FM JUL 1  5858    CLOUDY (SCALE 8-10)  0
DPTR FM NORMAL   -26

[CDD (BASE 65) ]
TOTAL THIS MO.     0
DPTR FM NORMAL     0    [PRESSURE DATA]
TOTAL FM JAN 1     0    HIGHEST SLP M ON M
DPTR FM NORMAL     0    LOWEST  SLP 29.18 ON 10

[REMARKS]
