000
CXUS55 KPAH 170644
CF6CGI
PRELIMINARY LOCAL CLIMATOLOGICAL DATA (WS FORM: F-6)

                                          STATION:   CAPE GIRARDEAU MO
                                          MONTH:     FEBRUARY
                                          YEAR:      2019
                                          LATITUDE:   37 13 N
                                          LONGITUDE:  89 35 W

  TEMPERATURE IN F:       :PCPN:    SNOW:  WIND      :SUNSHINE: SKY     :PK WND
================================================================================
1   2   3   4   5  6A  6B    7    8   9   10  11  12  13   14  15   16   17  18
                                     12Z  AVG MX 2MIN
DY MAX MIN AVG DEP HDD CDD  WTR  SNW DPTH SPD SPD DIR MIN PSBL S-S WX    SPD DR
================================================================================

 1  53  30  42   8  23   0 0.03    M    M  2.3  8 150   M    M   4 18     10 160
 2  59  33  46  11  19   0 0.00  0.0    0  2.8 13 200   M    M   7 128    16 190
 3  67  32  50  15  15   0 0.00    M    M  7.2 18 200   M    M   4 128    25 210
 4  65  48  57  22   8   0    T    M    M 12.2 20 190   M    M   9 1      28 210
 5  48  38  43   8  22   0 0.11    M    M  6.3 20  20   M    M  10 1238   24  20
 6  59  47  53  17  12   0 1.76    M    M  5.0 22 290   M    M  10 123    31 280
 7  67  23  45   9  20   0 1.17    M    M 15.6 44 250   M    M   8 13     58 250
 8  30  18  24 -12  41   0 0.00    M    M 11.1 23 300   M    M   0        29 300
 9  36  18  27  -9  38   0 0.00    M    M 10.0 20  50   M    M   1        26  40
10  41  31  36   0  29   0 0.54    M    M  4.7 10 190   M    M  10 1      14 200
11  57  39  48  11  17   0 1.26    M    M  6.9 21 220   M    M  10 1      28 210
12  53  32  43   6  22   0 0.24    M    M 13.2 30 310   M    M   6 1      40 300
13  48  31  40   3  25   0 0.00    M    M  9.3 22 190   M    M   0        32 190
14  54  43  49  11  16   0 0.00    M    0 15.6 28 200   M    M   4 1      40 180
15  48  24  36  -2  29   0 0.69    M    M 12.9 20 360   M    M   7 16     28 350
16  33  24  29  -9  36   0 0.01    M    0  8.7 18 360   M    M   6 6      23 360
================================================================================
SM  818  511       372   0  5.81     0.0 143.8          M       96
================================================================================
AV 51.1 31.9                               9.0 FASTST   M    M   6    MAX(MPH)
                                 MISC ---->  # 44 250               # 58  250
================================================================================
NOTES:
# LAST OF SEVERAL OCCURRENCES

COLUMN 17 PEAK WIND IN M.P.H.

PRELIMINARY LOCAL CLIMATOLOGICAL DATA (WS FORM: F-6) , PAGE 2

                                          STATION:  CAPE GIRARDEAU MO
                                          MONTH:    FEBRUARY
                                          YEAR:     2019
                                          LATITUDE:   37 13 N
                                          LONGITUDE:  89 35 W

[TEMPERATURE DATA]      [PRECIPITATION DATA]       SYMBOLS USED IN COLUMN 16

AVERAGE MONTHLY: 41.5   TOTAL FOR MONTH:   5.81    1 = FOG OR MIST
DPTR FM NORMAL:   5.3   DPTR FM NORMAL:    3.83    2 = FOG REDUCING VISIBILITY
HIGHEST:    67 ON  7, 3 GRTST 24HR  1.76 ON  6- 6      TO 1/4 MILE OR LESS
LOWEST:     18 ON  9, 8                            3 = THUNDER
                        SNOW, ICE PELLETS, HAIL    4 = ICE PELLETS
                        TOTAL MONTH:   0.0 INCH    5 = HAIL
                        GRTST 24HR     0.0         6 = FREEZING RAIN OR DRIZZLE
                        GRTST DEPTH:   0           7 = DUSTSTORM OR SANDSTORM:
                                                       VSBY 1/2 MILE OR LESS
                                                   8 = SMOKE OR HAZE
[NO. OF DAYS WITH]      [WEATHER - DAYS WITH]      9 = BLOWING SNOW
                                                   X = TORNADO
MAX 32 OR BELOW:   1    0.01 INCH OR MORE:   9
MAX 90 OR ABOVE:   0    0.10 INCH OR MORE:   7
MIN 32 OR BELOW:  10    0.50 INCH OR MORE:   5
MIN  0 OR BELOW:   0    1.00 INCH OR MORE:   3

[HDD (BASE 65) ]
TOTAL THIS MO.   372    CLEAR  (SCALE 0-3)   3
DPTR FM NORMAL   -89    PTCLDY (SCALE 4-7)   7
TOTAL FM JUL 1  3020    CLOUDY (SCALE 8-10)  6
DPTR FM NORMAL  -179

[CDD (BASE 65) ]
TOTAL THIS MO.     0
DPTR FM NORMAL     0    [PRESSURE DATA]
TOTAL FM JAN 1     0    HIGHEST SLP M ON M
DPTR FM NORMAL     0    LOWEST  SLP 29.62 ON 12

[REMARKS]
