000
CXUS55 KPAH 220645
CF6CGI
PRELIMINARY LOCAL CLIMATOLOGICAL DATA (WS FORM: F-6)

                                          STATION:   CAPE GIRARDEAU MO
                                          MONTH:     AUGUST
                                          YEAR:      2019
                                          LATITUDE:   37 13 N
                                          LONGITUDE:  89 35 W

  TEMPERATURE IN F:       :PCPN:    SNOW:  WIND      :SUNSHINE: SKY     :PK WND
================================================================================
1   2   3   4   5  6A  6B    7    8   9   10  11  12  13   14  15   16   17  18
                                     12Z  AVG MX 2MIN
DY MAX MIN AVG DEP HDD CDD  WTR  SNW DPTH SPD SPD DIR MIN PSBL S-S WX    SPD DR
================================================================================

 1  86  66  76  -2   0  11 0.00    M    M  5.4 14  20   M    M   1        24 340
 2  88  61  75  -3   0  10 0.00    M    M  3.6  9  70   M    M   0 1      19  50
 3  91  68  80   2   0  15 0.00    M    M  4.6 21  90   M    M   2 1      27  90
 4  90  70  80   2   0  15 0.00    M    M  4.9 13  30   M    M   1        18  30
 5  91  66  79   1   0  14 0.00    M    M  2.7  8 290   M    M   1 1      11 290
 6  93  70  82   4   0  17 0.57    M    M  4.8 23  70   M    M   2 138    33  70
 7  86  68  77  -1   0  12 0.00    M    M  2.2  8 220   M    M   1 12     10 360
 8  86  66  76  -2   0  11 0.00    M    M  3.0 12 250   M    M   4 12     15 250
 9  85  70  78   0   0  13 0.00    M    M  3.5 14 220   M    M   3 1      17 200
10  91  69  80   2   0  15 0.00    M    M  2.9 10  50   M    M   1 12     14  50
11  88  69  79   1   0  14 0.00    M    M  3.5  9 240   M    M   1        12 250
12  93  77  85   7   0  20    T    M    M  5.9 15 210   M    M   4 1      21 220
13  95  73  84   6   0  19 0.00    M    M  6.4 15 260   M    M   1 138    23 270
14  93  67  80   2   0  15 0.00    M    M  3.2 13 330   M    M   1 12     16 340
15  88  64  76  -2   0  11 0.00    M    M  4.3 10 330   M    M   0        16 330
16  88  66  77   0   0  12    T    M    M  4.3 15 190   M    M   1        21 190
17  92  71  82   5   0  17 0.00    M    M  4.7 16 200   M    M   0 1      21 210
18  93  71  82   5   0  17    T    M    M  6.1 17 220   M    M   1 3      26 190
19  93  69  81   4   0  16 0.00    M    M  3.9 10 240   M    M   0        14 180
20  94  70  82   5   0  17 0.19    M    M  5.5 33 360   M    M   1 138    43 360
21  92  68  80   3   0  15 0.10    M    M  5.4 28 290   M    M   2 13     37 290
================================================================================
SM 1896 1439         0 306  0.86    M     90.8          M       28
================================================================================
AV 90.3 68.5                               4.3 FASTST   M    M   1    MAX(MPH)
                                 MISC ---->  # 33 360               # 43  360
================================================================================
NOTES:
# LAST OF SEVERAL OCCURRENCES

COLUMN 17 PEAK WIND IN M.P.H.

PRELIMINARY LOCAL CLIMATOLOGICAL DATA (WS FORM: F-6) , PAGE 2

                                          STATION:  CAPE GIRARDEAU MO
                                          MONTH:    AUGUST
                                          YEAR:     2019
                                          LATITUDE:   37 13 N
                                          LONGITUDE:  89 35 W

[TEMPERATURE DATA]      [PRECIPITATION DATA]       SYMBOLS USED IN COLUMN 16

AVERAGE MONTHLY: 79.4   TOTAL FOR MONTH:   0.86    1 = FOG OR MIST
DPTR FM NORMAL:   1.7   DPTR FM NORMAL:   -1.15    2 = FOG REDUCING VISIBILITY
HIGHEST:    95 ON 13    GRTST 24HR  0.57 ON  6- 6      TO 1/4 MILE OR LESS
LOWEST:     61 ON  2                               3 = THUNDER
                        SNOW, ICE PELLETS, HAIL    4 = ICE PELLETS
                        TOTAL MONTH:    M          5 = HAIL
                        GRTST 24HR    M  ON   M    6 = FREEZING RAIN OR DRIZZLE
                        GRTST DEPTH:  M  ON   M    7 = DUSTSTORM OR SANDSTORM:
                                                       VSBY 1/2 MILE OR LESS
                                                   8 = SMOKE OR HAZE
[NO. OF DAYS WITH]      [WEATHER - DAYS WITH]      9 = BLOWING SNOW
                                                   X = TORNADO
MAX 32 OR BELOW:   0    0.01 INCH OR MORE:   3
MAX 90 OR ABOVE:  13    0.10 INCH OR MORE:   3
MIN 32 OR BELOW:   0    0.50 INCH OR MORE:   1
MIN  0 OR BELOW:   0    1.00 INCH OR MORE:   0

[HDD (BASE 65) ]
TOTAL THIS MO.     0    CLEAR  (SCALE 0-3)  18
DPTR FM NORMAL     0    PTCLDY (SCALE 4-7)   3
TOTAL FM JUL 1     0    CLOUDY (SCALE 8-10)  0
DPTR FM NORMAL     0

[CDD (BASE 65) ]
TOTAL THIS MO.   306
DPTR FM NORMAL    39    [PRESSURE DATA]
TOTAL FM JAN 1  1274    HIGHEST SLP M ON M
DPTR FM NORMAL   121    LOWEST  SLP 29.78 ON  6

[REMARKS]
