176
CXUS51 KRLX 241154
CF6CKB
PRELIMINARY LOCAL CLIMATOLOGICAL DATA (WS FORM: F-6)

                                          STATION:   CLARKSBURG WV
                                          MONTH:     AUGUST
                                          YEAR:      2019
                                          LATITUDE:   39 16 N
                                          LONGITUDE:  80 14 W

  TEMPERATURE IN F:       :PCPN:    SNOW:  WIND      :SUNSHINE: SKY     :PK WND
================================================================================
1   2   3   4   5  6A  6B    7    8   9   10  11  12  13   14  15   16   17  18
                                     12Z  AVG MX 2MIN
DY MAX MIN AVG DEP HDD CDD  WTR  SNW DPTH SPD SPD DIR MIN PSBL S-S WX    SPD DR
================================================================================

 1  88  63  76   3   0  11 0.00    M    M  3.2 10  20   M    M   2 12     15  10
 2  91  65  78   5   0  13 0.58    M    M  2.9 18  10   M    M   2 138    24 110
 3  88  63  76   3   0  11 0.00    M    M  1.8  9 350   M    M   4 1      11 340
 4  87  63  75   2   0  10 0.00    M    M  2.3 10 300   M    M   3 12     14 360
 5  90  61  76   3   0  11 0.00    M    M  1.2  9 330   M    M   1 18     12 330
 6  89  64  77   4   0  12 0.18    M    M  4.1 18 270   M    M   2 138    33 250
 7  84  68  76   4   0  11 1.12    M    M  4.7 14 240   M    M   6 138    18 250
 8  85  66  76   4   0  11 0.09    M    M  6.3 17 350   M    M   3 13     26 280
 9  83  59  71  -1   0   6 0.17    M    M  5.7 17 290   M    M   5        24 280
10  83  55  69  -3   0   4 0.00    M    M  2.3 14 300   M    M   1 1      18 260
11  83  53  68  -4   0   3 0.00    M    M  1.8 10  50   M    M   0 12     15  50
12  89  57  73   1   0   8    T    M    M  2.3 12 220   M    M   1 12     16 170
13  86  72  79   7   0  14 0.35    M    M  4.8 18 210   M    M   9 138    26 220
14  87  68  78   6   0  13 0.00    M    M  3.2  9 360   M    M   6 18     13 340
15  89  65  77   5   0  12 0.00    M    M  3.2 12 290   M    M   4 128    16 250
16  87  64  76   4   0  11 0.00    M    M  2.5 10 240   M    M   1 18     15 240
17  90  63  77   5   0  12 0.00    M    M  2.7 13 250   M    M   1 18     16 250
18  93  66  80   8   0  15 0.00    M    M  2.5 10 310   M    M   1 18     14 220
19  92  71  82  10   0  17 0.00    M    M  3.9 13 330   M    M   1 3      18 320
20  92  69  81   9   0  16 0.45    M    M  2.8 26 250   M    M   0 138    41 240
21  87  71  79   7   0  14 0.12    M    M  6.2 17 260   M    M   4 13     24 270
22  88  65  77   5   0  12    T    M    M  4.0 16 260   M    M   4 1      23 250
23  74  57  66  -5   0   1 0.83    M    M  4.9 17  30   M    M   6 1      22  10
================================================================================
SM 2005 1468         0 248  3.89    M     79.3          M       67
================================================================================
AV 87.2 63.8                               3.4 FASTST   M    M   3    MAX(MPH)
                                 MISC ---->  # 26 250               # 41  240
================================================================================
NOTES:
# LAST OF SEVERAL OCCURRENCES

COLUMN 17 PEAK WIND IN M.P.H.

PRELIMINARY LOCAL CLIMATOLOGICAL DATA (WS FORM: F-6) , PAGE 2

                                          STATION:  CLARKSBURG WV
                                          MONTH:    AUGUST
                                          YEAR:     2019
                                          LATITUDE:   39 16 N
                                          LONGITUDE:  80 14 W

[TEMPERATURE DATA]      [PRECIPITATION DATA]       SYMBOLS USED IN COLUMN 16

AVERAGE MONTHLY: 75.5   TOTAL FOR MONTH:   3.89    1 = FOG OR MIST
DPTR FM NORMAL:   3.3   DPTR FM NORMAL:    1.06    2 = FOG REDUCING VISIBILITY
HIGHEST:    93 ON 18    GRTST 24HR  1.12 ON  7- 7      TO 1/4 MILE OR LESS
LOWEST:     53 ON 11                               3 = THUNDER
                        SNOW, ICE PELLETS, HAIL    4 = ICE PELLETS
                        TOTAL MONTH:    M          5 = HAIL
                        GRTST 24HR    M  ON   M    6 = FREEZING RAIN OR DRIZZLE
                        GRTST DEPTH:  M  ON   M    7 = DUSTSTORM OR SANDSTORM:
                                                       VSBY 1/2 MILE OR LESS
                                                   8 = SMOKE OR HAZE
[NO. OF DAYS WITH]      [WEATHER - DAYS WITH]      9 = BLOWING SNOW
                                                   X = TORNADO
MAX 32 OR BELOW:   0    0.01 INCH OR MORE:   9
MAX 90 OR ABOVE:   6    0.10 INCH OR MORE:   8
MIN 32 OR BELOW:   0    0.50 INCH OR MORE:   3
MIN  0 OR BELOW:   0    1.00 INCH OR MORE:   1

[HDD (BASE 65) ]
TOTAL THIS MO.     0    CLEAR  (SCALE 0-3)  14
DPTR FM NORMAL     0    PTCLDY (SCALE 4-7)   8
TOTAL FM JUL 1     0    CLOUDY (SCALE 8-10)  1
DPTR FM NORMAL    -2

[CDD (BASE 65) ]
TOTAL THIS MO.   248
DPTR FM NORMAL    76    [PRESSURE DATA]
TOTAL FM JAN 1   999    HIGHEST SLP M ON M
DPTR FM NORMAL   380    LOWEST  SLP 29.78 ON 13

[REMARKS]
