000
CXUS51 KRLX 251131
CF6CKB
PRELIMINARY LOCAL CLIMATOLOGICAL DATA (WS FORM: F-6)

                                          STATION:   CLARKSBURG WV
                                          MONTH:     APRIL
                                          YEAR:      2019
                                          LATITUDE:   39 16 N
                                          LONGITUDE:  80 14 W

  TEMPERATURE IN F:       :PCPN:    SNOW:  WIND      :SUNSHINE: SKY     :PK WND
================================================================================
1   2   3   4   5  6A  6B    7    8   9   10  11  12  13   14  15   16   17  18
                                     12Z  AVG MX 2MIN
DY MAX MIN AVG DEP HDD CDD  WTR  SNW DPTH SPD SPD DIR MIN PSBL S-S WX    SPD DR
================================================================================

 1  46  25  36 -12  29   0 0.00    M    M  3.9 12 340   M    M   2        14 330
 2  59  26  43  -5  22   0 0.00    M    M  2.8 14 200   M    M   1        18 190
 3  63  37  50   2  15   0 0.00    M    M  6.9 24 310   M    M   1        31 320
 4  66  38  52   3  13   0    T    M    M  6.0 17  20   M    M   5        22  20
 5  58  51  55   6  10   0 0.02    M    M  4.8 14 140   M    M   9 1      20 140
 6  71  49  60  11   5   0 0.00    M    M  2.0 10  10   M    M   6 1      13 360
 7  80  45  63  13   2   0 0.16    M    M  4.5 17 230   M    M   4 1      26 230
 8  72  59  66  16   0   1 0.43    M    M  6.7 16 230   M    M   9 1      21 220
 9  74  56  65  15   0   0 0.00    M    M  9.0 22 310   M    M   5        29 300
10  68  41  55   4  10   0 0.00    M    M  5.8 16 320   M    M   0        24 330
11  85  47  66  15   0   1 0.00    M    M  8.3 20 180   M    M   0 8      26 160
12  80  61  71  19   0   6 0.27    M    M 10.0 25 260   M    M   4 3      40 270
13  75  54  65  13   0   0 0.00    M    M  3.8 10 250   M    M   3        14 240
14  79  54  67  15   0   2 1.05    M    M  9.5 28 270   M    M   6 13     40 280
15  61  37  49  -4  16   0 0.05    M    M 12.4 25 280   M    M   8        39 280
16  71  35  53   0  12   0 0.01    M    M  6.5 18 220   M    M   2        23 230
17  80  54  67  14   0   2 0.00    M    M  5.1 16 210   M    M   1        19 210
18  86  58  72  18   0   7    T    M    M  6.6 22 220   M    M   3 3      28 200
19  73  59  66  12   0   1 0.59    M    M  6.3 18 210   M    M   7 1      30 210
20  68  47  58   4   7   0 0.80    M    M  8.1 30 190   M    M   6 138    37 190
21  54  46  50  -4  15   0 0.01    M    M  4.9 12 230   M    M  10        16 210
22  71  40  56   1   9   0 0.00    M    M  1.3  8 300   M    M   3 12     10 300
23  83  46  65  10   0   0 0.01    M    M  8.7 24 250   M    M   2 3      34 230
24  72  54  63   8   2   0 0.00    M    M  4.9 14 300   M    M   5        20 290
================================================================================
SM 1695 1119       167  20  3.40    M    148.8          M      102
================================================================================
AV 70.6 46.6                               6.2 FASTST   M    M   4    MAX(MPH)
                                 MISC ---->  # 30 190               # 40  270
================================================================================
NOTES:
# LAST OF SEVERAL OCCURRENCES

COLUMN 17 PEAK WIND IN M.P.H.

PRELIMINARY LOCAL CLIMATOLOGICAL DATA (WS FORM: F-6) , PAGE 2

                                          STATION:  CLARKSBURG WV
                                          MONTH:    APRIL
                                          YEAR:     2019
                                          LATITUDE:   39 16 N
                                          LONGITUDE:  80 14 W

[TEMPERATURE DATA]      [PRECIPITATION DATA]       SYMBOLS USED IN COLUMN 16

AVERAGE MONTHLY: 58.6   TOTAL FOR MONTH:   3.40    1 = FOG OR MIST
DPTR FM NORMAL:   7.0   DPTR FM NORMAL:    0.52    2 = FOG REDUCING VISIBILITY
HIGHEST:    86 ON 18    GRTST 24HR  1.05 ON 14-14      TO 1/4 MILE OR LESS
LOWEST:     25 ON  1                               3 = THUNDER
                        SNOW, ICE PELLETS, HAIL    4 = ICE PELLETS
                        TOTAL MONTH:    M          5 = HAIL
                        GRTST 24HR    M  ON   M    6 = FREEZING RAIN OR DRIZZLE
                        GRTST DEPTH:  M  ON   M    7 = DUSTSTORM OR SANDSTORM:
                                                       VSBY 1/2 MILE OR LESS
                                                   8 = SMOKE OR HAZE
[NO. OF DAYS WITH]      [WEATHER - DAYS WITH]      9 = BLOWING SNOW
                                                   X = TORNADO
MAX 32 OR BELOW:   0    0.01 INCH OR MORE:  11
MAX 90 OR ABOVE:   0    0.10 INCH OR MORE:   6
MIN 32 OR BELOW:   2    0.50 INCH OR MORE:   3
MIN  0 OR BELOW:   0    1.00 INCH OR MORE:   1

[HDD (BASE 65) ]
TOTAL THIS MO.   167    CLEAR  (SCALE 0-3)  10
DPTR FM NORMAL  -159    PTCLDY (SCALE 4-7)  10
TOTAL FM JUL 1  4270    CLOUDY (SCALE 8-10)  4
DPTR FM NORMAL  -738

[CDD (BASE 65) ]
TOTAL THIS MO.    20
DPTR FM NORMAL    20    [PRESSURE DATA]
TOTAL FM JAN 1    21    HIGHEST SLP M ON M
DPTR FM NORMAL    20    LOWEST  SLP 29.29 ON 14

[REMARKS]
