000
CXUS55 KOHX 181010
CF6CKV
PRELIMINARY LOCAL CLIMATOLOGICAL DATA (WS FORM: F-6)

                                          STATION:   CLARKSVILLE
                                          MONTH:     AUGUST
                                          YEAR:      2019
                                          LATITUDE:   36 37 N
                                          LONGITUDE:  87 25 W

  TEMPERATURE IN F:       :PCPN:    SNOW:  WIND      :SUNSHINE: SKY     :PK WND
================================================================================
1   2   3   4   5  6A  6B    7    8   9   10  11  12  13   14  15   16   17  18
                                     12Z  AVG MX 2MIN
DY MAX MIN AVG DEP HDD CDD  WTR  SNW DPTH SPD SPD DIR MIN PSBL S-S WX    SPD DR
================================================================================

 1  87  67  77  -1   0  12 0.00    M    M  5.8 15 330   M    M   2        17 320
 2  90  65  78   0   0  13 0.00    M    M  4.9 12  20   M    M   2        15  20
 3  90  67  79   1   0  14 0.64    M    M  3.0 12 130   M    M   1 13     15  70
 4  88  66  77  -1   0  12 0.21    M    M  2.6 23  30   M    M   1 13     30  20
 5  90  63  77  -1   0  12 0.00  0.0    0  1.8  7 360   M    M   3 12      9 360
 6  90  66  78   0   0  13 0.58  0.0    0  4.9 32  10   M    M   1 13     40  10
 7  87  65  76  -2   0  11 0.00    M    M  5.3 15 340   M    M   2 1      18 330
 8  86  70  78   0   0  13 0.00  0.0    0  2.3  9 260   M    M   5 12     12 270
 9  86  73  80   2   0  15 0.31  0.0    0  3.2 17 290   M    M   5 138    25 260
10  90  70  80   2   0  15    T    M    M  3.4 12  10   M    M   2 1      16 330
11  90  64  77  -1   0  12 0.00    M    M  1.9  9 340   M    M   0 1      12 350
12  92  66  79   1   0  14 0.00  0.0    0  3.8 13 210   M    M   2 12     16 190
13  93  77  85   7   0  20 0.00  0.0    0  6.9 18 320   M    M   3 13     24 320
14  89  70  80   2   0  15 0.00  0.0    0  5.8 16 340   M    M   1        20 350
15  86  65  76  -2   0  11 0.00  0.0    0  5.1 15 340   M    M   1        20 320
16  88  61  75  -2   0  10 0.00  0.0    0  3.1 10 200   M    M   0 1      12 190
17  95  69  82   5   0  17 0.00  0.0    0  3.6  9 120   M    M   0 1      12 240
================================================================================
SM 1517 1144         0 229  1.74     0.0  67.4          M       31
================================================================================
AV 89.2 67.3                               4.0 FASTST   M    M   2    MAX(MPH)
                                 MISC ---->  # 32  10               # 40   10
================================================================================
NOTES:
# LAST OF SEVERAL OCCURRENCES

COLUMN 17 PEAK WIND IN M.P.H.

PRELIMINARY LOCAL CLIMATOLOGICAL DATA (WS FORM: F-6) , PAGE 2

                                          STATION:  CLARKSVILLE
                                          MONTH:    AUGUST
                                          YEAR:     2019
                                          LATITUDE:   36 37 N
                                          LONGITUDE:  87 25 W

[TEMPERATURE DATA]      [PRECIPITATION DATA]       SYMBOLS USED IN COLUMN 16

AVERAGE MONTHLY: 78.3   TOTAL FOR MONTH:   1.74    1 = FOG OR MIST
DPTR FM NORMAL:   0.4   DPTR FM NORMAL:    0.05    2 = FOG REDUCING VISIBILITY
HIGHEST:    95 ON 17    GRTST 24HR  0.64 ON  3- 3      TO 1/4 MILE OR LESS
LOWEST:     61 ON 16                               3 = THUNDER
                        SNOW, ICE PELLETS, HAIL    4 = ICE PELLETS
                        TOTAL MONTH:   0.0 INCH    5 = HAIL
                        GRTST 24HR     0.0         6 = FREEZING RAIN OR DRIZZLE
                        GRTST DEPTH:   0           7 = DUSTSTORM OR SANDSTORM:
                                                       VSBY 1/2 MILE OR LESS
                                                   8 = SMOKE OR HAZE
[NO. OF DAYS WITH]      [WEATHER - DAYS WITH]      9 = BLOWING SNOW
                                                   X = TORNADO
MAX 32 OR BELOW:   0    0.01 INCH OR MORE:   4
MAX 90 OR ABOVE:   9    0.10 INCH OR MORE:   4
MIN 32 OR BELOW:   0    0.50 INCH OR MORE:   2
MIN  0 OR BELOW:   0    1.00 INCH OR MORE:   0

[HDD (BASE 65) ]
TOTAL THIS MO.     0    CLEAR  (SCALE 0-3)  15
DPTR FM NORMAL     0    PTCLDY (SCALE 4-7)   2
TOTAL FM JUL 1     0    CLOUDY (SCALE 8-10)  0
DPTR FM NORMAL     0

[CDD (BASE 65) ]
TOTAL THIS MO.   229
DPTR FM NORMAL    10    [PRESSURE DATA]
TOTAL FM JAN 1  1186    HIGHEST SLP M ON M
DPTR FM NORMAL   124    LOWEST  SLP 29.84 ON 13

[REMARKS]
