000
CXUS55 KOHX 221010
CF6CKV
PRELIMINARY LOCAL CLIMATOLOGICAL DATA (WS FORM: F-6)

                                          STATION:   CLARKSVILLE
                                          MONTH:     FEBRUARY
                                          YEAR:      2019
                                          LATITUDE:   36 37 N
                                          LONGITUDE:  87 25 W

  TEMPERATURE IN F:       :PCPN:    SNOW:  WIND      :SUNSHINE: SKY     :PK WND
================================================================================
1   2   3   4   5  6A  6B    7    8   9   10  11  12  13   14  15   16   17  18
                                     12Z  AVG MX 2MIN
DY MAX MIN AVG DEP HDD CDD  WTR  SNW DPTH SPD SPD DIR MIN PSBL S-S WX    SPD DR
================================================================================

 1  52  36  44   8  21   0 0.01    M    M  4.6 15 270   M    M   9 1      20 250
 2  64  35  50  14  15   0    T    M    M  3.7 12 240   M    M   7 1      15 260
 3  70  40  55  18  10   0 0.00    M    M  6.2 16 190   M    M   1        20 210
 4  62  52  57  20   8   0 0.04    M    M  7.5 18 190   M    M   9        22 190
 5  71  58  65  28   0   0 0.08    M    M  5.9 15 200   M    M   8 1      18 200
 6  68  58  63  26   2   0 1.57    M    M  7.8 21 340   M    M  10 13     25 210
 7  72  34  53  16  12   0 0.71    M    M 15.7 32 200   M    M  10 1      43 200
 8  34  21  28 -10  37   0 0.00    M    M  9.2 21 320   M    M   1        27 330
 9  39  19  29  -9  36   0 0.00    M    M  7.1 15  70   M    M   0        18  80
10  45  34  40   2  25   0 1.02    M    M  7.0 13 180   M    M  10 1      17 170
11  59  45  52  14  13   0 1.42    M    M  7.5 15 140   M    M  10 1      19 170
12  59  36  48   9  17   0 0.99    M    M 12.4 35 270   M    M   7 1      44 270
13  51  32  42   3  23   0 0.00    M    M  9.6 17 270   M    M   0        22 250
14  61  37  49  10  16   0 0.00  0.0    0 17.4 31 190   M    M   3        41 180
15  54  33  44   5  21   0 0.61    M    0  7.9 18 330   M    M   8 18     22 340
16  38  28  33  -7  32   0 0.04    M    0  6.6 17  10   M    M   7 16     21  10
17  46  37  42   2  23   0 0.35    M    0  7.5 15 310   M    M  10 1      22 250
18  41  29  35  -5  30   0 0.00  0.0    0  6.9 15 320   M    M   5        19 320
19  39  28  34  -7  31   0 0.42    M    0 11.0 18 110   M    M   4 13     24  80
20  57  38  48   7  17   0 0.96    M    0  9.7 22 190   M    M  10 13     28 190
21  51  37  44   3  21   0 0.06    M    0  4.2 13 360   M    M   6 12     20  60
================================================================================
SM 1133  767       410   0  8.28     0.0 175.4          M      135
================================================================================
AV 54.0 36.5                               8.4 FASTST   M    M   6    MAX(MPH)
                                 MISC ---->  # 35 270               # 44  270
================================================================================
NOTES:
# LAST OF SEVERAL OCCURRENCES

COLUMN 17 PEAK WIND IN M.P.H.

PRELIMINARY LOCAL CLIMATOLOGICAL DATA (WS FORM: F-6) , PAGE 2

                                          STATION:  CLARKSVILLE
                                          MONTH:    FEBRUARY
                                          YEAR:     2019
                                          LATITUDE:   36 37 N
                                          LONGITUDE:  87 25 W

[TEMPERATURE DATA]      [PRECIPITATION DATA]       SYMBOLS USED IN COLUMN 16

AVERAGE MONTHLY: 45.2   TOTAL FOR MONTH:   8.28    1 = FOG OR MIST
DPTR FM NORMAL:   6.8   DPTR FM NORMAL:    5.05    2 = FOG REDUCING VISIBILITY
HIGHEST:    72 ON  7    GRTST 24HR  1.57 ON  6- 6      TO 1/4 MILE OR LESS
LOWEST:     19 ON  9                               3 = THUNDER
                        SNOW, ICE PELLETS, HAIL    4 = ICE PELLETS
                        TOTAL MONTH:   0.0 INCH    5 = HAIL
                        GRTST 24HR     0.0         6 = FREEZING RAIN OR DRIZZLE
                        GRTST DEPTH:   0           7 = DUSTSTORM OR SANDSTORM:
                                                       VSBY 1/2 MILE OR LESS
                                                   8 = SMOKE OR HAZE
[NO. OF DAYS WITH]      [WEATHER - DAYS WITH]      9 = BLOWING SNOW
                                                   X = TORNADO
MAX 32 OR BELOW:   0    0.01 INCH OR MORE:  14
MAX 90 OR ABOVE:   0    0.10 INCH OR MORE:   9
MIN 32 OR BELOW:   6    0.50 INCH OR MORE:   7
MIN  0 OR BELOW:   0    1.00 INCH OR MORE:   3

[HDD (BASE 65) ]
TOTAL THIS MO.   410    CLEAR  (SCALE 0-3)   5
DPTR FM NORMAL  -147    PTCLDY (SCALE 4-7)   7
TOTAL FM JUL 1  2820    CLOUDY (SCALE 8-10)  9
DPTR FM NORMAL  -209

[CDD (BASE 65) ]
TOTAL THIS MO.     0
DPTR FM NORMAL     0    [PRESSURE DATA]
TOTAL FM JAN 1     0    HIGHEST SLP  0.00 ON M
DPTR FM NORMAL    -1    LOWEST  SLP 29.73 ON M

[REMARKS]
