000
CXUS54 KOHX 191010
CF6CKV
PRELIMINARY LOCAL CLIMATOLOGICAL DATA (WS FORM: F-6)

                                          STATION:   CLARKSVILLE
                                          MONTH:     APRIL
                                          YEAR:      2019
                                          LATITUDE:   36 37 N
                                          LONGITUDE:  87 25 W

  TEMPERATURE IN F:       :PCPN:    SNOW:  WIND      :SUNSHINE: SKY     :PK WND
================================================================================
1   2   3   4   5  6A  6B    7    8   9   10  11  12  13   14  15   16   17  18
                                     12Z  AVG MX 2MIN
DY MAX MIN AVG DEP HDD CDD  WTR  SNW DPTH SPD SPD DIR MIN PSBL S-S WX    SPD DR
================================================================================

 1  52  27  40 -13  25   0 0.00    M    M  5.0 16 120   M    M   0        21 110
 2  61  34  48  -6  17   0 0.00    M    M  6.5 18 270   M    M   0        25 300
 3  72  37  55   1  10   0 0.00    M    M  5.6 17 200   M    M   0        22 200
 4  67  47  57   3   8   0 0.08    M    M  8.4 26 200   M    M   4 1      32 190
 5  63  52  58   4   7   0 0.00    M    M  3.5 10 270   M    M  10 1      14 250
 6  76  45  61   6   4   0 0.00    M    M  4.8 12 160   M    M   3 128    14  60
 7  69  58  64   9   1   0 0.73    M    M 10.3 26 200   M    M   5 1238   32 200
 8  69  57  63   8   2   0 0.47    M    M  4.3 14 190   M    M   8 128    17 200
 9  79  52  66  10   0   1 0.00    M    M  4.4 15 350   M    M   3 12     19 320
10  82  47  65   9   0   0 0.00    M    M  6.6 15 160   M    M   0        19 190
11  84  61  73  17   0   8 0.00    M    M 15.8 31 190   M    M   2        40 190
12  75  50  63   7   2   0 0.15    M    M  7.6 32 200   M    M   2        42 200
13  61  49  55  -2  10   0 1.14    M    M  7.0 20  70   M    M   7 13     26  70
14  71  38  55  -2  10   0 0.10    M    M 13.7 30 190   M    M   8 18     40 270
15  64  35  50  -7  15   0 0.00    M    M  4.5 13 330   M    M   0        18 340
16  78  43  61   3   4   0 0.00    M    M 10.2 23 210   M    M   0        30 190
17  81  54  68  10   0   3 0.00    M    M  8.8 18 200   M    M   1        23 180
18  72  54  63   5   2   0 1.22    M    M  7.8 14 260   M    M   7 1      18 170
================================================================================
SM 1276  840       117  12  3.89    M    134.8          M       60
================================================================================
AV 70.9 46.7                               7.5 FASTST   M    M   3    MAX(MPH)
                                 MISC ---->  # 32 200               # 42  200
================================================================================
NOTES:
# LAST OF SEVERAL OCCURRENCES

COLUMN 17 PEAK WIND IN M.P.H.

PRELIMINARY LOCAL CLIMATOLOGICAL DATA (WS FORM: F-6) , PAGE 2

                                          STATION:  CLARKSVILLE
                                          MONTH:    APRIL
                                          YEAR:     2019
                                          LATITUDE:   36 37 N
                                          LONGITUDE:  87 25 W

[TEMPERATURE DATA]      [PRECIPITATION DATA]       SYMBOLS USED IN COLUMN 16

AVERAGE MONTHLY: 58.8   TOTAL FOR MONTH:   3.89    1 = FOG OR MIST
DPTR FM NORMAL:   3.1   DPTR FM NORMAL:    1.66    2 = FOG REDUCING VISIBILITY
HIGHEST:    84 ON 11    GRTST 24HR  1.22 ON 18-18      TO 1/4 MILE OR LESS
LOWEST:     27 ON  1                               3 = THUNDER
                        SNOW, ICE PELLETS, HAIL    4 = ICE PELLETS
                        TOTAL MONTH:    M          5 = HAIL
                        GRTST 24HR    M  ON   M    6 = FREEZING RAIN OR DRIZZLE
                        GRTST DEPTH:  M  ON   M    7 = DUSTSTORM OR SANDSTORM:
                                                       VSBY 1/2 MILE OR LESS
                                                   8 = SMOKE OR HAZE
[NO. OF DAYS WITH]      [WEATHER - DAYS WITH]      9 = BLOWING SNOW
                                                   X = TORNADO
MAX 32 OR BELOW:   0    0.01 INCH OR MORE:   7
MAX 90 OR ABOVE:   0    0.10 INCH OR MORE:   6
MIN 32 OR BELOW:   1    0.50 INCH OR MORE:   3
MIN  0 OR BELOW:   0    1.00 INCH OR MORE:   2

[HDD (BASE 65) ]
TOTAL THIS MO.   117    CLEAR  (SCALE 0-3)  10
DPTR FM NORMAL   -65    PTCLDY (SCALE 4-7)   7
TOTAL FM JUL 1  3670    CLOUDY (SCALE 8-10)  1
DPTR FM NORMAL  -206

[CDD (BASE 65) ]
TOTAL THIS MO.    12
DPTR FM NORMAL    -6    [PRESSURE DATA]
TOTAL FM JAN 1    12    HIGHEST SLP  0.00 ON M
DPTR FM NORMAL   -14    LOWEST  SLP 29.43 ON 14

[REMARKS]
