000
CXUS51 KCLE 250800
CF6CLE
PRELIMINARY LOCAL CLIMATOLOGICAL DATA (WS FORM: F-6)

                                          STATION:   CLEVELAND OH
                                          MONTH:     APRIL
                                          YEAR:      2019
                                          LATITUDE:   41 24 N
                                          LONGITUDE:  81 51 W

  TEMPERATURE IN F:       :PCPN:    SNOW:  WIND      :SUNSHINE: SKY     :PK WND
================================================================================
1   2   3   4   5  6A  6B    7    8   9   10  11  12  13   14  15   16   17  18
                                     12Z  AVG MX 2MIN
DY MAX MIN AVG DEP HDD CDD  WTR  SNW DPTH SPD SPD DIR MIN PSBL S-S WX    SPD DR
================================================================================

 1  41  26  34 -10  31   0    T    T    1  7.4 17 330   M    M   4        22 330
 2  51  32  42  -3  23   0 0.00  0.0    0  9.6 17 170   M    M   8        22 180
 3  55  39  47   2  18   0 0.00  0.0    0 12.9 30 280   M    M   2        42 270
 4  48  38  43  -2  22   0    T  0.0    0  9.8 18  30   M    M  10        23  30
 5  60  45  53   7  12   0 0.01  0.0    0  7.1 18 160   M    M   9        23 150
 6  67  49  58  12   7   0 0.00  0.0    0  4.9 13  30   M    M   5 1      16  10
 7  75  48  62  15   3   0 0.02  0.0    0  8.8 22 200   M    M   8        27 200
 8  71  56  64  17   1   0 0.05  0.0    0 11.2 21 240   M    M   9        27 240
 9  62  47  55   8  10   0 0.00  0.0    0 13.5 25 310   M    M   3        31 290
10  47  40  44  -4  21   0    T  0.0    0 11.5 20  30   M    M   8        24  40
11  65  40  53   5  12   0    T  0.0    0 12.1 20 140   M    M   8        26 140
12  72  55  64  16   1   0 0.08  0.0    0 16.6 35 250   M    M  10        46 270
13  66  47  57   8   8   0 0.00  0.0    0  9.2 21 250   M    M   7        29 240
14  71  40  56   7   9   0 0.47  0.0    0 11.5 37 250   M    M  10 13     48 240
15  52  35  44  -6  21   0 0.10    T    0 15.2 26 270   M    M   6 1      37 310
16  70  38  54   4  11   0    T  0.0    0  9.6 21 260   M    M   8        26 250
17  68  45  57   7   8   0 0.03  0.0    0  5.7 14 180   M    M   8 1      16 180
18  78  59  69  18   0   4    T  0.0    0 14.3 29 200   M    M   8        37 210
19  59  41  50  -1  15   0 1.05  0.0    0 12.6 22  20   M    M  10 1      28  30
20  54  42  48  -4  17   0 0.33  0.0    0 12.7 33  40   M    M  10 1      43  40
21  57  44  51  -1  14   0    T  0.0    0  5.0 12 260   M    M   8 1      14  30
22  72  43  58   6   7   0 0.00  0.0    0  3.5 10 140   M    M   3        14 140
23  73  49  61   9   4   0 0.06  0.0    0 14.2 29 270   M    M   8 3      36 260
24  55  40  48  -5  17   0 0.00  0.0    0  5.6 13  20   M    M   6        18 360
================================================================================
SM 1489 1038       292   4  2.20    T    244.5          M      176
================================================================================
AV 62.0 43.3                              10.2 FASTST   M    M   7    MAX(MPH)
                                 MISC ---->  # 37 250               # 48  240
================================================================================
NOTES:
# LAST OF SEVERAL OCCURRENCES

COLUMN 17 PEAK WIND IN M.P.H.

PRELIMINARY LOCAL CLIMATOLOGICAL DATA (WS FORM: F-6) , PAGE 2

                                          STATION:  CLEVELAND OH
                                          MONTH:    APRIL
                                          YEAR:     2019
                                          LATITUDE:   41 24 N
                                          LONGITUDE:  81 51 W

[TEMPERATURE DATA]      [PRECIPITATION DATA]       SYMBOLS USED IN COLUMN 16

AVERAGE MONTHLY: 52.7   TOTAL FOR MONTH:   2.20    1 = FOG OR MIST
DPTR FM NORMAL:   4.0   DPTR FM NORMAL:   -0.66    2 = FOG REDUCING VISIBILITY
HIGHEST:    78 ON 18    GRTST 24HR  1.05 ON 19-19      TO 1/4 MILE OR LESS
LOWEST:     26 ON  1                               3 = THUNDER
                        SNOW, ICE PELLETS, HAIL    4 = ICE PELLETS
                        TOTAL MONTH:    T          5 = HAIL
                        GRTST 24HR    T  ON 15-15  6 = FREEZING RAIN OR DRIZZLE
                        GRTST DEPTH:   1 ON  1     7 = DUSTSTORM OR SANDSTORM:
                                                       VSBY 1/2 MILE OR LESS
                                                   8 = SMOKE OR HAZE
[NO. OF DAYS WITH]      [WEATHER - DAYS WITH]      9 = BLOWING SNOW
                                                   X = TORNADO
MAX 32 OR BELOW:   0    0.01 INCH OR MORE:  10
MAX 90 OR ABOVE:   0    0.10 INCH OR MORE:   4
MIN 32 OR BELOW:   2    0.50 INCH OR MORE:   1
MIN  0 OR BELOW:   0    1.00 INCH OR MORE:   1

[HDD (BASE 65) ]
TOTAL THIS MO.   292    CLEAR  (SCALE 0-3)   2
DPTR FM NORMAL  -108    PTCLDY (SCALE 4-7)  11
TOTAL FM JUL 1  5284    CLOUDY (SCALE 8-10) 11
DPTR FM NORMAL  -159

[CDD (BASE 65) ]
TOTAL THIS MO.     4
DPTR FM NORMAL     0    [PRESSURE DATA]
TOTAL FM JAN 1     4    HIGHEST SLP M ON M
DPTR FM NORMAL    -1    LOWEST  SLP 29.23 ON 14

[REMARKS]
