000
CXUS52 KGSP 220817
CF6CLT
PRELIMINARY LOCAL CLIMATOLOGICAL DATA (WS FORM: F-6)

                                          STATION:   CHARLOTTE NC
                                          MONTH:     AUGUST
                                          YEAR:      2019
                                          LATITUDE:   35 12 N
                                          LONGITUDE:  80 57 W

  TEMPERATURE IN F:       :PCPN:    SNOW:  WIND      :SUNSHINE: SKY     :PK WND
================================================================================
1   2   3   4   5  6A  6B    7    8   9   10  11  12  13   14  15   16   17  18
                                     12Z  AVG MX 2MIN
DY MAX MIN AVG DEP HDD CDD  WTR  SNW DPTH SPD SPD DIR MIN PSBL S-S WX    SPD DR
================================================================================

 1  94  67  81   3   0  16 1.44  0.0    0  5.1 44  10   M    M   5 138    56  10
 2  88  68  78   0   0  13 0.17  0.0    0  5.2 25 140   M    M   8 18     31 140
 3  89  69  79   1   0  14 0.48  0.0    0  4.5 12 260   M    M   4 138    18  80
 4  89  71  80   2   0  15 0.05  0.0    0  3.8 23 100   M    M   6 138    27  80
 5  88  70  79   1   0  14    T  0.0    0  2.7 21 110   M    M   8 13     28 110
 6  91  68  80   2   0  15 0.00  0.0    0  2.7 10 210   M    M   4 18     13 210
 7  93  72  83   5   0  18    T  0.0    0  4.7 22 180   M    M   6 13     29 210
 8  92  68  80   2   0  15 0.00  0.0    0  4.2 12 360   M    M   5 1      15 290
 9  96  68  82   4   0  17 0.00  0.0    0  3.4  9 200   M    M   4        13 190
10  90  67  79   1   0  14    T  0.0    0  4.2 12 360   M    M   5 18     16  60
11  92  73  83   5   0  18 0.00  0.0    0  6.2 13  60   M    M   5        19  60
12  92  74  83   5   0  18 0.00  0.0    0  5.8 13 160   M    M   7        15 140
13  95  78  87   9   0  22 0.01  0.0    0  8.0 21 240   M    M   5 38     33 250
14  91  73  82   4   0  17 0.78  0.0    0  4.7 22 310   M    M   8 13     30 310
15  93  72  83   5   0  18 0.00  0.0    0  3.2 15 210   M    M   6 138    20 110
16  95  71  83   5   0  18 0.00  0.0    0  4.4 14 160   M    M   2 18     17 130
17  92  71  82   4   0  17 0.91  0.0    0  5.8 25 110   M    M   4 138    29 110
18  95  73  84   7   0  19    T  0.0    0  3.1 17 180   M    M   4 138    22 180
19  95  73  84   7   0  19 0.94    T    0  4.6 40 150   M    M   5 1358   65 160
20  84  72  78   1   0  13 0.44  0.0    0  4.1 20 170   M    M   8 13     28 170
21  91  72  82   5   0  17 0.00  0.0    0  5.9 14 220   M    M   7 1      18 190
================================================================================
SM 1925 1490         0 347  5.22    T     96.3          M      116
================================================================================
AV 91.7 71.0                               4.6 FASTST   M    M   6    MAX(MPH)
                                 MISC ---->  # 44  10               # 65  160
================================================================================
NOTES:
# LAST OF SEVERAL OCCURRENCES

COLUMN 17 PEAK WIND IN M.P.H.

PRELIMINARY LOCAL CLIMATOLOGICAL DATA (WS FORM: F-6) , PAGE 2

                                          STATION:  CHARLOTTE NC
                                          MONTH:    AUGUST
                                          YEAR:     2019
                                          LATITUDE:   35 12 N
                                          LONGITUDE:  80 57 W

[TEMPERATURE DATA]      [PRECIPITATION DATA]       SYMBOLS USED IN COLUMN 16

AVERAGE MONTHLY: 81.3   TOTAL FOR MONTH:   5.22    1 = FOG OR MIST
DPTR FM NORMAL:   3.5   DPTR FM NORMAL:    2.33    2 = FOG REDUCING VISIBILITY
HIGHEST:    96 ON  9    GRTST 24HR  1.44 ON  1- 1      TO 1/4 MILE OR LESS
LOWEST:     67 ON 10, 1                            3 = THUNDER
                        SNOW, ICE PELLETS, HAIL    4 = ICE PELLETS
                        TOTAL MONTH:    T          5 = HAIL
                        GRTST 24HR    T  ON 19-19  6 = FREEZING RAIN OR DRIZZLE
                        GRTST DEPTH:   0           7 = DUSTSTORM OR SANDSTORM:
                                                       VSBY 1/2 MILE OR LESS
                                                   8 = SMOKE OR HAZE
[NO. OF DAYS WITH]      [WEATHER - DAYS WITH]      9 = BLOWING SNOW
                                                   X = TORNADO
MAX 32 OR BELOW:   0    0.01 INCH OR MORE:   9
MAX 90 OR ABOVE:  16    0.10 INCH OR MORE:   7
MIN 32 OR BELOW:   0    0.50 INCH OR MORE:   4
MIN  0 OR BELOW:   0    1.00 INCH OR MORE:   1

[HDD (BASE 65) ]
TOTAL THIS MO.     0    CLEAR  (SCALE 0-3)   1
DPTR FM NORMAL     0    PTCLDY (SCALE 4-7)  19
TOTAL FM JUL 1     0    CLOUDY (SCALE 8-10)  1
DPTR FM NORMAL     0

[CDD (BASE 65) ]
TOTAL THIS MO.   347
DPTR FM NORMAL    78    [PRESSURE DATA]
TOTAL FM JAN 1  1605    HIGHEST SLP M ON M
DPTR FM NORMAL   442    LOWEST  SLP 29.79 ON  7

[REMARKS]
