000
CXUS52 KGSP 230817
CF6CLT
PRELIMINARY LOCAL CLIMATOLOGICAL DATA (WS FORM: F-6)

                                          STATION:   CHARLOTTE NC
                                          MONTH:     APRIL
                                          YEAR:      2019
                                          LATITUDE:   35 12 N
                                          LONGITUDE:  80 57 W

  TEMPERATURE IN F:       :PCPN:    SNOW:  WIND      :SUNSHINE: SKY     :PK WND
================================================================================
1   2   3   4   5  6A  6B    7    8   9   10  11  12  13   14  15   16   17  18
                                     12Z  AVG MX 2MIN
DY MAX MIN AVG DEP HDD CDD  WTR  SNW DPTH SPD SPD DIR MIN PSBL S-S WX    SPD DR
================================================================================

 1  56  36  46 -10  19   0 0.00  0.0    0  9.3 17  30   M    M   4        23  50
 2  54  35  45 -11  20   0 0.10  0.1    0  7.8 17  20   M    M   6 14     22  10
 3  71  31  51  -5  14   0 0.00  0.0    0  3.9 13 190   M    M   3 1      18 200
 4  76  47  62   6   3   0 0.00  0.0    0  8.1 20 140   M    M   7 8      22 160
 5  62  55  59   2   6   0 1.18  0.0    0  7.3 14  90   M    M  10 1      22  70
 6  76  55  66   9   0   1 0.00  0.0    0  5.0 12 130   M    M   8 18     14  10
 7  71  55  63   6   2   0 0.01  0.0    0  5.2 15 140   M    M   7 128    19 140
 8  82  64  73  15   0   8 1.20  0.0    0  8.8 23 260   M    M   9 138    37 260
 9  74  58  66   8   0   1 0.31  0.0    0  5.7 20 360   M    M   9 13     26 350
10  78  55  67   9   0   2 0.00  0.0    0  6.3 15  30   M    M   3 12     22  60
11  80  54  67   9   0   2 0.00  0.0    0  8.9 20 130   M    M   6        25 110
12  77  64  71  13   0   6 1.00  0.0    0  9.5 26 200   M    M   9 123    34 190
13  74  66  70  11   0   5 1.28  0.0    0  6.5 15  50   M    M   9 13     22  80
14  77  66  72  13   0   7    T  0.0    0 16.5 30 180   M    M   9        43 190
15  68  46  57  -2   8   0    T  0.0    0 10.7 22 240   M    M   3        32 230
16  73  39  56  -4   9   0 0.00  0.0    0  5.8 13 180   M    M   3        17 190
17  81  48  65   5   0   0 0.00  0.0    0  5.8 15 190   M    M   6        25 210
18  79  52  66   6   0   1 0.00  0.0    0 11.1 22 170   M    M   7        28 160
19  78  56  67   7   0   2 0.15  0.0    0 17.0 31 170   M    M   9 138    39 190
20  57  47  52  -9  13   0 0.03  0.0    0 12.7 23 190   M    M   7        28 210
21  67  40  54  -7  11   0 0.00  0.0    0  5.0 13 350   M    M   4 1      18 300
22  78  40  59  -2   6   0 0.00  0.0    0  3.2 12 280   M    M   1        16 280
================================================================================
SM 1589 1109       111  35  5.26     0.1 180.1          M      139
================================================================================
AV 72.2 50.4                               8.2 FASTST   M    M   6    MAX(MPH)
                                 MISC ---->  # 31 170               # 43  190
================================================================================
NOTES:
# LAST OF SEVERAL OCCURRENCES

COLUMN 17 PEAK WIND IN M.P.H.

PRELIMINARY LOCAL CLIMATOLOGICAL DATA (WS FORM: F-6) , PAGE 2

                                          STATION:  CHARLOTTE NC
                                          MONTH:    APRIL
                                          YEAR:     2019
                                          LATITUDE:   35 12 N
                                          LONGITUDE:  80 57 W

[TEMPERATURE DATA]      [PRECIPITATION DATA]       SYMBOLS USED IN COLUMN 16

AVERAGE MONTHLY: 61.3   TOTAL FOR MONTH:   5.26    1 = FOG OR MIST
DPTR FM NORMAL:   2.9   DPTR FM NORMAL:    3.01    2 = FOG REDUCING VISIBILITY
HIGHEST:    82 ON  8    GRTST 24HR  1.28 ON 13-13      TO 1/4 MILE OR LESS
LOWEST:     31 ON  3                               3 = THUNDER
                        SNOW, ICE PELLETS, HAIL    4 = ICE PELLETS
                        TOTAL MONTH:   0.1 INCH    5 = HAIL
                        GRTST 24HR   0.1 ON  2- 2  6 = FREEZING RAIN OR DRIZZLE
                        GRTST DEPTH:   0           7 = DUSTSTORM OR SANDSTORM:
                                                       VSBY 1/2 MILE OR LESS
                                                   8 = SMOKE OR HAZE
[NO. OF DAYS WITH]      [WEATHER - DAYS WITH]      9 = BLOWING SNOW
                                                   X = TORNADO
MAX 32 OR BELOW:   0    0.01 INCH OR MORE:   9
MAX 90 OR ABOVE:   0    0.10 INCH OR MORE:   7
MIN 32 OR BELOW:   1    0.50 INCH OR MORE:   4
MIN  0 OR BELOW:   0    1.00 INCH OR MORE:   4

[HDD (BASE 65) ]
TOTAL THIS MO.   111    CLEAR  (SCALE 0-3)   4
DPTR FM NORMAL   -53    PTCLDY (SCALE 4-7)  11
TOTAL FM JUL 1  2848    CLOUDY (SCALE 8-10)  7
DPTR FM NORMAL  -448

[CDD (BASE 65) ]
TOTAL THIS MO.    35
DPTR FM NORMAL    14    [PRESSURE DATA]
TOTAL FM JAN 1    43    HIGHEST SLP M ON M
DPTR FM NORMAL    17    LOWEST  SLP 29.39 ON 19

[REMARKS]
