000
CXUS51 KILN 190539
CF6CMH
PRELIMINARY LOCAL CLIMATOLOGICAL DATA (WS FORM: F-6)

                                          STATION:   COLUMBUS OH
                                          MONTH:     FEBRUARY
                                          YEAR:      2019
                                          LATITUDE:   40  0 N
                                          LONGITUDE:  82 53 W

  TEMPERATURE IN F:       :PCPN:    SNOW:  WIND      :SUNSHINE: SKY     :PK WND
================================================================================
1   2   3   4   5  6A  6B    7    8   9   10  11  12  13   14  15   16   17  18
                                     12Z  AVG MX 2MIN
DY MAX MIN AVG DEP HDD CDD  WTR  SNW DPTH SPD SPD DIR MIN PSBL S-S WX    SPD DR
================================================================================

 1  22  10  16 -14  49   0 0.27  4.2    4  3.7  9  80   M    M   9 18     11  90
 2  34   9  22  -8  43   0 0.00  0.0    4  3.4  9 210   M    M   7 128    12 190
 3  57  24  41  11  24   0 0.00  0.0    3  2.3 10 200   M    M   5 18     15 170
 4  61  31  46  15  19   0 0.11  0.0    0  6.0 17 180   M    M   6 1      22 170
 5  53  41  47  16  18   0    T  0.0    0  6.9 12 360   M    M  10 12     16  20
 6  58  43  51  20  14   0 1.00  0.0    0  4.7 16 310   M    M   9 128    24 330
 7  62  42  52  21  13   0 0.94  0.0    0  9.7 33 300   M    M   9 128    39 290
 8  42  18  30  -1  35   0    T    T    0 19.1 29 280   M    M   8 1      36 260
 9  28  14  21 -10  44   0 0.00  0.0    0  4.9 17 310   M    M   5        21 300
10  32  19  26  -6  39   0 0.25  2.3    0  5.5 13  90   M    M   8 16     16 100
11  38  32  35   3  30   0 0.41  0.0    1  4.2 10  90   M    M   8 126    15  90
12  58  32  45  13  20   0 0.91    T    0 13.1 30 260   M    M  10 12     41 250
13  35  26  31  -1  34   0    T    T    0 18.3 29 250   M    M   7 8      39 240
14  51  27  39   7  26   0 0.00  0.0    0  9.2 21 180   M    M  10        27 190
15  50  27  39   6  26   0    T  0.0    0 14.8 26 290   M    M   9 18     35 290
16  31  21  26  -7  39   0 0.00  0.0    0  9.8 15  40   M    M   7        23 360
17  32  22  27  -6  38   0 0.10    T    0  7.0 16  60   M    M   8 146    21  50
18  31  22  27  -6  38   0 0.01  0.1    0 10.1 16 330   M    M  10 16     20 330
================================================================================
SM  775  460       549   0  4.00     6.6 152.7          M      145
================================================================================
AV 43.1 25.6                               8.5 FASTST   M    M   8    MAX(MPH)
                                 MISC ---->  # 33 300               # 41  250
================================================================================
NOTES:
# LAST OF SEVERAL OCCURRENCES

COLUMN 17 PEAK WIND IN M.P.H.

PRELIMINARY LOCAL CLIMATOLOGICAL DATA (WS FORM: F-6) , PAGE 2

                                          STATION:  COLUMBUS OH
                                          MONTH:    FEBRUARY
                                          YEAR:     2019
                                          LATITUDE:   40  0 N
                                          LONGITUDE:  82 53 W

[TEMPERATURE DATA]      [PRECIPITATION DATA]       SYMBOLS USED IN COLUMN 16

AVERAGE MONTHLY: 34.3   TOTAL FOR MONTH:   4.00    1 = FOG OR MIST
DPTR FM NORMAL:   2.8   DPTR FM NORMAL:    2.54    2 = FOG REDUCING VISIBILITY
HIGHEST:    62 ON  7    GRTST 24HR  1.00 ON  6- 6      TO 1/4 MILE OR LESS
LOWEST:      9 ON  2                               3 = THUNDER
                        SNOW, ICE PELLETS, HAIL    4 = ICE PELLETS
                        TOTAL MONTH:   6.6 INCHES  5 = HAIL
                        GRTST 24HR   4.2 ON  1- 1  6 = FREEZING RAIN OR DRIZZLE
                        GRTST DEPTH:   4 ON  2, 1  7 = DUSTSTORM OR SANDSTORM:
                                                       VSBY 1/2 MILE OR LESS
                                                   8 = SMOKE OR HAZE
[NO. OF DAYS WITH]      [WEATHER - DAYS WITH]      9 = BLOWING SNOW
                                                   X = TORNADO
MAX 32 OR BELOW:   6    0.01 INCH OR MORE:   9
MAX 90 OR ABOVE:   0    0.10 INCH OR MORE:   8
MIN 32 OR BELOW:  15    0.50 INCH OR MORE:   3
MIN  0 OR BELOW:   0    1.00 INCH OR MORE:   1

[HDD (BASE 65) ]
TOTAL THIS MO.   549    CLEAR  (SCALE 0-3)   0
DPTR FM NORMAL   -53    PTCLDY (SCALE 4-7)   8
TOTAL FM JUL 1  3634    CLOUDY (SCALE 8-10) 10
DPTR FM NORMAL   -60

[CDD (BASE 65) ]
TOTAL THIS MO.     0
DPTR FM NORMAL     0    [PRESSURE DATA]
TOTAL FM JAN 1     0    HIGHEST SLP 30.89 ON  9
DPTR FM NORMAL     0    LOWEST  SLP 29.50 ON 12

[REMARKS]
