000
CXUS53 KILX 230900
CF6CMI
PRELIMINARY LOCAL CLIMATOLOGICAL DATA (WS FORM: F-6)

                                          STATION:   CHAMPAIGN IL AIRPORT
                                          MONTH:     APRIL
                                          YEAR:      2018
                                          LATITUDE:   40  1 N
                                          LONGITUDE:  88 17 W

  TEMPERATURE IN F:       :PCPN:    SNOW:  WIND      :SUNSHINE: SKY     :PK WND
================================================================================
1   2   3   4   5  6A  6B    7    8   9   10  11  12  13   14  15   16   17  18
                                     12Z  AVG MX 2MIN
DY MAX MIN AVG DEP HDD CDD  WTR  SNW DPTH SPD SPD DIR MIN PSBL S-S WX    SPD DR
================================================================================

 1  36  22  29 -18  36   0 0.17    M    M 11.2 20 360   M    M   6 12     22 360
 2  42  12  27 -20  38   0 0.02    M    M 10.7 18 140   M    M   7 1      23 130
 3  67  35  51   4  14   0 0.50    M    M 17.7 36 280   M    M   8 123    44 280
 4  35  27  31 -17  34   0 0.00    M    M 17.3 37 270   M    M   8        45 280
 5  50  24  37 -11  28   0    T    M    M  8.6 21 160   M    M   6        25 160
 6  44  26  35 -13  30   0    T    M    M 15.8 26 320   M    M   6        32 330
 7  40  21  31 -18  34   0 0.00    M    M 10.3 17 320   M    M   0        29 290
 8  42  19  31 -18  34   0 0.11    M    M  5.3 13 160   M    M   4 1      16 140
 9  40  31  36 -13  29   0    T    M    M  5.8 10 340   M    M  10 1      14 300
10  44  28  36 -14  29   0 0.00    M    M  6.9 15 240   M    M   7 18     19 240
11  68  33  51   1  14   0 0.00    M    M 16.5 22 200   M    M   1        28 210
12  80  53  67  17   0   2 0.00    M    M 19.5 31 230   M    M   0        39 220
13  74  58  66  15   0   1 0.35    M    M 19.2 40 200   M    M   3 13     48 200
14  67  50  59   8   6   0 0.54    M    M 10.6 24 130   M    M   7 1      29 120
15  50  33  42 -10  23   0 0.13    M    M 17.3 31 240   M    M  10 1      35 240
16  35  28  32 -20  33   0 0.01    M    M 20.4 30 280   M    M  10 1      37 290
17  50  29  40 -12  25   0 0.00    M    M 11.3 21 290   M    M   4        25 290
18  57  32  45  -8  20   0    T    M    M 19.8 37 270   M    M   7 1      44 270
19  56  33  45  -8  20   0    T    M    M 13.1 24 310   M    M   4 1      30 310
20  63  28  46  -7  19   0 0.00    M    M  8.3 15  90   M    M   0        20  60
21  65  39  52  -2  13   0 0.00    M    M 11.7 20  70   M    M   1        23  50
22  69  47  58   4   7   0 0.00    M    M 15.6 24  70   M    M   2        30  70
================================================================================
SM 1174  708       486   3  1.83    M    292.9          M      111
================================================================================
AV 53.4 32.2                              13.3 FASTST   M    M   5    MAX(MPH)
                                 MISC ---->  # 40 200               # 48  200
================================================================================
NOTES:
# LAST OF SEVERAL OCCURRENCES

COLUMN 17 PEAK WIND IN M.P.H.

PRELIMINARY LOCAL CLIMATOLOGICAL DATA (WS FORM: F-6) , PAGE 2

                                          STATION:  CHAMPAIGN IL AIRPORT
                                          MONTH:    APRIL
                                          YEAR:     2018
                                          LATITUDE:   40  1 N
                                          LONGITUDE:  88 17 W

[TEMPERATURE DATA]      [PRECIPITATION DATA]       SYMBOLS USED IN COLUMN 16

AVERAGE MONTHLY: 42.8   TOTAL FOR MONTH:   1.83    1 = FOG OR MIST
DPTR FM NORMAL:  -7.5   DPTR FM NORMAL:   -0.81    2 = FOG REDUCING VISIBILITY
HIGHEST:    80 ON 12    GRTST 24HR  0.54 ON 14-14      TO 1/4 MILE OR LESS
LOWEST:     12 ON  2                               3 = THUNDER
                        SNOW, ICE PELLETS, HAIL    4 = ICE PELLETS
                        TOTAL MONTH:    M          5 = HAIL
                        GRTST 24HR    M  ON   M    6 = FREEZING RAIN OR DRIZZLE
                        GRTST DEPTH:  M  ON   M    7 = DUSTSTORM OR SANDSTORM:
                                                       VSBY 1/2 MILE OR LESS
                                                   8 = SMOKE OR HAZE
[NO. OF DAYS WITH]      [WEATHER - DAYS WITH]      9 = BLOWING SNOW
                                                   X = TORNADO
MAX 32 OR BELOW:   0    0.01 INCH OR MORE:   8
MAX 90 OR ABOVE:   0    0.10 INCH OR MORE:   6
MIN 32 OR BELOW:  13    0.50 INCH OR MORE:   2
MIN  0 OR BELOW:   0    1.00 INCH OR MORE:   0

[HDD (BASE 65) ]
TOTAL THIS MO.   486    CLEAR  (SCALE 0-3)   7
DPTR FM NORMAL   155    PTCLDY (SCALE 4-7)  12
TOTAL FM JUL 1  5569    CLOUDY (SCALE 8-10)  3
DPTR FM NORMAL   -20

[CDD (BASE 65) ]
TOTAL THIS MO.     3
DPTR FM NORMAL     3    [PRESSURE DATA]
TOTAL FM JAN 1     3    HIGHEST SLP M ON M
DPTR FM NORMAL     2    LOWEST  SLP 29.49 ON  3

[REMARKS]
