000
CXUS53 KARX 200930
CF6CMY
PRELIMINARY LOCAL CLIMATOLOGICAL DATA (WS FORM: F-6)

                                          STATION:   SPARTA - FORT MCCOY WI
                                          MONTH:     APRIL
                                          YEAR:      2019
                                          LATITUDE:   43 58 N
                                          LONGITUDE:  90 44 W

  TEMPERATURE IN F:       :PCPN:    SNOW:  WIND      :SUNSHINE: SKY     :PK WND
================================================================================
1   2   3   4   5  6A  6B    7    8   9   10  11  12  13   14  15   16   17  18
                                     12Z  AVG MX 2MIN
DY MAX MIN AVG DEP HDD CDD  WTR  SNW DPTH SPD SPD DIR MIN PSBL S-S WX    SPD DR
================================================================================

 1  51  31  41   M  24   0    M    M    0  5.8 14 180   M    M   9        24 180
 2  52  31  42   M  23   0 0.10    M    0  5.9 20 290   M    M   6 1      35 290
 3  55  21  38   M  27   0 0.00  0.0    0  3.5 21 290   M    M   1        29 290
 4  46  29  38   M  27   0 0.01  0.0    0  6.8 17 100   M    M   9        24 100
 5  59  35  47   M  18   0 0.00  0.0    0  0.6  8 240   M    M   8 1       M  M
 6  61  37  49   M  16   0 0.07  0.0    0  3.9 15  90   M    M   8 1       M  M
 7  59  46  53   M  12   0 0.20  0.0    0  1.5  8 160   M    M   7 1       M  M
 8  74  32  53   M  12   0 0.00  0.0    0  7.0 23 280   M    M   4 12     29 280
 9  63  29  46   M  19   0 0.00  0.0    0  7.5 22 270   M    M   1        35 270
10  36  28  32   M  33   0    M    M    0  9.4 16  80   M    M   8 3      27  70
11  33  29  31   M  34   0 0.72    M    0 18.1 29  90   M    M  10 1346   43  90
12  36  32  34   M  31   0    M    M    0  8.2 16 240   M    M  10 1      29 240
13  38  32  35   M  30   0 0.00  0.0    0  5.3 12 290   M    M  10        18 280
14  46  25  36   M  29   0 0.00  0.0    0  6.4 16  60   M    M   2        21  60
15  59  18  39   M  26   0 0.00  0.0    0  5.0 13 170   M    M   4        17 170
16  64  39  52   M  13   0 0.02  0.0    0  2.3 12  40   M    M   3        16  40
17  51  40  46   M  19   0 0.85  0.0    0  6.7 15  90   M    M   9 13     17  80
18  46  37  42   M  23   0 0.00  0.0    0  6.4 15 340   M    M   9 1      25 340
19  63  27  45   M  20   0 0.00  0.0    0  2.3 12  10   M    M   0        21  10
================================================================================
SM  992  598       436   0  1.97     0.0 112.6          M      118
================================================================================
AV 52.2 31.5                               5.9 FASTST   M    M   6    MAX(MPH)
                                 MISC ---->  # 29  90               # 43   90
================================================================================
NOTES:
# LAST OF SEVERAL OCCURRENCES

COLUMN 17 PEAK WIND IN M.P.H.

PRELIMINARY LOCAL CLIMATOLOGICAL DATA (WS FORM: F-6) , PAGE 2

                                          STATION:  SPARTA - FORT MCCOY WI
                                          MONTH:    APRIL
                                          YEAR:     2019
                                          LATITUDE:   43 58 N
                                          LONGITUDE:  90 44 W

[TEMPERATURE DATA]      [PRECIPITATION DATA]       SYMBOLS USED IN COLUMN 16

AVERAGE MONTHLY: 41.8   TOTAL FOR MONTH:   1.97    1 = FOG OR MIST
DPTR FM NORMAL:     M   DPTR FM NORMAL:       M    2 = FOG REDUCING VISIBILITY
HIGHEST:    74 ON  8    GRTST 24HR  0.85 ON 17-17      TO 1/4 MILE OR LESS
LOWEST:     18 ON 15                               3 = THUNDER
                        SNOW, ICE PELLETS, HAIL    4 = ICE PELLETS
                        TOTAL MONTH:   0.0 INCH    5 = HAIL
                        GRTST 24HR     0.0         6 = FREEZING RAIN OR DRIZZLE
                        GRTST DEPTH:   0           7 = DUSTSTORM OR SANDSTORM:
                                                       VSBY 1/2 MILE OR LESS
                                                   8 = SMOKE OR HAZE
[NO. OF DAYS WITH]      [WEATHER - DAYS WITH]      9 = BLOWING SNOW
                                                   X = TORNADO
MAX 32 OR BELOW:   0    0.01 INCH OR MORE:   7
MAX 90 OR ABOVE:   0    0.10 INCH OR MORE:   4
MIN 32 OR BELOW:  13    0.50 INCH OR MORE:   2
MIN  0 OR BELOW:   0    1.00 INCH OR MORE:   0

[HDD (BASE 65) ]
TOTAL THIS MO.   436    CLEAR  (SCALE 0-3)   5
DPTR FM NORMAL     M    PTCLDY (SCALE 4-7)   6
TOTAL FM JUL 1  7834    CLOUDY (SCALE 8-10)  8
DPTR FM NORMAL     M

[CDD (BASE 65) ]
TOTAL THIS MO.     0
DPTR FM NORMAL     M    [PRESSURE DATA]
TOTAL FM JAN 1     0    HIGHEST SLP M ON M
DPTR FM NORMAL     M    LOWEST  SLP M ON M

[REMARKS]
