000
CXUS53 KARX 190930
CF6CMY
PRELIMINARY LOCAL CLIMATOLOGICAL DATA (WS FORM: F-6)

                                          STATION:   SPARTA - FORT MCCOY WI
                                          MONTH:     FEBRUARY
                                          YEAR:      2019
                                          LATITUDE:   43 58 N
                                          LONGITUDE:  90 44 W

  TEMPERATURE IN F:       :PCPN:    SNOW:  WIND      :SUNSHINE: SKY     :PK WND
================================================================================
1   2   3   4   5  6A  6B    7    8   9   10  11  12  13   14  15   16   17  18
                                     12Z  AVG MX 2MIN
DY MAX MIN AVG DEP HDD CDD  WTR  SNW DPTH SPD SPD DIR MIN PSBL S-S WX    SPD DR
================================================================================

 1  15  -3   6   M  59   0    M    M    M  0.0  M   M   M    M   6         M  M
 2  39  14  27   M  38   0 0.00  0.0    M  0.0  M   M   M    M   8 1       M  M
 3  43  34  39   M  26   0 0.01  0.0    M  0.5  6 210   M    M  10 12      M  M
 4  42  15  29   M  36   0 0.04    M    M  6.8 14 300   M    M  10 1      20 260
 5  23  12  18   M  47   0    M    M    M  3.3 13  60   M    M   7 1      18  80
 6  26  17  22   M  43   0    M    M    M  0.0  M   M   M    M  10 16      M  M
 7  25   3  14   M  51   0    M    M    M  5.0 14 250   M    M   6 1      22 240
 8   4 -16  -6   M  71   0 0.00  0.0    M  7.2 14 270   M    M   0 1      22 270
 9  15 -20  -2   M  67   0 0.00  0.0    M  0.0  M   M   M    M   0         M  M
10  24  13  19   M  46   0    M    M    M  1.1 13 100   M    M   3        17  90
11  26  19  23   M  42   0    M    M    M  6.1 16  90   M    M   6        21  80
12  26  21  24   M  41   0    M    M    M  7.9 17 290   M    M   8        27 290
13  24  13  19   M  46   0    M    M    M  4.1 12 260   M    M   6        23 270
14  35   9  22   M  43   0    M    M    M  5.6 21 290   M    M   7        31 290
15  16 -11   3   M  62   0 0.00  0.0    M  5.8 15 310   M    M   1        21 300
16  25 -18   4   M  61   0 0.00  0.0    M  1.4 10  80   M    M   2         M  M
17  24   7  16   M  49   0    M    M    M  6.8 13  60   M    M   7        24  60
18  26  -4  11   M  54   0 0.03    M    M  0.2  5 300   M    M   1         M  M
================================================================================
SM  458  105       882   0  0.08     0.0  61.8          M       98
================================================================================
AV 25.4  5.8                               3.4 FASTST   M    M   5    MAX(MPH)
                                 MISC ---->  # 21 290               # 31  290
================================================================================
NOTES:
# LAST OF SEVERAL OCCURRENCES

COLUMN 17 PEAK WIND IN M.P.H.

PRELIMINARY LOCAL CLIMATOLOGICAL DATA (WS FORM: F-6) , PAGE 2

                                          STATION:  SPARTA - FORT MCCOY WI
                                          MONTH:    FEBRUARY
                                          YEAR:     2019
                                          LATITUDE:   43 58 N
                                          LONGITUDE:  90 44 W

[TEMPERATURE DATA]      [PRECIPITATION DATA]       SYMBOLS USED IN COLUMN 16

AVERAGE MONTHLY: 15.6   TOTAL FOR MONTH:   0.08    1 = FOG OR MIST
DPTR FM NORMAL:     M   DPTR FM NORMAL:       M    2 = FOG REDUCING VISIBILITY
HIGHEST:    43 ON  3    GRTST 24HR  0.04 ON  4- 4      TO 1/4 MILE OR LESS
LOWEST:    -20 ON  9                               3 = THUNDER
                        SNOW, ICE PELLETS, HAIL    4 = ICE PELLETS
                        TOTAL MONTH:   0.0 INCH    5 = HAIL
                        GRTST 24HR     0.0         6 = FREEZING RAIN OR DRIZZLE
                        GRTST DEPTH:  M  ON   M    7 = DUSTSTORM OR SANDSTORM:
                                                       VSBY 1/2 MILE OR LESS
                                                   8 = SMOKE OR HAZE
[NO. OF DAYS WITH]      [WEATHER - DAYS WITH]      9 = BLOWING SNOW
                                                   X = TORNADO
MAX 32 OR BELOW:  14    0.01 INCH OR MORE:   3
MAX 90 OR ABOVE:   0    0.10 INCH OR MORE:   0
MIN 32 OR BELOW:  17    0.50 INCH OR MORE:   0
MIN  0 OR BELOW:   6    1.00 INCH OR MORE:   0

[HDD (BASE 65) ]
TOTAL THIS MO.   882    CLEAR  (SCALE 0-3)   6
DPTR FM NORMAL     M    PTCLDY (SCALE 4-7)   9
TOTAL FM JUL 1  5699    CLOUDY (SCALE 8-10)  3
DPTR FM NORMAL     M

[CDD (BASE 65) ]
TOTAL THIS MO.     0
DPTR FM NORMAL     M    [PRESSURE DATA]
TOTAL FM JAN 1     0    HIGHEST SLP M ON M
DPTR FM NORMAL     M    LOWEST  SLP M ON M

[REMARKS]
