000
CXUS53 KTOP 250800
CF6CNK
PRELIMINARY LOCAL CLIMATOLOGICAL DATA (WS FORM: F-6)

                                          STATION:   Concordia KS
                                          MONTH:     APRIL
                                          YEAR:      2019
                                          LATITUDE:   39 32 N
                                          LONGITUDE:  97 39 W

  TEMPERATURE IN F:       :PCPN:    SNOW:  WIND      :SUNSHINE: SKY     :PK WND
================================================================================
1   2   3   4   5  6A  6B    7    8   9   10  11  12  13   14  15   16   17  18
                                     12Z  AVG MX 2MIN
DY MAX MIN AVG DEP HDD CDD  WTR  SNW DPTH SPD SPD DIR MIN PSBL S-S WX    SPD DR
================================================================================

 1  63  35  49   1  16   0 0.00  0.0    0 15.5 24 200   M    M   2        35 210
 2  60  36  48  -1  17   0 0.00  0.0    0  6.9 20 210   M    M   5        26 210
 3  70  45  58   9   7   0    T  0.0    0 12.7 23 170   M    M   7 8      31 170
 4  68  50  59  10   6   0 0.01  0.0    0  3.5 12 340   M    M   5        16 360
 5  77  48  63  13   2   0 0.00  0.0    0 15.0 28 150   M    M   0 18     35 170
 6  78  53  66  16   0   1 0.53  0.0    0 10.8 22 140   M    M   2 138    29 180
 7  74  50  62  12   3   0 0.01  0.0    0  8.9 24 300   M    M   1 12     32 300
 8  84  47  66  15   0   1 0.00  0.0    0  8.7 22 280   M    M   0        29 280
 9  81  48  65  14   0   0 0.00  0.0    0 10.3 22 160   M    M   0 8      30 160
10  81  46  64  13   1   0    T  0.0    0 12.7 35  20   M    M   2 38     44  20
11  46  31  39 -13  26   0    T    T    0 18.8 29 290   M    M   8 1      41 290
12  52  30  41 -11  24   0 0.00  0.0    0 14.3 28 290   M    M   0        37 280
13  57  27  42 -10  23   0 0.00  0.0    0  9.0 21  10   M    M   0        27  10
14  64  31  48  -5  17   0 0.00  0.0    0  8.1 17 150   M    M   1        24 220
15  78  48  63  10   2   0 0.00  0.0    0 11.4 22 200   M    M   0 8      29 200
16  84  47  66  13   0   1 0.00  0.0    0  9.9 23 170   M    M   1        32 180
17  79  52  66  12   0   1 0.00  0.0    0 13.1 24 330   M    M   4        34 350
18  66  36  51  -3  14   0    T  0.0    0 11.1 15 350   0    0   0        30  10
19  68  35  52  -2  13   0 0.00  0.0    0  8.3 13 350   M    M   0        20  20
20  87  46  67  12   0   2 0.00  0.0    0 15.3 24 180   M    M   0        34 180
21  85  60  73  18   0   8 0.13  0.0    0 18.0 33 270   M    M   0 3      46 280
22  65  52  59   4   6   0 0.00  0.0    0 12.2 21 320   M    M   7        28 340
23  64  49  57   1   8   0 0.00  0.0    0  8.0 15  10   M    M   5        19  10
24  75  41  58   2   7   0 0.00  0.0    0  4.4 14 180   M    M   0 128    17 180
================================================================================
SM 1706 1043       192  14  0.68    T    266.9            0     50
================================================================================
AV 71.1 43.5                              11.1 FASTST    0   0   2    MAX(MPH)
                                 MISC ---->  # 35  20               # 46  280
================================================================================
NOTES:
# LAST OF SEVERAL OCCURRENCES

COLUMN 17 PEAK WIND IN M.P.H.

PRELIMINARY LOCAL CLIMATOLOGICAL DATA (WS FORM: F-6) , PAGE 2

                                          STATION:  Concordia KS
                                          MONTH:    APRIL
                                          YEAR:     2019
                                          LATITUDE:   39 32 N
                                          LONGITUDE:  97 39 W

[TEMPERATURE DATA]      [PRECIPITATION DATA]       SYMBOLS USED IN COLUMN 16

AVERAGE MONTHLY: 57.3   TOTAL FOR MONTH:   0.68    1 = FOG OR MIST
DPTR FM NORMAL:   5.1   DPTR FM NORMAL:   -1.20    2 = FOG REDUCING VISIBILITY
HIGHEST:    87 ON 20    GRTST 24HR  0.53 ON  6- 6      TO 1/4 MILE OR LESS
LOWEST:     27 ON 13                               3 = THUNDER
                        SNOW, ICE PELLETS, HAIL    4 = ICE PELLETS
                        TOTAL MONTH:    T          5 = HAIL
                        GRTST 24HR    T  ON 11-11  6 = FREEZING RAIN OR DRIZZLE
                        GRTST DEPTH:   0           7 = DUSTSTORM OR SANDSTORM:
                                                       VSBY 1/2 MILE OR LESS
                                                   8 = SMOKE OR HAZE
[NO. OF DAYS WITH]      [WEATHER - DAYS WITH]      9 = BLOWING SNOW
                                                   X = TORNADO
MAX 32 OR BELOW:   0    0.01 INCH OR MORE:   4
MAX 90 OR ABOVE:   0    0.10 INCH OR MORE:   2
MIN 32 OR BELOW:   4    0.50 INCH OR MORE:   1
MIN  0 OR BELOW:   0    1.00 INCH OR MORE:   0

[HDD (BASE 65) ]
TOTAL THIS MO.   192    CLEAR  (SCALE 0-3)  17
DPTR FM NORMAL  -128    PTCLDY (SCALE 4-7)   6
TOTAL FM JUL 1  5610    CLOUDY (SCALE 8-10)  1
DPTR FM NORMAL   399

[CDD (BASE 65) ]
TOTAL THIS MO.    14
DPTR FM NORMAL     5    [PRESSURE DATA]
TOTAL FM JAN 1    14    HIGHEST SLP  0.00 ON 18
DPTR FM NORMAL     4    LOWEST  SLP 29.13 ON 11

[REMARKS]
