500
CXUS53 KTOP 180800
CF6CNK
PRELIMINARY LOCAL CLIMATOLOGICAL DATA (WS FORM: F-6)

                                          STATION:   Concordia KS
                                          MONTH:     AUGUST
                                          YEAR:      2019
                                          LATITUDE:   39 32 N
                                          LONGITUDE:  97 39 W

  TEMPERATURE IN F:       :PCPN:    SNOW:  WIND      :SUNSHINE: SKY     :PK WND
================================================================================
1   2   3   4   5  6A  6B    7    8   9   10  11  12  13   14  15   16   17  18
                                     12Z  AVG MX 2MIN
DY MAX MIN AVG DEP HDD CDD  WTR  SNW DPTH SPD SPD DIR MIN PSBL S-S WX    SPD DR
================================================================================

 1  86  70  78  -1   0  13 0.05  0.0    0 12.9 25 140   M    M   2 13     35 120
 2  79  71  75  -4   0  10 1.37  0.0    0  7.5 18 170   M    M   8 13     26 170
 3  86  72  79   0   0  14 0.02  0.0    0  4.5 10  80   M    M   7 1      15  50
 4  88  68  78  -1   0  13 0.00  0.0    0  4.6 10 130   M    M   3 12     14 120
 5  88  71  80   2   0  15 0.00  0.0    0  6.2 13 200   M    M   1        17 180
 6  91  71  81   3   0  16 0.00  0.0    0  4.3  9  80   M    M   0        16  60
 7  85  69  77  -1   0  12 0.05  0.0    0  9.3 38  10   M    M   1 13     51 360
 8  85  72  79   1   0  14 0.14  0.0    0  5.2 15 220   M    M   5 13     20 210
 9  86  68  77  -1   0  12 0.00  0.0    0  5.4 17 180   M    M   1 1      22 170
10  88  70  79   1   0  14 0.00  0.0    0  7.5 16 160   M    M   2 1      21 160
11  88  72  80   2   0  15 0.77  0.0    0  7.2 29 270   M    M   2 13     45 270
12  91  70  81   3   0  16 1.78  0.0    0  5.2 36 300   M    M   2 13     51 310
13  88  72  80   2   0  15 0.00  0.0    0  6.2 14 120   M    M   1        19  30
14  83  66  75  -3   0  10 0.00  0.0    0  6.6 14  20   M    M   0        18  30
15  83  64  74  -4   0   9    T  0.0    0  8.6 21 120   M    M   3        28 110
16  86  68  77   0   0  12 0.01  0.0    0  7.6 17  90   M    M   5 13     26 100
17  89  68  79   2   0  14 0.48  0.0    0  9.4 24 240   M    M   3 13     36 250
================================================================================
SM 1470 1182         0 224  4.67     0.0 118.2          M       46
================================================================================
AV 86.5 69.5                               7.0 FASTST   M    M   3    MAX(MPH)
                                 MISC ---->  # 38  10               # 51  360
================================================================================
NOTES:
# LAST OF SEVERAL OCCURRENCES

COLUMN 17 PEAK WIND IN M.P.H.

PRELIMINARY LOCAL CLIMATOLOGICAL DATA (WS FORM: F-6) , PAGE 2

                                          STATION:  Concordia KS
                                          MONTH:    AUGUST
                                          YEAR:     2019
                                          LATITUDE:   39 32 N
                                          LONGITUDE:  97 39 W

[TEMPERATURE DATA]      [PRECIPITATION DATA]       SYMBOLS USED IN COLUMN 16

AVERAGE MONTHLY: 78.0   TOTAL FOR MONTH:   4.67    1 = FOG OR MIST
DPTR FM NORMAL:  -0.1   DPTR FM NORMAL:    2.86    2 = FOG REDUCING VISIBILITY
HIGHEST:    91 ON 12, 6 GRTST 24HR  1.78 ON 12-12      TO 1/4 MILE OR LESS
LOWEST:     64 ON 15                               3 = THUNDER
                        SNOW, ICE PELLETS, HAIL    4 = ICE PELLETS
                        TOTAL MONTH:   0.0 INCH    5 = HAIL
                        GRTST 24HR     0.0         6 = FREEZING RAIN OR DRIZZLE
                        GRTST DEPTH:   0           7 = DUSTSTORM OR SANDSTORM:
                                                       VSBY 1/2 MILE OR LESS
                                                   8 = SMOKE OR HAZE
[NO. OF DAYS WITH]      [WEATHER - DAYS WITH]      9 = BLOWING SNOW
                                                   X = TORNADO
MAX 32 OR BELOW:   0    0.01 INCH OR MORE:   9
MAX 90 OR ABOVE:   2    0.10 INCH OR MORE:   5
MIN 32 OR BELOW:   0    0.50 INCH OR MORE:   3
MIN  0 OR BELOW:   0    1.00 INCH OR MORE:   2

[HDD (BASE 65) ]
TOTAL THIS MO.     0    CLEAR  (SCALE 0-3)  13
DPTR FM NORMAL     0    PTCLDY (SCALE 4-7)   3
TOTAL FM JUL 1     0    CLOUDY (SCALE 8-10)  1
DPTR FM NORMAL     0

[CDD (BASE 65) ]
TOTAL THIS MO.   224
DPTR FM NORMAL     0    [PRESSURE DATA]
TOTAL FM JAN 1  1129    HIGHEST SLP M ON M
DPTR FM NORMAL   115    LOWEST  SLP 29.66 ON 17

[REMARKS]
