000
CXUS53 KTOP 200800
CF6CNK
PRELIMINARY LOCAL CLIMATOLOGICAL DATA (WS FORM: F-6)

                                          STATION:   Concordia KS
                                          MONTH:     FEBRUARY
                                          YEAR:      2019
                                          LATITUDE:   39 32 N
                                          LONGITUDE:  97 39 W

  TEMPERATURE IN F:       :PCPN:    SNOW:  WIND      :SUNSHINE: SKY     :PK WND
================================================================================
1   2   3   4   5  6A  6B    7    8   9   10  11  12  13   14  15   16   17  18
                                     12Z  AVG MX 2MIN
DY MAX MIN AVG DEP HDD CDD  WTR  SNW DPTH SPD SPD DIR MIN PSBL S-S WX    SPD DR
================================================================================

 1  54  18  36   6  29   0 0.00  0.0    0  7.4 22 190   M    M   0        29 190
 2  62  41  52  22  13   0 0.00  0.0    0 13.9 23 190   M    M   6 1      31 190
 3  65  38  52  22  13   0 0.00  0.0    0 15.1 29 180   M    M   5 1      38 180
 4  38  16  27  -3  38   0 0.00  0.0    0 16.0 29 350   M    M   3 1      41 350
 5  19  13  16 -14  49   0    T    T    0  8.7 15  30   M    M   9 18     19  60
 6  19  10  15 -15  50   0 0.09  0.5    0 12.4 23 340   M    M  10 1349   31 340
 7  17   5  11 -19  54   0    T    T    1 17.4 28 330   M    M   5 1      36 310
 8  23   1  12 -19  53   0 0.00  0.0    T  7.1 15 150   M    M   0        20 150
 9  40  15  28  -3  37   0 0.00  0.0    0 18.5 31 160   M    M   3        40 150
10  41  30  36   5  29   0    T  0.0    0 10.2 23 150   M    M  10 1      31 150
11  32  26  29  -3  36   0 0.02    T    0 10.9 17 340   M    M  10 126    24 100
12  38  20  29  -3  36   0 0.00  0.0    T  9.9 22 320   M    M   1        31 320
13  48  28  38   6  27   0 0.00  0.0    0 10.0 18 170   M    M   0        28 180
14  47  19  33   1  32   0 0.00  0.0    0 13.6 29 350   M    M   1        37 350
15  19  11  15 -18  50   0 0.17  2.0    2 10.6 22  30   M    M   9 12     27  20
16  20  11  16 -17  49   0 0.06  0.2    2  7.9 14  70   M    M  10 16     19  80
17  23   7  15 -18  50   0    T    T    2 12.7 22 340   M    M   4        27 310
18  20   3  12 -22  53   0    T    T    2  7.4 21 350   M    M   4 8      26 360
19  26  10  18 -16  47   0 0.24  2.9    2  7.2 17  80   M    M   7 12     25  70
================================================================================
SM  651  322       745   0  0.58     5.6 216.9          M       97
================================================================================
AV 34.3 17.0                              11.4 FASTST   M    M   5    MAX(MPH)
                                 MISC ---->  # 31 160               # 41  350
================================================================================
NOTES:
# LAST OF SEVERAL OCCURRENCES

COLUMN 17 PEAK WIND IN M.P.H.

PRELIMINARY LOCAL CLIMATOLOGICAL DATA (WS FORM: F-6) , PAGE 2

                                          STATION:  Concordia KS
                                          MONTH:    FEBRUARY
                                          YEAR:     2019
                                          LATITUDE:   39 32 N
                                          LONGITUDE:  97 39 W

[TEMPERATURE DATA]      [PRECIPITATION DATA]       SYMBOLS USED IN COLUMN 16

AVERAGE MONTHLY: 25.6   TOTAL FOR MONTH:   0.58    1 = FOG OR MIST
DPTR FM NORMAL:  -5.9   DPTR FM NORMAL:    0.08    2 = FOG REDUCING VISIBILITY
HIGHEST:    65 ON  3    GRTST 24HR  0.24 ON 19-19      TO 1/4 MILE OR LESS
LOWEST:      1 ON  8                               3 = THUNDER
                        SNOW, ICE PELLETS, HAIL    4 = ICE PELLETS
                        TOTAL MONTH:   5.6 INCHES  5 = HAIL
                        GRTST 24HR   2.9 ON 19-19  6 = FREEZING RAIN OR DRIZZLE
                        GRTST DEPTH:   2 ON 19,18  7 = DUSTSTORM OR SANDSTORM:
                                                       VSBY 1/2 MILE OR LESS
                                                   8 = SMOKE OR HAZE
[NO. OF DAYS WITH]      [WEATHER - DAYS WITH]      9 = BLOWING SNOW
                                                   X = TORNADO
MAX 32 OR BELOW:  10    0.01 INCH OR MORE:   5
MAX 90 OR ABOVE:   0    0.10 INCH OR MORE:   2
MIN 32 OR BELOW:  17    0.50 INCH OR MORE:   0
MIN  0 OR BELOW:   0    1.00 INCH OR MORE:   0

[HDD (BASE 65) ]
TOTAL THIS MO.   745    CLEAR  (SCALE 0-3)   7
DPTR FM NORMAL   108    PTCLDY (SCALE 4-7)   6
TOTAL FM JUL 1  4161    CLOUDY (SCALE 8-10)  6
DPTR FM NORMAL   220

[CDD (BASE 65) ]
TOTAL THIS MO.     0
DPTR FM NORMAL     0    [PRESSURE DATA]
TOTAL FM JAN 1     0    HIGHEST SLP M ON M
DPTR FM NORMAL     0    LOWEST  SLP 29.44 ON 14

[REMARKS]
