895
CXUS56 KSGX 211445
CF6CNO
PRELIMINARY LOCAL CLIMATOLOGICAL DATA (WS FORM: F-6)

                                          STATION:   CHINO AIRPORT CA
                                          MONTH:     APRIL
                                          YEAR:      2018
                                          LATITUDE:   33 58 N
                                          LONGITUDE: 117 38 W

  TEMPERATURE IN F:       :PCPN:    SNOW:  WIND      :SUNSHINE: SKY     :PK WND
================================================================================
1   2   3   4   5  6A  6B    7    8   9   10  11  12  13   14  15   16   17  18
                                     12Z  AVG MX 2MIN
DY MAX MIN AVG DEP HDD CDD  WTR  SNW DPTH SPD SPD DIR MIN PSBL S-S WX    SPD DR
================================================================================

 1  78  52  65   7   0   0 0.00  0.0    0  6.0 16 240   M    M   5 18     19 280
 2  71  55  63   5   2   0 0.00  0.0    0  5.9 17 240   M    M  10 18     23 250
 3  78  56  67   9   0   2 0.00  0.0    0  6.4 18 240   M    M   6 8      23 230
 4  77  51  64   6   1   0 0.00  0.0    0  5.4 17 260   M    M   3 18     21 280
 5  77  54  66   8   0   1 0.00  0.0    0  6.3 17 270   M    M   6 18     21 270
 6  77  53  65   6   0   0 0.00  0.0    0  5.7 15 240   M    M   4 18     21 220
 7  80  55  68   9   0   3 0.00  0.0    0  6.7 23 230   M    M   5 18     28 230
 8  83  56  70  11   0   5 0.00  0.0    0  6.5 17 240   M    M   7 8      27 280
 9  99  52  76  17   0  11 0.00  0.0    0  5.0 17 240   M    M   1 8      21  90
10  97  54  76  17   0  11 0.00  0.0    0  4.9 18 250   M    M   4 8      22 250
11  86  53  70  11   0   5 0.00  0.0    0  7.1 23 240   M    M   2 8      29 250
12  76  47  62   3   3   0 0.00  0.0    0  8.9 24 270   M    M   3 8      30 270
13  85  43  64   4   1   0 0.00  0.0    0  3.9 16  80   M    M   0 8      26  80
14  90  48  69   9   0   4 0.00  0.0    0  4.2 18 250   M    M   0 8      23 240
15  85  46  66   6   0   1 0.00  0.0    0  5.9 20 230   M    M   4 8      23 240
16  70  48  59  -1   6   0 0.00  0.0    0 10.9 24 240   M    M   3 8      31 220
17  77  41  59  -1   6   0 0.00  0.0    0  6.4 20 230   M    M   0 8      24 360
18  80  43  62   2   3   0 0.00  0.0    0  7.8 21 250   M    M   1 8      27 260
19  65  47  56  -5   9   0 0.01    M    0  7.9 18 230   M    M   4 18     24 250
20  82  44  63   2   2   0 0.00  0.0    0  5.2 23 240   M    M   1 18     28 250
================================================================================
SM 1613  998        33  43  0.01     0.0 127.0          M       69
================================================================================
AV 80.7 49.9                               6.4 FASTST   M    M   3    MAX(MPH)
                                 MISC ---->  # 24 270               # 31  220
================================================================================
NOTES:
# LAST OF SEVERAL OCCURRENCES

COLUMN 17 PEAK WIND IN M.P.H.

PRELIMINARY LOCAL CLIMATOLOGICAL DATA (WS FORM: F-6) , PAGE 2

                                          STATION:  CHINO AIRPORT CA
                                          MONTH:    APRIL
                                          YEAR:     2018
                                          LATITUDE:   33 58 N
                                          LONGITUDE: 117 38 W

[TEMPERATURE DATA]      [PRECIPITATION DATA]       SYMBOLS USED IN COLUMN 16

AVERAGE MONTHLY: 65.3   TOTAL FOR MONTH:   0.01    1 = FOG OR MIST
DPTR FM NORMAL:   6.0   DPTR FM NORMAL:   -0.67    2 = FOG REDUCING VISIBILITY
HIGHEST:    99 ON  9    GRTST 24HR  0.01 ON 19-19      TO 1/4 MILE OR LESS
LOWEST:     41 ON 17                               3 = THUNDER
                        SNOW, ICE PELLETS, HAIL    4 = ICE PELLETS
                        TOTAL MONTH:   0.0 INCH    5 = HAIL
                        GRTST 24HR     0.0         6 = FREEZING RAIN OR DRIZZLE
                        GRTST DEPTH:   0           7 = DUSTSTORM OR SANDSTORM:
                                                       VSBY 1/2 MILE OR LESS
                                                   8 = SMOKE OR HAZE
[NO. OF DAYS WITH]      [WEATHER - DAYS WITH]      9 = BLOWING SNOW
                                                   X = TORNADO
MAX 32 OR BELOW:   0    0.01 INCH OR MORE:   1
MAX 90 OR ABOVE:   3    0.10 INCH OR MORE:   0
MIN 32 OR BELOW:   0    0.50 INCH OR MORE:   0
MIN  0 OR BELOW:   0    1.00 INCH OR MORE:   0

[HDD (BASE 65) ]
TOTAL THIS MO.    33    CLEAR  (SCALE 0-3)   9
DPTR FM NORMAL   -90    PTCLDY (SCALE 4-7)  10
TOTAL FM JUL 1   768    CLOUDY (SCALE 8-10)  1
DPTR FM NORMAL  -964

[CDD (BASE 65) ]
TOTAL THIS MO.    43
DPTR FM NORMAL    36    [PRESSURE DATA]
TOTAL FM JAN 1    77    HIGHEST SLP M ON M
DPTR FM NORMAL    63    LOWEST  SLP 29.82 ON  2

[REMARKS]
