000
CXUS53 KICT 180800
CF6CNU
PRELIMINARY LOCAL CLIMATOLOGICAL DATA (WS FORM: F-6)

                                          STATION:   CHANUTE KS
                                          MONTH:     APRIL
                                          YEAR:      2019
                                          LATITUDE:   37 40 N
                                          LONGITUDE:  95 29 W

  TEMPERATURE IN F:       :PCPN:    SNOW:  WIND      :SUNSHINE: SKY     :PK WND
================================================================================
1   2   3   4   5  6A  6B    7    8   9   10  11  12  13   14  15   16   17  18
                                     12Z  AVG MX 2MIN
DY MAX MIN AVG DEP HDD CDD  WTR  SNW DPTH SPD SPD DIR MIN PSBL S-S WX    SPD DR
================================================================================

 1  56  28  42 -10  23   0 0.00    M    M  7.9 16 190   M    M   1        22 200
 2  66  35  51  -1  14   0 0.00    M    M  7.6 20 250   M    M   1 8      24 250
 3  72  48  60   7   5   0 0.12    M    M 13.2 26 170   M    M   2        37 170
 4  64  45  55   2  10   0 0.30    M    M  6.4 24 170   M    M   9 1      33 170
 5  72  42  57   3   8   0 0.00    M    M  5.5 12 120   M    M   4 12     18 100
 6  76  53  65  11   0   0 0.06    M    M 10.6 21 170   M    M   3 3      28 170
 7  78  55  67  13   0   2 0.00    M    M  8.9 16 220   M    M   5 12     21 210
 8  83  50  67  13   0   2 0.00    M    M  4.7 12 360   M    M   0 8      15 320
 9  85  52  69  14   0   4 0.00    M    M  9.0 16 110   M    M   0 8      23  70
10  89  63  76  21   0  11    T    M    M 21.4 39 180   M    M   0        55 190
11  77  39  58   3   7   0 0.00    M    M 18.6 30 180   M    M   4        43 180
12  61  33  47  -9  18   0 0.00    M    M  8.6 22 300   M    M   0        30 260
13  57  42  50  -6  15   0 0.00    M    M 12.9 21  30   M    M   4        30  40
14  65  42  54  -2  11   0 0.00    M    M 10.4 17 360   0    0   0        30 360
15  79  43  61   4   4   0 0.00    M    M 15.8 30 190   M    M   0        40 190
16  81  62  72  15   0   7 0.00    M    M 18.8 30 200   M    M   0        44 200
17  84  60  72  15   0   7 1.13    M    M 15.8 28 190   M    M   8 13     37 190
================================================================================
SM 1245  792       115  33  1.61    M    196.1            0     41
================================================================================
AV 73.2 46.6                              11.5 FASTST    0   0   2    MAX(MPH)
                                 MISC ---->  # 39 180               # 55  190
================================================================================
NOTES:
# LAST OF SEVERAL OCCURRENCES

COLUMN 17 PEAK WIND IN M.P.H.

PRELIMINARY LOCAL CLIMATOLOGICAL DATA (WS FORM: F-6) , PAGE 2

                                          STATION:  CHANUTE KS
                                          MONTH:    APRIL
                                          YEAR:     2019
                                          LATITUDE:   37 40 N
                                          LONGITUDE:  95 29 W

[TEMPERATURE DATA]      [PRECIPITATION DATA]       SYMBOLS USED IN COLUMN 16

AVERAGE MONTHLY: 59.9   TOTAL FOR MONTH:   1.61    1 = FOG OR MIST
DPTR FM NORMAL:   5.2   DPTR FM NORMAL:   -0.67    2 = FOG REDUCING VISIBILITY
HIGHEST:    89 ON 10    GRTST 24HR  1.13 ON 17-17      TO 1/4 MILE OR LESS
LOWEST:     28 ON  1                               3 = THUNDER
                        SNOW, ICE PELLETS, HAIL    4 = ICE PELLETS
                        TOTAL MONTH:    M          5 = HAIL
                        GRTST 24HR    M  ON   M    6 = FREEZING RAIN OR DRIZZLE
                        GRTST DEPTH:  M  ON   M    7 = DUSTSTORM OR SANDSTORM:
                                                       VSBY 1/2 MILE OR LESS
                                                   8 = SMOKE OR HAZE
[NO. OF DAYS WITH]      [WEATHER - DAYS WITH]      9 = BLOWING SNOW
                                                   X = TORNADO
MAX 32 OR BELOW:   0    0.01 INCH OR MORE:   4
MAX 90 OR ABOVE:   0    0.10 INCH OR MORE:   3
MIN 32 OR BELOW:   1    0.50 INCH OR MORE:   1
MIN  0 OR BELOW:   0    1.00 INCH OR MORE:   1

[HDD (BASE 65) ]
TOTAL THIS MO.   115    CLEAR  (SCALE 0-3)  11
DPTR FM NORMAL   -70    PTCLDY (SCALE 4-7)   4
TOTAL FM JUL 1  4400    CLOUDY (SCALE 8-10)  2
DPTR FM NORMAL    84

[CDD (BASE 65) ]
TOTAL THIS MO.    33
DPTR FM NORMAL    20    [PRESSURE DATA]
TOTAL FM JAN 1    33    HIGHEST SLP  0.00 ON 14
DPTR FM NORMAL    16    LOWEST  SLP 29.12 ON 10

[REMARKS]
