934
CXUS53 KICT 220800
CF6CNU
PRELIMINARY LOCAL CLIMATOLOGICAL DATA (WS FORM: F-6)

                                          STATION:   CHANUTE KS
                                          MONTH:     JULY
                                          YEAR:      2019
                                          LATITUDE:   37 40 N
                                          LONGITUDE:  95 29 W

  TEMPERATURE IN F:       :PCPN:    SNOW:  WIND      :SUNSHINE: SKY     :PK WND
================================================================================
1   2   3   4   5  6A  6B    7    8   9   10  11  12  13   14  15   16   17  18
                                     12Z  AVG MX 2MIN
DY MAX MIN AVG DEP HDD CDD  WTR  SNW DPTH SPD SPD DIR MIN PSBL S-S WX    SPD DR
================================================================================

 1  92  70  81   3   0  16 0.00    M    M  6.5 14 170   M    M   1        18 190
 2  91  72  82   4   0  17 0.00    M    M  9.2 18 240   M    M   2 1      26 240
 3  83  71  77  -2   0  12 0.36    M    M  7.8 16 210   M    M   3 13     21 210
 4  90  73  82   3   0  17    T    M    M  8.1 16 200   M    M   4 3      22 170
 5  90  68  79   0   0  14 1.15    M    M  6.9 18  20   M    M   5 138    29  30
 6  90  67  79   0   0  14 0.06    M    M  4.5 18 350   M    M   3 1      27  10
 7  91  72  82   3   0  17    T    M    M  2.6 10  70   M    M   3        13 140
 8  91  75  83   4   0  18 0.00    M    M  6.0 12 150   M    M   2        16 140
 9  93  74  84   5   0  19 0.00    M    M  8.1 15 180   M    M   1        21 180
10  91  73  82   3   0  17    T    M    M  5.9 25 360   M    M   1 3      41 350
11  89  65  77  -2   0  12 0.00    M    M  5.2 13  10   M    M   0        18  30
12  89  65  77  -3   0  12 0.00    M    M  3.8 12 100   M    M   2        17 100
13  91  67  79  -1   0  14 0.00    M    M  5.4 14 120   M    M   1        23  80
14  92  73  83   3   0  18 0.00    M    M  7.7 15 110   M    M   2        21  80
15  87  70  79  -1   0  14 0.00    M    M  5.9 14  50   M    M   6        20  40
16  91  65  78  -2   0  13 0.00    M    M  3.8 15 210   M    M   1 1      20 220
17  97  78  88   8   0  23 0.00    M    M 13.5 23 190   M    M   0        30 170
18  96  78  87   7   0  22 0.00    M    M 16.3 25 190   M    M   0        35 200
19  98  79  89   9   0  24 0.00    M    M 14.9 22 170   M    M   0        30 170
20  98  78  88   8   0  23 0.00    M    M 13.0 23 190   M    M   0        32 170
21  94  71  83   3   0  18 0.57    M    M  9.1 38 290   M    M   2 13     53 280
================================================================================
SM 1924 1504         0 354  2.14    M    164.2          M       39
================================================================================
AV 91.6 71.6                               7.8 FASTST   M    M   2    MAX(MPH)
                                 MISC ---->  # 38 290               # 53  280
================================================================================
NOTES:
# LAST OF SEVERAL OCCURRENCES

COLUMN 17 PEAK WIND IN M.P.H.

PRELIMINARY LOCAL CLIMATOLOGICAL DATA (WS FORM: F-6) , PAGE 2

                                          STATION:  CHANUTE KS
                                          MONTH:    JULY
                                          YEAR:     2019
                                          LATITUDE:   37 40 N
                                          LONGITUDE:  95 29 W

[TEMPERATURE DATA]      [PRECIPITATION DATA]       SYMBOLS USED IN COLUMN 16

AVERAGE MONTHLY: 81.6   TOTAL FOR MONTH:   2.14    1 = FOG OR MIST
DPTR FM NORMAL:   2.2   DPTR FM NORMAL:   -1.01    2 = FOG REDUCING VISIBILITY
HIGHEST:    98 ON 20,19 GRTST 24HR  1.15 ON  5- 5      TO 1/4 MILE OR LESS
LOWEST:     65 ON 16,12                            3 = THUNDER
                        SNOW, ICE PELLETS, HAIL    4 = ICE PELLETS
                        TOTAL MONTH:    M          5 = HAIL
                        GRTST 24HR    M  ON   M    6 = FREEZING RAIN OR DRIZZLE
                        GRTST DEPTH:  M  ON   M    7 = DUSTSTORM OR SANDSTORM:
                                                       VSBY 1/2 MILE OR LESS
                                                   8 = SMOKE OR HAZE
[NO. OF DAYS WITH]      [WEATHER - DAYS WITH]      9 = BLOWING SNOW
                                                   X = TORNADO
MAX 32 OR BELOW:   0    0.01 INCH OR MORE:   4
MAX 90 OR ABOVE:  17    0.10 INCH OR MORE:   3
MIN 32 OR BELOW:   0    0.50 INCH OR MORE:   2
MIN  0 OR BELOW:   0    1.00 INCH OR MORE:   1

[HDD (BASE 65) ]
TOTAL THIS MO.     0    CLEAR  (SCALE 0-3)  17
DPTR FM NORMAL     0    PTCLDY (SCALE 4-7)   4
TOTAL FM JUL 1     0    CLOUDY (SCALE 8-10)  0
DPTR FM NORMAL     0

[CDD (BASE 65) ]
TOTAL THIS MO.   354
DPTR FM NORMAL    52    [PRESSURE DATA]
TOTAL FM JAN 1   859    HIGHEST SLP M ON M
DPTR FM NORMAL   132    LOWEST  SLP 29.69 ON 18

[REMARKS]
