000
CXUS53 KICT 220800
CF6CNU
PRELIMINARY LOCAL CLIMATOLOGICAL DATA (WS FORM: F-6)

                                          STATION:   CHANUTE KS
                                          MONTH:     FEBRUARY
                                          YEAR:      2019
                                          LATITUDE:   37 40 N
                                          LONGITUDE:  95 29 W

  TEMPERATURE IN F:       :PCPN:    SNOW:  WIND      :SUNSHINE: SKY     :PK WND
================================================================================
1   2   3   4   5  6A  6B    7    8   9   10  11  12  13   14  15   16   17  18
                                     12Z  AVG MX 2MIN
DY MAX MIN AVG DEP HDD CDD  WTR  SNW DPTH SPD SPD DIR MIN PSBL S-S WX    SPD DR
================================================================================

 1  53  27  40   6  25   0 0.00    M    M  5.8 12 150   M    M   6 1      15 150
 2  61  43  52  18  13   0 0.00    M    M 12.2 21 180   M    M   9 1      29 180
 3  69  54  62  28   3   0 0.00    M    M 18.6 29 170   M    M   9 1      40 190
 4  62  28  45  11  20   0 0.00    M    M 12.5 26 190   M    M   5 12     39 200
 5  30  26  28  -7  37   0    T    M    M  8.6 15  50   M    M  10 16     22  70
 6  31  27  29  -6  36   0 0.27    M    M  9.5 20 350   M    M  10 136    29 360
 7  28  14  21 -14  44   0 0.30    M    M 14.5 25 330   M    M   7 136    36 330
 8  32   8  20 -15  45   0 0.00    M    M  4.8 12 310   M    M   0        15 310
 9   M   M   M   M   M   M 0.00    M    M  7.4 12 130   0    0   0         M  M
10   M   M   M   M   M   M    T    M    M  7.7 14 180   M    M  10 18     23 170
11  41  35  38   2  27   0 0.14    M    M  6.2 15 320   M    M  10 12     22 330
12  47  26  37   1  28   0 0.00    M    M 11.4 25 320   M    M   3        33 300
13  59  25  42   5  23   0 0.00    M    M 13.0 29 210   M    M   0        43 210
14  61  27  44   7  21   0 0.00    M    M 12.7 25 360   M    M   1        35 340
15  26  18  22 -15  43   0 0.12    M    M 13.8 22  30   M    M   8 168    32  40
16  31  17  24 -14  41   0 0.00    M    M  8.2 14 100   M    M   9 18     20  30
17  37  21  29  -9  36   0 0.00    M    M 12.2 24 300   M    M   5 1      30 310
18  34  17  26 -12  39   0 0.00    M    M  8.7 14  60   M    M   3        21 360
19  38  25  32  -7  33   0 0.23    M    M 10.2 20  70   M    M   6 126    26  80
20  38  25  32  -7  33   0 0.00    M    M  8.2 18 250   M    M   8 18     24 260
21  49  24  37  -2  28   0 0.00    M    M  8.0 20 120   M    M   0 18     26 120
================================================================================
SM  827  487       575   0  1.06    M    214.2            0    119
================================================================================
AV 43.5 25.6                              10.2 FASTST    0   0   6    MAX(MPH)
                                 MISC ---->  # 29 170               # 43  210
================================================================================
NOTES:
# LAST OF SEVERAL OCCURRENCES

COLUMN 17 PEAK WIND IN M.P.H.

PRELIMINARY LOCAL CLIMATOLOGICAL DATA (WS FORM: F-6) , PAGE 2

                                          STATION:  CHANUTE KS
                                          MONTH:    FEBRUARY
                                          YEAR:     2019
                                          LATITUDE:   37 40 N
                                          LONGITUDE:  95 29 W

[TEMPERATURE DATA]      [PRECIPITATION DATA]       SYMBOLS USED IN COLUMN 16

AVERAGE MONTHLY: 34.6   TOTAL FOR MONTH:   1.06    1 = FOG OR MIST
DPTR FM NORMAL:  -1.7   DPTR FM NORMAL:   -0.28    2 = FOG REDUCING VISIBILITY
HIGHEST:    69 ON  3    GRTST 24HR  0.30 ON  7- 7      TO 1/4 MILE OR LESS
LOWEST:      8 ON  8                               3 = THUNDER
                        SNOW, ICE PELLETS, HAIL    4 = ICE PELLETS
                        TOTAL MONTH:    M          5 = HAIL
                        GRTST 24HR    M  ON   M    6 = FREEZING RAIN OR DRIZZLE
                        GRTST DEPTH:  M  ON   M    7 = DUSTSTORM OR SANDSTORM:
                                                       VSBY 1/2 MILE OR LESS
                                                   8 = SMOKE OR HAZE
[NO. OF DAYS WITH]      [WEATHER - DAYS WITH]      9 = BLOWING SNOW
                                                   X = TORNADO
MAX 32 OR BELOW:   6    0.01 INCH OR MORE:   5
MAX 90 OR ABOVE:   0    0.10 INCH OR MORE:   5
MIN 32 OR BELOW:  16    0.50 INCH OR MORE:   0
MIN  0 OR BELOW:   0    1.00 INCH OR MORE:   0

[HDD (BASE 65) ]
TOTAL THIS MO.   575    CLEAR  (SCALE 0-3)   7
DPTR FM NORMAL   -28    PTCLDY (SCALE 4-7)   7
TOTAL FM JUL 1  3394    CLOUDY (SCALE 8-10)  7
DPTR FM NORMAL    -8

[CDD (BASE 65) ]
TOTAL THIS MO.     0
DPTR FM NORMAL     0    [PRESSURE DATA]
TOTAL FM JAN 1     0    HIGHEST SLP  0.00 ON  9
DPTR FM NORMAL     0    LOWEST  SLP 29.39 ON 14

[REMARKS]
