000
CXUS55 KRIW 240945
CF6COD
PRELIMINARY LOCAL CLIMATOLOGICAL DATA (WS FORM: F-6)

                                          STATION:   CODY WY
                                          MONTH:     APRIL
                                          YEAR:      2019
                                          LATITUDE:   44 31 N
                                          LONGITUDE: 109  1 W

  TEMPERATURE IN F:       :PCPN:    SNOW:  WIND      :SUNSHINE: SKY     :PK WND
================================================================================
1   2   3   4   5  6A  6B    7    8   9   10  11  12  13   14  15   16   17  18
                                     12Z  AVG MX 2MIN
DY MAX MIN AVG DEP HDD CDD  WTR  SNW DPTH SPD SPD DIR MIN PSBL S-S WX    SPD DR
================================================================================

 1  49  30  40  -2  25   0    T    M    M  6.2 14  10   M    M   8        18  80
 2   M   M   M   M   M   M    M    M    M  5.5 10  30   M    M   9         M  M
 3   M   M   M   M   M   M 0.02    M    M  4.7 13 250   M    M   7        18 250
 4   M   M   M   M   M   M    M    M    M 10.0 18 260   M    M   5        28 260
 5  65  40  53  11  12   0 0.10    M    M  4.7 10 120   M    M   5 3      24  99
 6  61  44  53  10  12   0 0.00    M    M 14.2 22 260   M    M   0        47 250
 7  62  45  54  11  11   0 0.00    M    M 13.8 20 240   M    M   2        38 270
 8  56  37  47   4  18   0 0.00    M    M  9.5 17  30   M    M   3        23  30
 9  54  36  45   2  20   0 0.07    M    M 11.5 18  20   M    M   6        18 340
10  39  29  34 -10  31   0 0.01    M    M 16.0 23 360   M    M   9 1      36 360
11  42  23  33 -11  32   0    T    M    M  7.0 16  10   M    M   6        22  10
12  43  25  34 -10  31   0    T    M    M  8.0 15  20   M    M   8        20 360
13  52  24  38  -6  27   0 0.00    M    M 10.5 22 250   M    M   3        32 250
14  55  37  46   2  19   0 0.00    M    M 11.7 20 270   M    M   7        33 280
15  54  30  42  -3  23   0    T    M    M  8.8 15  20   M    M   7        17 100
16  53  33  43  -2  22   0 0.04    M    M  7.4 16  10   M    M   8         M  M
17  55  28  42  -3  23   0 0.00    M    M  7.0 15 330   M    M   5        23 330
18  67  27  47   1  18   0 0.00    M    M  7.9 20 260   M    M   2        33 250
19  75  53  64  18   1   0 0.00    M    M 11.0 16 250   M    M   0        32 260
20  69  47  58  12   7   0 0.01    M    M  9.4 15 150   M    M   2 3      20 230
21  47  37  42  -4  23   0 0.04    M    M 14.0 18 340   M    M  10        30 340
22  56  35  46  -1  19   0    T    M    M  6.3 15 120   M    M   5        18 130
23  69  34  52   5  13   0 0.00    M    M  6.3 14 260   M    M   4        23 280
================================================================================
SM 1123  694       387   0  0.29    M    211.4          M      121
================================================================================
AV 56.2 34.7                               9.2 FASTST   M    M   5    MAX(MPH)
                                 MISC ---->  # 23 360               # 47  250
================================================================================
NOTES:
# LAST OF SEVERAL OCCURRENCES

COLUMN 17 PEAK WIND IN M.P.H.

PRELIMINARY LOCAL CLIMATOLOGICAL DATA (WS FORM: F-6) , PAGE 2

                                          STATION:  CODY WY
                                          MONTH:    APRIL
                                          YEAR:     2019
                                          LATITUDE:   44 31 N
                                          LONGITUDE: 109  1 W

[TEMPERATURE DATA]      [PRECIPITATION DATA]       SYMBOLS USED IN COLUMN 16

AVERAGE MONTHLY: 45.4   TOTAL FOR MONTH:   0.29    1 = FOG OR MIST
DPTR FM NORMAL:   1.3   DPTR FM NORMAL:   -0.44    2 = FOG REDUCING VISIBILITY
HIGHEST:    75 ON 19    GRTST 24HR  0.10 ON  5- 5      TO 1/4 MILE OR LESS
LOWEST:     23 ON 11                               3 = THUNDER
                        SNOW, ICE PELLETS, HAIL    4 = ICE PELLETS
                        TOTAL MONTH:    M          5 = HAIL
                        GRTST 24HR    M  ON   M    6 = FREEZING RAIN OR DRIZZLE
                        GRTST DEPTH:  M  ON   M    7 = DUSTSTORM OR SANDSTORM:
                                                       VSBY 1/2 MILE OR LESS
                                                   8 = SMOKE OR HAZE
[NO. OF DAYS WITH]      [WEATHER - DAYS WITH]      9 = BLOWING SNOW
                                                   X = TORNADO
MAX 32 OR BELOW:   0    0.01 INCH OR MORE:   7
MAX 90 OR ABOVE:   0    0.10 INCH OR MORE:   1
MIN 32 OR BELOW:   8    0.50 INCH OR MORE:   0
MIN  0 OR BELOW:   0    1.00 INCH OR MORE:   0

[HDD (BASE 65) ]
TOTAL THIS MO.   387    CLEAR  (SCALE 0-3)   6
DPTR FM NORMAL     M    PTCLDY (SCALE 4-7)  13
TOTAL FM JUL 1  7091    CLOUDY (SCALE 8-10)  4
DPTR FM NORMAL     M

[CDD (BASE 65) ]
TOTAL THIS MO.     0
DPTR FM NORMAL     0    [PRESSURE DATA]
TOTAL FM JAN 1     0    HIGHEST SLP M ON M
DPTR FM NORMAL     0    LOWEST  SLP M ON M

[REMARKS]
