000
CXUS55 KRIW 170945
CF6COD
PRELIMINARY LOCAL CLIMATOLOGICAL DATA (WS FORM: F-6)

                                          STATION:   CODY WY
                                          MONTH:     FEBRUARY
                                          YEAR:      2019
                                          LATITUDE:   44 31 N
                                          LONGITUDE: 109  1 W

  TEMPERATURE IN F:       :PCPN:    SNOW:  WIND      :SUNSHINE: SKY     :PK WND
================================================================================
1   2   3   4   5  6A  6B    7    8   9   10  11  12  13   14  15   16   17  18
                                     12Z  AVG MX 2MIN
DY MAX MIN AVG DEP HDD CDD  WTR  SNW DPTH SPD SPD DIR MIN PSBL S-S WX    SPD DR
================================================================================

 1  57  28  43  16  22   0 0.00    M    M 10.5 17 240   M    M   0        24 260
 2  56  29  43  16  22   0 0.00    M    M 11.1 17 250   M    M   1        28 230
 3  37  -5  16 -11  49   0    T    M    M 13.3 20  30   M    M   9 1      30  30
 4   4  -5   0 -28  65   0    T    M    M  6.8 12  20   M    M   8 1       M  M
 5   2  -8  -3 -31  68   0    T    M    M  8.8 13  20   M    M   6         M  M
 6  -1  -8  -4 -32  69   0    T    M    M  9.1 13  30   M    M   8         M  M
 7  16 -12   2 -26  63   0 0.00    M    M  3.9 12 130   M    M   1         M  M
 8  32  -6  13 -15  52   0 0.00    M    M  4.8 10  50   M    M   0         M  M
 9   9  -9   0 -28  65   0    T    M    M 11.2 15  30   M    M   6 18      M  M
10  26  -9   9 -19  56   0    T    M    M  3.4  9 180   M    M   2         M  M
11  33   1  17 -11  48   0 0.00    M    M 12.0 25 250   M    M   1        44 250
12  44  27  36   8  29   0 0.00    M    M 12.4 18 260   M    M   0        33 240
13  42  20  31   2  34   0 0.00    M    M 10.2 14  40   M    M   2        36 160
14  36  16  26  -3  39   0    T    M    M  5.4 12  90   M    M   7 1      18 110
15  44   5  25  -4  40   0 0.05    M    M  7.9 16 270   M    M   4 1      31 280
16  34   8  21  -8  44   0    T    M    M  9.7 16 290   M    M   3        52 230
================================================================================
SM  471   72       765   0  0.05    M    140.5          M       58
================================================================================
AV 29.4  4.5                               8.8 FASTST   M    M   4    MAX(MPH)
                                 MISC ---->  # 25 250               # 52  230
================================================================================
NOTES:
# LAST OF SEVERAL OCCURRENCES

COLUMN 17 PEAK WIND IN M.P.H.

PRELIMINARY LOCAL CLIMATOLOGICAL DATA (WS FORM: F-6) , PAGE 2

                                          STATION:  CODY WY
                                          MONTH:    FEBRUARY
                                          YEAR:     2019
                                          LATITUDE:   44 31 N
                                          LONGITUDE: 109  1 W

[TEMPERATURE DATA]      [PRECIPITATION DATA]       SYMBOLS USED IN COLUMN 16

AVERAGE MONTHLY: 17.0   TOTAL FOR MONTH:   0.05    1 = FOG OR MIST
DPTR FM NORMAL: -11.1   DPTR FM NORMAL:   -0.12    2 = FOG REDUCING VISIBILITY
HIGHEST:    57 ON  1    GRTST 24HR  0.05 ON 15-15      TO 1/4 MILE OR LESS
LOWEST:    -12 ON  7                               3 = THUNDER
                        SNOW, ICE PELLETS, HAIL    4 = ICE PELLETS
                        TOTAL MONTH:    M          5 = HAIL
                        GRTST 24HR    M  ON   M    6 = FREEZING RAIN OR DRIZZLE
                        GRTST DEPTH:  M  ON   M    7 = DUSTSTORM OR SANDSTORM:
                                                       VSBY 1/2 MILE OR LESS
                                                   8 = SMOKE OR HAZE
[NO. OF DAYS WITH]      [WEATHER - DAYS WITH]      9 = BLOWING SNOW
                                                   X = TORNADO
MAX 32 OR BELOW:   7    0.01 INCH OR MORE:   1
MAX 90 OR ABOVE:   0    0.10 INCH OR MORE:   0
MIN 32 OR BELOW:  16    0.50 INCH OR MORE:   0
MIN  0 OR BELOW:   8    1.00 INCH OR MORE:   0

[HDD (BASE 65) ]
TOTAL THIS MO.   765    CLEAR  (SCALE 0-3)   9
DPTR FM NORMAL     M    PTCLDY (SCALE 4-7)   5
TOTAL FM JUL 1  5022    CLOUDY (SCALE 8-10)  2
DPTR FM NORMAL     M

[CDD (BASE 65) ]
TOTAL THIS MO.     0
DPTR FM NORMAL     0    [PRESSURE DATA]
TOTAL FM JAN 1     0    HIGHEST SLP M ON M
DPTR FM NORMAL     0    LOWEST  SLP M ON M

[REMARKS]
