000
CXUS51 KGYX 181000
CF6CON
PRELIMINARY LOCAL CLIMATOLOGICAL DATA (WS FORM: F-6)

                                          STATION:   CONCORD NH
                                          MONTH:     FEBRUARY
                                          YEAR:      2019
                                          LATITUDE:   43 12 N
                                          LONGITUDE:  71 30 W

  TEMPERATURE IN F:       :PCPN:    SNOW:  WIND      :SUNSHINE: SKY     :PK WND
================================================================================
1   2   3   4   5  6A  6B    7    8   9   10  11  12  13   14  15   16   17  18
                                     12Z  AVG MX 2MIN
DY MAX MIN AVG DEP HDD CDD  WTR  SNW DPTH SPD SPD DIR MIN PSBL S-S WX    SPD DR
================================================================================

 1  20  -6   7 -14  58   0 0.00  0.0    7  5.4 18 310   M    M   0        24 310
 2  30 -10  10 -12  55   0 0.00  0.0    7  3.8 13 210   M    M   5        18 200
 3  32  12  22   0  43   0 0.00  0.0    7  2.3 12 330   M    M   9        16 320
 4  60  26  43  21  22   0 0.00  0.0    6  1.8 14 230   M    M   4 1      16 240
 5  59  29  44  22  21   0 0.00  0.0    4  7.9 24 320   M    M   2 1      32 310
 6  39  25  32  10  33   0 0.40    T    3  6.5 20 310   M    M   2 16     27 300
 7  35  31  33  11  32   0 0.04  0.1    3  2.5  8  80   M    M  10 16     10  90
 8  49  26  38  15  27   0 0.22  0.0    3 10.9 33 290   M    M   7 1      46 290
 9  30  16  23   0  42   0 0.00  0.0    3 16.4 35 320   M    M   1        50 310
10  31  15  23   0  42   0 0.00  0.0    3  8.4 20 310   M    M   0        26 300
11  31  15  23   0  42   0 0.00  0.0    3  9.8 18 320   M    M   3        26 310
12  21   9  15  -9  50   0 0.66  3.4    7  5.8 13  70   M    M   5 12     17 310
13  36  21  29   5  36   0 0.43  1.0    7  7.7 21 310   M    M   9 126    27 300
14  34  18  26   2  39   0    T    T    7  8.0 24 280   M    M   4        34 310
15  36  19  28   4  37   0 0.04  0.2    7  1.7 10 310   M    M   7 12     12 120
16  36  20  28   3  37   0 0.00  0.0    7  9.9 23 330   M    M   3 1      29 330
17  34  15  25   0  40   0 0.00  0.0    7  5.2 16 320   M    M   1        20 330
================================================================================
SM  613  281       656   0  1.79     4.7 114.0          M       72
================================================================================
AV 36.1 16.5                               6.7 FASTST   M    M   4    MAX(MPH)
                                 MISC ---->  # 35 320               # 50  310
================================================================================
NOTES:
# LAST OF SEVERAL OCCURRENCES

COLUMN 17 PEAK WIND IN M.P.H.

PRELIMINARY LOCAL CLIMATOLOGICAL DATA (WS FORM: F-6) , PAGE 2

                                          STATION:  CONCORD NH
                                          MONTH:    FEBRUARY
                                          YEAR:     2019
                                          LATITUDE:   43 12 N
                                          LONGITUDE:  71 30 W

[TEMPERATURE DATA]      [PRECIPITATION DATA]       SYMBOLS USED IN COLUMN 16

AVERAGE MONTHLY: 26.3   TOTAL FOR MONTH:   1.79    1 = FOG OR MIST
DPTR FM NORMAL:   3.3   DPTR FM NORMAL:    0.22    2 = FOG REDUCING VISIBILITY
HIGHEST:    60 ON  4    GRTST 24HR  0.66 ON 12-12      TO 1/4 MILE OR LESS
LOWEST:    -10 ON  2                               3 = THUNDER
                        SNOW, ICE PELLETS, HAIL    4 = ICE PELLETS
                        TOTAL MONTH:   4.7 INCHES  5 = HAIL
                        GRTST 24HR   3.4 ON 12-12  6 = FREEZING RAIN OR DRIZZLE
                        GRTST DEPTH:   7 ON 17,16  7 = DUSTSTORM OR SANDSTORM:
                                                       VSBY 1/2 MILE OR LESS
                                                   8 = SMOKE OR HAZE
[NO. OF DAYS WITH]      [WEATHER - DAYS WITH]      9 = BLOWING SNOW
                                                   X = TORNADO
MAX 32 OR BELOW:   7    0.01 INCH OR MORE:   6
MAX 90 OR ABOVE:   0    0.10 INCH OR MORE:   4
MIN 32 OR BELOW:  17    0.50 INCH OR MORE:   1
MIN  0 OR BELOW:   2    1.00 INCH OR MORE:   0

[HDD (BASE 65) ]
TOTAL THIS MO.   656    CLEAR  (SCALE 0-3)   7
DPTR FM NORMAL   -57    PTCLDY (SCALE 4-7)   7
TOTAL FM JUL 1  4741    CLOUDY (SCALE 8-10)  3
DPTR FM NORMAL   -94

[CDD (BASE 65) ]
TOTAL THIS MO.     0
DPTR FM NORMAL     0    [PRESSURE DATA]
TOTAL FM JAN 1     0    HIGHEST SLP M ON M
DPTR FM NORMAL     0    LOWEST  SLP 29.49 ON 13

[REMARKS]
