000
CXUS51 KGYX 240900
CF6CON
PRELIMINARY LOCAL CLIMATOLOGICAL DATA (WS FORM: F-6)

                                          STATION:   CONCORD NH
                                          MONTH:     AUGUST
                                          YEAR:      2019
                                          LATITUDE:   43 12 N
                                          LONGITUDE:  71 30 W

  TEMPERATURE IN F:       :PCPN:    SNOW:  WIND      :SUNSHINE: SKY     :PK WND
================================================================================
1   2   3   4   5  6A  6B    7    8   9   10  11  12  13   14  15   16   17  18
                                     12Z  AVG MX 2MIN
DY MAX MIN AVG DEP HDD CDD  WTR  SNW DPTH SPD SPD DIR MIN PSBL S-S WX    SPD DR
================================================================================

 1  84  54  69  -1   0   4 0.00  0.0    0  5.4 15 280   M    M   1        21 360
 2  84  48  66  -4   0   1 0.00  0.0    0  2.0  9 220   M    M   0        12 340
 3  84  56  70   0   0   5 1.10  0.0    0  3.5 22 340   M    M   2 138    25 340
 4  84  52  68  -2   0   3 0.00  0.0    0  4.5 16 330   M    M   4 12     22 320
 5  82  47  65  -5   0   0 0.00  0.0    0  2.5 13 320   M    M   0        19 320
 6  84  51  68  -2   0   3 0.00  0.0    0  3.6 15 160   M    M   0        20 160
 7  85  64  75   5   0  10 1.13  0.0    0  3.9 17 160   M    M   4 13     23 170
 8  86  63  75   5   0  10 0.03  0.0    0  7.1 13 310   M    M   5 13     30 280
 9  83  58  71   1   0   6 0.00  0.0    0  6.3 16 230   M    M   2        25 290
10  76  52  64  -6   1   0    T  0.0    0  6.4 25 330   M    M   3        33 340
11  79  46  63  -6   2   0 0.00  0.0    0  4.7 20 320   M    M   1        27 320
12  84  53  69   0   0   4 0.00  0.0    0  3.8 15 320   M    M   2        19 290
13  83  64  74   5   0   9 0.01  0.0    0  3.4 14 210   M    M   4        17 230
14  80  58  69   0   0   4 0.00  0.0    0  3.1  9  80   M    M   1 1      17  80
15  80  54  67  -2   0   2 0.00  0.0    0  2.9 10 120   M    M   5        14 160
16  82  64  73   4   0   8 0.01  0.0    0  4.8 12 120   M    M   7 1      16 170
17  79  64  72   3   0   7 1.03  0.0    0  4.2 13 320   M    M   9 13     17 310
18  87  64  76   8   0  11 0.08  0.0    0  3.0  9 220   M    M   5 123    22 210
19  90  67  79  11   0  14 0.01  0.0    0  4.7 15 280   M    M   2 1238   20 270
20  86  59  73   5   0   8 0.00  0.0    0  3.2 12 180   M    M   0        14 180
21  75  56  66  -2   0   1 0.58  0.0    0  1.6  8 100   M    M   5 13      9  90
22  88  62  75   7   0  10 0.00  0.0    0  5.0 16 270   M    M   5 12     20 270
23  78  51  65  -3   0   0 0.00  0.0    0  4.9 14 320   M    M   1        19 340
================================================================================
SM 1903 1307         3 120  3.98     0.0  94.5          M       68
================================================================================
AV 82.7 56.8                               4.1 FASTST   M    M   3    MAX(MPH)
                                 MISC ---->  # 25 330               # 33  340
================================================================================
NOTES:
# LAST OF SEVERAL OCCURRENCES

COLUMN 17 PEAK WIND IN M.P.H.

PRELIMINARY LOCAL CLIMATOLOGICAL DATA (WS FORM: F-6) , PAGE 2

                                          STATION:  CONCORD NH
                                          MONTH:    AUGUST
                                          YEAR:     2019
                                          LATITUDE:   43 12 N
                                          LONGITUDE:  71 30 W

[TEMPERATURE DATA]      [PRECIPITATION DATA]       SYMBOLS USED IN COLUMN 16

AVERAGE MONTHLY: 69.8   TOTAL FOR MONTH:   3.98    1 = FOG OR MIST
DPTR FM NORMAL:   0.6   DPTR FM NORMAL:    1.55    2 = FOG REDUCING VISIBILITY
HIGHEST:    90 ON 19    GRTST 24HR  1.13 ON  7- 7      TO 1/4 MILE OR LESS
LOWEST:     46 ON 11                               3 = THUNDER
                        SNOW, ICE PELLETS, HAIL    4 = ICE PELLETS
                        TOTAL MONTH:   0.0 INCH    5 = HAIL
                        GRTST 24HR     0.0         6 = FREEZING RAIN OR DRIZZLE
                        GRTST DEPTH:   0           7 = DUSTSTORM OR SANDSTORM:
                                                       VSBY 1/2 MILE OR LESS
                                                   8 = SMOKE OR HAZE
[NO. OF DAYS WITH]      [WEATHER - DAYS WITH]      9 = BLOWING SNOW
                                                   X = TORNADO
MAX 32 OR BELOW:   0    0.01 INCH OR MORE:   9
MAX 90 OR ABOVE:   1    0.10 INCH OR MORE:   4
MIN 32 OR BELOW:   0    0.50 INCH OR MORE:   4
MIN  0 OR BELOW:   0    1.00 INCH OR MORE:   3

[HDD (BASE 65) ]
TOTAL THIS MO.     3    CLEAR  (SCALE 0-3)  13
DPTR FM NORMAL   -15    PTCLDY (SCALE 4-7)   9
TOTAL FM JUL 1     3    CLOUDY (SCALE 8-10)  1
DPTR FM NORMAL   -32

[CDD (BASE 65) ]
TOTAL THIS MO.   120
DPTR FM NORMAL     8    [PRESSURE DATA]
TOTAL FM JAN 1   450    HIGHEST SLP M ON M
DPTR FM NORMAL    64    LOWEST  SLP 29.62 ON  9

[REMARKS]
