000
CXUS55 KPUB 201159
CF6COS
PRELIMINARY LOCAL CLIMATOLOGICAL DATA (WS FORM: F-6)

                                          STATION:   COLORADO SPRINGS CO
                                          MONTH:     FEBRUARY
                                          YEAR:      2019
                                          LATITUDE:   38 49 N
                                          LONGITUDE: 104 43 W

  TEMPERATURE IN F:       :PCPN:    SNOW:  WIND      :SUNSHINE: SKY     :PK WND
================================================================================
1   2   3   4   5  6A  6B    7    8   9   10  11  12  13   14  15   16   17  18
                                     12Z  AVG MX 2MIN
DY MAX MIN AVG DEP HDD CDD  WTR  SNW DPTH SPD SPD DIR MIN PSBL S-S WX    SPD DR
================================================================================

 1  57  22  40  10  25   0 0.00  0.0    0  7.1 14 170   M    M   0        22 170
 2  63  24  44  13  21   0 0.00  0.0    0  6.5 15  30   M    M   3        17 120
 3  63  33  48  17  17   0 0.00  0.0    0 11.8 33 260   M    M   4        48 260
 4  58  27  43  12  22   0 0.00  0.0    0 15.0 35 170   M    M   4        41 170
 5  55  21  38   7  27   0 0.00  0.0    0 12.1 29 240   M    M   3 12     35 230
 6  51   6  29  -2  36   0 0.02  0.7    0 15.9 32 190   M    M   5 18     42 340
 7  19   2  11 -20  54   0    T  0.1    1  5.5 10 160   M    M   6 18     16 200
 8  36   2  19 -12  46   0 0.00  0.0    T  7.4 20 180   M    M   2        26 170
 9  48  23  36   5  29   0 0.00  0.0    0 10.8 22 150   M    M   6        29 140
10  45  16  31   0  34   0 0.00  0.0    0  9.8 28 160   M    M   2        34 150
11  47  11  29  -2  36   0 0.00  0.0    0 10.1 35  20   M    M   3        42 330
12  51  17  34   3  31   0 0.00  0.0    0  7.0 24 200   M    M   4        29 200
13  64  24  44  12  21   0 0.00  0.0    0 12.3 31 340   M    M   5        39 340
14  61  26  44  12  21   0 0.00  0.0    0 18.9 44 290   M    M   8        57 290
15  60  20  40   8  25   0 0.00  0.0    0  8.3 21  60   M    M   7 1      27  70
16  49  16  33   1  32   0 0.01  0.2    0 12.8 38  20   M    M   3 18     56 270
17  37  16  27  -5  38   0    T    T    T  9.7 23  70   M    M   5        34 310
18  17   5  11 -21  54   0 0.06  1.2    1 12.9 20 160   M    M  10 1      25 150
19  17   7  12 -21  53   0 0.02  0.4    1  6.3 14 140   M    M  10 18     17 140
================================================================================
SM  898  318       622   0  0.11     2.6 200.2          M       90
================================================================================
AV 47.3 16.7                              10.5 FASTST   M    M   5    MAX(MPH)
                                 MISC ---->  # 44 290               # 57  290
================================================================================
NOTES:
# LAST OF SEVERAL OCCURRENCES

COLUMN 17 PEAK WIND IN M.P.H.

PRELIMINARY LOCAL CLIMATOLOGICAL DATA (WS FORM: F-6) , PAGE 2

                                          STATION:  COLORADO SPRINGS CO
                                          MONTH:    FEBRUARY
                                          YEAR:     2019
                                          LATITUDE:   38 49 N
                                          LONGITUDE: 104 43 W

[TEMPERATURE DATA]      [PRECIPITATION DATA]       SYMBOLS USED IN COLUMN 16

AVERAGE MONTHLY: 32.0   TOTAL FOR MONTH:   0.11    1 = FOG OR MIST
DPTR FM NORMAL:   0.6   DPTR FM NORMAL:   -0.09    2 = FOG REDUCING VISIBILITY
HIGHEST:    64 ON 13    GRTST 24HR  0.06 ON 18-18      TO 1/4 MILE OR LESS
LOWEST:      2 ON  8, 7                            3 = THUNDER
                        SNOW, ICE PELLETS, HAIL    4 = ICE PELLETS
                        TOTAL MONTH:   2.6 INCHES  5 = HAIL
                        GRTST 24HR   1.2 ON 18-18  6 = FREEZING RAIN OR DRIZZLE
                        GRTST DEPTH:   1 ON 19,18  7 = DUSTSTORM OR SANDSTORM:
                                                       VSBY 1/2 MILE OR LESS
                                                   8 = SMOKE OR HAZE
[NO. OF DAYS WITH]      [WEATHER - DAYS WITH]      9 = BLOWING SNOW
                                                   X = TORNADO
MAX 32 OR BELOW:   3    0.01 INCH OR MORE:   4
MAX 90 OR ABOVE:   0    0.10 INCH OR MORE:   0
MIN 32 OR BELOW:  18    0.50 INCH OR MORE:   0
MIN  0 OR BELOW:   0    1.00 INCH OR MORE:   0

[HDD (BASE 65) ]
TOTAL THIS MO.   622    CLEAR  (SCALE 0-3)   6
DPTR FM NORMAL   -16    PTCLDY (SCALE 4-7)  10
TOTAL FM JUL 1  4059    CLOUDY (SCALE 8-10)  3
DPTR FM NORMAL  -222

[CDD (BASE 65) ]
TOTAL THIS MO.     0
DPTR FM NORMAL     0    [PRESSURE DATA]
TOTAL FM JAN 1     0    HIGHEST SLP M ON M
DPTR FM NORMAL     0    LOWEST  SLP 29.51 ON 16

[REMARKS]
