000
CXUS55 KPUB 201059
CF6COS
PRELIMINARY LOCAL CLIMATOLOGICAL DATA (WS FORM: F-6)

                                          STATION:   COLORADO SPRINGS CO
                                          MONTH:     AUGUST
                                          YEAR:      2019
                                          LATITUDE:   38 49 N
                                          LONGITUDE: 104 43 W

  TEMPERATURE IN F:       :PCPN:    SNOW:  WIND      :SUNSHINE: SKY     :PK WND
================================================================================
1   2   3   4   5  6A  6B    7    8   9   10  11  12  13   14  15   16   17  18
                                     12Z  AVG MX 2MIN
DY MAX MIN AVG DEP HDD CDD  WTR  SNW DPTH SPD SPD DIR MIN PSBL S-S WX    SPD DR
================================================================================

 1  89  62  76   6   0  11 0.09  0.0    0  7.9 30 190   M    M   6 13     36 180
 2  85  59  72   2   0   7 0.15  0.0    0  7.5 28 290   M    M   6 3      36 280
 3  87  61  74   4   0   9    T  0.0    0  8.3 26  40   M    M   6 3      32  40
 4  91  65  78   8   0  13 0.00  0.0    0  9.2 21 180   M    M   7        29 150
 5  90  66  78   8   0  13    T  0.0    0 12.2 30  20   M    M   7        39  20
 6  91  59  75   5   0  10 0.09  0.0    0  7.8 40  30   M    M   4 3      51 360
 7  90  59  75   5   0  10    T  0.0    0  9.2 20 260   M    M   7 3      25 340
 8  82  60  71   1   0   6 0.16  0.0    0  7.4 32 360   M    M   8 3      40 360
 9  89  58  74   4   0   9 0.08  0.0    0  5.2 24 150   M    M   7 3      32 170
10  87  60  74   4   0   9 0.09  0.0    0  9.8 24 330   M    M   8 3      33 310
11  91  62  77   8   0  12    T  0.0    0  9.4 32 350   M    M   6        44 330
12  87  58  73   4   0   8    T  0.0    0  9.3 21 140   M    M   5 3      27 130
13  89  56  73   4   0   8 0.00  0.0    0  7.0 26 360   M    M   4 3      34  10
14  81  56  69   0   0   4 0.04  0.0    0  7.0 23 120   M    M   5 13     34 160
15  92  54  73   4   0   8 0.00  0.0    0  8.1 23 360   M    M   3 3      35  10
16  96  54  75   6   0  10    T  0.0    0 10.2 31 340   M    M   4 3      38 350
17  92  54  73   4   0   8 0.00  0.0    0  7.5 25 340   M    M   4        38 340
18  93  54  74   5   0   9 0.00  0.0    0 10.4 28 170   M    M   2        35 150
19  93  57  75   7   0  10 0.00  0.0    0  8.1 23 130   M    M   6        39 180
================================================================================
SM 1695 1114         0 174  0.70     0.0 161.5          M      105
================================================================================
AV 89.2 58.6                               8.5 FASTST   M    M   6    MAX(MPH)
                                 MISC ---->  # 40  30               # 51  360
================================================================================
NOTES:
# LAST OF SEVERAL OCCURRENCES

COLUMN 17 PEAK WIND IN M.P.H.

PRELIMINARY LOCAL CLIMATOLOGICAL DATA (WS FORM: F-6) , PAGE 2

                                          STATION:  COLORADO SPRINGS CO
                                          MONTH:    AUGUST
                                          YEAR:     2019
                                          LATITUDE:   38 49 N
                                          LONGITUDE: 104 43 W

[TEMPERATURE DATA]      [PRECIPITATION DATA]       SYMBOLS USED IN COLUMN 16

AVERAGE MONTHLY: 73.9   TOTAL FOR MONTH:   0.70    1 = FOG OR MIST
DPTR FM NORMAL:   4.4   DPTR FM NORMAL:   -1.58    2 = FOG REDUCING VISIBILITY
HIGHEST:    96 ON 16    GRTST 24HR  0.16 ON  8- 8      TO 1/4 MILE OR LESS
LOWEST:     54 ON 18,17                            3 = THUNDER
                        SNOW, ICE PELLETS, HAIL    4 = ICE PELLETS
                        TOTAL MONTH:   0.0 INCH    5 = HAIL
                        GRTST 24HR     0.0         6 = FREEZING RAIN OR DRIZZLE
                        GRTST DEPTH:   0           7 = DUSTSTORM OR SANDSTORM:
                                                       VSBY 1/2 MILE OR LESS
                                                   8 = SMOKE OR HAZE
[NO. OF DAYS WITH]      [WEATHER - DAYS WITH]      9 = BLOWING SNOW
                                                   X = TORNADO
MAX 32 OR BELOW:   0    0.01 INCH OR MORE:   7
MAX 90 OR ABOVE:  10    0.10 INCH OR MORE:   2
MIN 32 OR BELOW:   0    0.50 INCH OR MORE:   0
MIN  0 OR BELOW:   0    1.00 INCH OR MORE:   0

[HDD (BASE 65) ]
TOTAL THIS MO.     0    CLEAR  (SCALE 0-3)   2
DPTR FM NORMAL    -4    PTCLDY (SCALE 4-7)  17
TOTAL FM JUL 1     0    CLOUDY (SCALE 8-10)  0
DPTR FM NORMAL   -14

[CDD (BASE 65) ]
TOTAL THIS MO.   174
DPTR FM NORMAL    81    [PRESSURE DATA]
TOTAL FM JAN 1   498    HIGHEST SLP M ON M
DPTR FM NORMAL   121    LOWEST  SLP 29.83 ON 17

[REMARKS]
