000
CXUS55 KPUB 231059
CF6COS
PRELIMINARY LOCAL CLIMATOLOGICAL DATA (WS FORM: F-6)

                                          STATION:   COLORADO SPRINGS CO
                                          MONTH:     APRIL
                                          YEAR:      2019
                                          LATITUDE:   38 49 N
                                          LONGITUDE: 104 43 W

  TEMPERATURE IN F:       :PCPN:    SNOW:  WIND      :SUNSHINE: SKY     :PK WND
================================================================================
1   2   3   4   5  6A  6B    7    8   9   10  11  12  13   14  15   16   17  18
                                     12Z  AVG MX 2MIN
DY MAX MIN AVG DEP HDD CDD  WTR  SNW DPTH SPD SPD DIR MIN PSBL S-S WX    SPD DR
================================================================================

 1  58  24  41  -2  24   0 0.00  0.0    0  6.2 18 210   M    M   6 18     26  80
 2  53  31  42  -1  23   0 0.00  0.0    0 10.9 21 140   M    M   6        27 150
 3  60  30  45   2  20   0 0.00  0.0    0  6.4 28 360   M    M   7 8      35  10
 4  65  32  49   6  16   0 0.00  0.0    0  8.8 21 130   M    M   3        28 130
 5  67  42  55  11  10   0 0.00  0.0    0  8.4 23 200   M    M   8        30 200
 6  67  48  58  14   7   0 0.00  0.0    0  9.6 30 340   M    M   7        43 360
 7  69  41  55  11  10   0 0.00  0.0    0  9.5 23 180   M    M   4        29 330
 8  73  40  57  13   8   0 0.00  0.0    0  7.3 17 140   M    M   5        24 140
 9  75  43  59  14   6   0 0.00  0.0    0 12.2 28 220   M    M   7        35 200
10  63  21  42  -3  23   0 0.09    T    0 22.4 43 340   M    M   6 3      55 340
11  40  19  30 -15  35   0    T    T    0 11.3 31 360   M    M   7 1      41 350
12  45  22  34 -11  31   0 0.10  0.5    0  7.3 22 130   M    M   8 18     29 120
13  39  30  35 -11  30   0 0.38  1.6    T  7.9 18 140   M    M  10 126    23 140
14  66  21  44  -2  21   0 0.00  0.0    1  8.3 31 310   M    M   6 1      44 300
15  75  38  57  11   8   0 0.00  0.0    0 10.5 28 260   M    M   6        36 160
16  73  42  58  12   7   0 0.00  0.0    0 12.0 26 190   M    M   8        39 180
17  59  43  51   4  14   0 0.05    M    0 10.8 28  50   M    M   7 18     33  30
18  59  35  47   0  18   0    T  0.0    0 11.9 35 350   M    M   4        43  20
19  70  31  51   4  14   0 0.00  0.0    0  6.0 15 160   M    M   1        24 180
20  78  40  59  11   6   0 0.00  0.0    0  7.4 30 220   M    M   7        40 230
21  69  48  59  11   6   0    T  0.0    0 14.9 35  20   M    M   6 3      44  20
22  50  43  47  -1  18   0    T  0.0    0  7.9 16 360   M    M   9        23 330
================================================================================
SM 1373  764       355   0  0.62     2.1 217.9          M      138
================================================================================
AV 62.4 34.7                               9.9 FASTST   M    M   6    MAX(MPH)
                                 MISC ---->  # 43 340               # 55  340
================================================================================
NOTES:
# LAST OF SEVERAL OCCURRENCES

COLUMN 17 PEAK WIND IN M.P.H.

PRELIMINARY LOCAL CLIMATOLOGICAL DATA (WS FORM: F-6) , PAGE 2

                                          STATION:  COLORADO SPRINGS CO
                                          MONTH:    APRIL
                                          YEAR:     2019
                                          LATITUDE:   38 49 N
                                          LONGITUDE: 104 43 W

[TEMPERATURE DATA]      [PRECIPITATION DATA]       SYMBOLS USED IN COLUMN 16

AVERAGE MONTHLY: 48.6   TOTAL FOR MONTH:   0.62    1 = FOG OR MIST
DPTR FM NORMAL:   3.3   DPTR FM NORMAL:   -0.33    2 = FOG REDUCING VISIBILITY
HIGHEST:    78 ON 20    GRTST 24HR  0.38 ON 13-13      TO 1/4 MILE OR LESS
LOWEST:     19 ON 11                               3 = THUNDER
                        SNOW, ICE PELLETS, HAIL    4 = ICE PELLETS
                        TOTAL MONTH:   2.1 INCHES  5 = HAIL
                        GRTST 24HR   1.6 ON 13-13  6 = FREEZING RAIN OR DRIZZLE
                        GRTST DEPTH:   1 ON 14     7 = DUSTSTORM OR SANDSTORM:
                                                       VSBY 1/2 MILE OR LESS
                                                   8 = SMOKE OR HAZE
[NO. OF DAYS WITH]      [WEATHER - DAYS WITH]      9 = BLOWING SNOW
                                                   X = TORNADO
MAX 32 OR BELOW:   0    0.01 INCH OR MORE:   4
MAX 90 OR ABOVE:   0    0.10 INCH OR MORE:   2
MIN 32 OR BELOW:  10    0.50 INCH OR MORE:   0
MIN  0 OR BELOW:   0    1.00 INCH OR MORE:   0

[HDD (BASE 65) ]
TOTAL THIS MO.   355    CLEAR  (SCALE 0-3)   1
DPTR FM NORMAL   -77    PTCLDY (SCALE 4-7)  18
TOTAL FM JUL 1  5582    CLOUDY (SCALE 8-10)  3
DPTR FM NORMAL  -218

[CDD (BASE 65) ]
TOTAL THIS MO.     0
DPTR FM NORMAL     0    [PRESSURE DATA]
TOTAL FM JAN 1     0    HIGHEST SLP M ON M
DPTR FM NORMAL     0    LOWEST  SLP 29.25 ON 10

[REMARKS]
