000
CXUS54 KCRP 181300
CF6COT
PRELIMINARY LOCAL CLIMATOLOGICAL DATA (WS FORM: F-6)

                                          STATION:   COTULLA
                                          MONTH:     APRIL
                                          YEAR:      2019
                                          LATITUDE:   28 27 N
                                          LONGITUDE:  99 13 W

  TEMPERATURE IN F:       :PCPN:    SNOW:  WIND      :SUNSHINE: SKY     :PK WND
================================================================================
1   2   3   4   5  6A  6B    7    8   9   10  11  12  13   14  15   16   17  18
                                     12Z  AVG MX 2MIN
DY MAX MIN AVG DEP HDD CDD  WTR  SNW DPTH SPD SPD DIR MIN PSBL S-S WX    SPD DR
================================================================================

 1  63  43  53 -17  12   0 0.00  0.0    0  4.2 12  60   M    M   6        15  60
 2  73  36  55 -15  10   0 0.00  0.0    0  8.3 20 150   M    M   2        26 140
 3  70  59  65  -5   0   0 0.01  0.0    0  9.7 15 140   M    M  10 1      20 140
 4  92  63  78   8   0  13 0.00  0.0    0  4.7 13 130   M    M   5 18     16 140
 5  85  60  73   2   0   8 0.00  0.0    0  9.6 18 130   M    M   3 128    26 120
 6  89  70  80   9   0  15    T  0.0    0  6.0 13 130   M    M   6 18     17 120
 7  82  59  71   0   0   6 0.25  0.0    0  9.6 31 320   M    M   3 13     39 320
 8  91  52  72   1   0   7 0.00  0.0    0  4.8 14 340   M    M   0        17 350
 9  94  54  74   2   0   9 0.00  0.0    0  6.2 17 130   M    M   0        23 120
10 102  58  80   8   0  15 0.00  0.0    0 11.9 26 150   M    M   0        36 140
11  85  56  71  -1   0   6 0.00  0.0    0  8.4 22 360   M    M   0        29 360
12  82  55  69  -3   0   4 0.00  0.0    0 12.4 22 130   M    M   4        28 140
13  80  53  67  -5   0   2 0.02  0.0    0 16.2 36 320   M    M   3 138    46 340
14  77  42  60 -13   5   0 0.00  0.0    0  6.4 20 350   M    M   0        29 340
15  87  48  68  -5   0   3 0.00  0.0    0 11.5 24 140   M    M   0        30 120
16  85  63  74   1   0   9 0.00  0.0    0 15.1 24 140   M    M   5        31 140
17  91  59  75   2   0  10 0.07  0.0    0 13.0 36 350   M    M   6 138    49 350
================================================================================
SM 1428  930        27 107  0.35     0.0 158.0          M       53
================================================================================
AV 84.0 54.7                               9.3 FASTST   M    M   3    MAX(MPH)
                                 MISC ---->  # 36 320               # 49  350
================================================================================
NOTES:
# LAST OF SEVERAL OCCURRENCES

COLUMN 17 PEAK WIND IN M.P.H.

PRELIMINARY LOCAL CLIMATOLOGICAL DATA (WS FORM: F-6) , PAGE 2

                                          STATION:  COTULLA
                                          MONTH:    APRIL
                                          YEAR:     2019
                                          LATITUDE:   28 27 N
                                          LONGITUDE:  99 13 W

[TEMPERATURE DATA]      [PRECIPITATION DATA]       SYMBOLS USED IN COLUMN 16

AVERAGE MONTHLY: 69.4   TOTAL FOR MONTH:   0.35    1 = FOG OR MIST
DPTR FM NORMAL:  -2.2   DPTR FM NORMAL:   -0.52    2 = FOG REDUCING VISIBILITY
HIGHEST:   102 ON 10    GRTST 24HR  0.25 ON  7- 7      TO 1/4 MILE OR LESS
LOWEST:     36 ON  2                               3 = THUNDER
                        SNOW, ICE PELLETS, HAIL    4 = ICE PELLETS
                        TOTAL MONTH:   0.0 INCH    5 = HAIL
                        GRTST 24HR     0.0         6 = FREEZING RAIN OR DRIZZLE
                        GRTST DEPTH:   0           7 = DUSTSTORM OR SANDSTORM:
                                                       VSBY 1/2 MILE OR LESS
                                                   8 = SMOKE OR HAZE
[NO. OF DAYS WITH]      [WEATHER - DAYS WITH]      9 = BLOWING SNOW
                                                   X = TORNADO
MAX 32 OR BELOW:   0    0.01 INCH OR MORE:   4
MAX 90 OR ABOVE:   5    0.10 INCH OR MORE:   1
MIN 32 OR BELOW:   0    0.50 INCH OR MORE:   0
MIN  0 OR BELOW:   0    1.00 INCH OR MORE:   0

[HDD (BASE 65) ]
TOTAL THIS MO.    27    CLEAR  (SCALE 0-3)   7
DPTR FM NORMAL    11    PTCLDY (SCALE 4-7)   9
TOTAL FM JUL 1  1282    CLOUDY (SCALE 8-10)  1
DPTR FM NORMAL   192

[CDD (BASE 65) ]
TOTAL THIS MO.   107
DPTR FM NORMAL   -23    [PRESSURE DATA]
TOTAL FM JAN 1   258    HIGHEST SLP M ON M
DPTR FM NORMAL   -42    LOWEST  SLP 29.50 ON 11

[REMARKS]
