000
CXUS53 KLSX 231600
CF6COU
PRELIMINARY LOCAL CLIMATOLOGICAL DATA (WS FORM: F-6)

                                          STATION:   COLUMBIA ASOS
                                          MONTH:     APRIL
                                          YEAR:      2019
                                          LATITUDE:   38 49 N
                                          LONGITUDE:  92 13 W

  TEMPERATURE IN F:       :PCPN:    SNOW:  WIND      :SUNSHINE: SKY     :PK WND
================================================================================
1   2   3   4   5  6A  6B    7    8   9   10  11  12  13   14  15   16   17  18
                                     12Z  AVG MX 2MIN
DY MAX MIN AVG DEP HDD CDD  WTR  SNW DPTH SPD SPD DIR MIN PSBL S-S WX    SPD DR
================================================================================

 1  54  29  42  -8  23   0 0.00  0.0    0  8.3 15 200   M    M   0        22 240
 2  62  34  48  -3  17   0 0.00  0.0    0  9.4 24 230   M    M   3 8      30 230
 3  67  41  54   3  11   0    T  0.0    0  8.3 18  80   M    M   4        23  80
 4  59  49  54   3  11   0 0.56  0.0    0  7.2 23 210   M    M  10 1      31 200
 5  53  47  50  -2  15   0 0.00  0.0    0  5.0 12 110   M    M  10 12     18 130
 6  73  45  59   7   6   0 0.00  0.0    0  9.3 17 150   M    M   1 1      21 170
 7  80  59  70  18   0   5 0.00  0.0    0 10.7 20 280   M    M   4 3      31 240
 8  79  56  68  15   0   3 0.00  0.0    0  6.3 15  40   M    M   0        20  30
 9  77  52  65  12   0   0 0.00  0.0    0  7.5 16 330   M    M   0        21 330
10  86  55  71  18   0   6 0.00  0.0    0 15.7 28 180   M    M   0        40 160
11  74  43  59   5   6   0 0.00  0.0    0 17.0 31 230   M    M   2        43 270
12  58  36  47  -7  18   0 0.00  0.0    0 14.8 28 240   M    M   0        38 230
13  60  37  49  -5  16   0 0.02  0.0    0  9.2 25  60   M    M   3 8      34  80
14  55  34  45 -10  20   0 0.60  0.4    T 12.7 23 340   M    M   6 18     32  30
15  75  35  55   0  10   0 0.00  0.0    0 11.3 24 180   M    M   0        31 150
16  84  55  70  15   0   5 0.00  0.0    0 12.2 23 220   M    M   0        30 210
17  79  63  71  15   0   6 0.81  0.0    0 14.1 28 210   M    M   4 13     39 210
18  65  49  57   1   8   0 0.21  0.0    0 14.6 24 360   M    M   8 13     37 330
19  61  44  53  -3  12   0 0.00  0.0    0 17.4 30 350   M    M   4        41 350
20  71  39  55  -2  10   0 0.00  0.0    0  6.7 13 280   M    M   0        17 320
21  84  50  67  10   0   2 0.00  0.0    0 12.3 23 170   M    M   0        34 180
22  79  61  70  13   0   5    T  0.0    0 12.5 24 170   M    M   4        31 200
================================================================================
SM 1535 1013       183  32  2.20     0.4 242.5          M       63
================================================================================
AV 69.8 46.1                              11.0 FASTST   M    M   3    MAX(MPH)
                                 MISC ---->  # 31 230               # 43  270
================================================================================
NOTES:
# LAST OF SEVERAL OCCURRENCES

COLUMN 17 PEAK WIND IN M.P.H.

PRELIMINARY LOCAL CLIMATOLOGICAL DATA (WS FORM: F-6) , PAGE 2

                                          STATION:  COLUMBIA ASOS
                                          MONTH:    APRIL
                                          YEAR:     2019
                                          LATITUDE:   38 49 N
                                          LONGITUDE:  92 13 W

[TEMPERATURE DATA]      [PRECIPITATION DATA]       SYMBOLS USED IN COLUMN 16

AVERAGE MONTHLY: 57.9   TOTAL FOR MONTH:   2.20    1 = FOG OR MIST
DPTR FM NORMAL:   4.1   DPTR FM NORMAL:   -0.92    2 = FOG REDUCING VISIBILITY
HIGHEST:    86 ON 10    GRTST 24HR  0.81 ON 17-17      TO 1/4 MILE OR LESS
LOWEST:     29 ON  1                               3 = THUNDER
                        SNOW, ICE PELLETS, HAIL    4 = ICE PELLETS
                        TOTAL MONTH:   0.4 INCH    5 = HAIL
                        GRTST 24HR   0.4 ON 14-14  6 = FREEZING RAIN OR DRIZZLE
                        GRTST DEPTH:   T           7 = DUSTSTORM OR SANDSTORM:
                                                       VSBY 1/2 MILE OR LESS
                                                   8 = SMOKE OR HAZE
[NO. OF DAYS WITH]      [WEATHER - DAYS WITH]      9 = BLOWING SNOW
                                                   X = TORNADO
MAX 32 OR BELOW:   0    0.01 INCH OR MORE:   5
MAX 90 OR ABOVE:   0    0.10 INCH OR MORE:   4
MIN 32 OR BELOW:   1    0.50 INCH OR MORE:   3
MIN  0 OR BELOW:   0    1.00 INCH OR MORE:   0

[HDD (BASE 65) ]
TOTAL THIS MO.   183    CLEAR  (SCALE 0-3)  13
DPTR FM NORMAL   -77    PTCLDY (SCALE 4-7)   7
TOTAL FM JUL 1  4874    CLOUDY (SCALE 8-10)  2
DPTR FM NORMAL    32

[CDD (BASE 65) ]
TOTAL THIS MO.    32
DPTR FM NORMAL    17    [PRESSURE DATA]
TOTAL FM JAN 1    32    HIGHEST SLP M ON M
DPTR FM NORMAL    14    LOWEST  SLP 29.41 ON 11

[REMARKS]
