000
CXUS53 KLSX 211400
CF6COU
PRELIMINARY LOCAL CLIMATOLOGICAL DATA (WS FORM: F-6)

                                          STATION:   COLUMBIA ASOS
                                          MONTH:     OCTOBER
                                          YEAR:      2019
                                          LATITUDE:   38 49 N
                                          LONGITUDE:  92 13 W

  TEMPERATURE IN F:       :PCPN:    SNOW:  WIND      :SUNSHINE: SKY     :PK WND
================================================================================
1   2   3   4   5  6A  6B    7    8   9   10  11  12  13   14  15   16   17  18
                                     12Z  AVG MX 2MIN
DY MAX MIN AVG DEP HDD CDD  WTR  SNW DPTH SPD SPD DIR MIN PSBL S-S WX    SPD DR
================================================================================

 1  90  70  80  19   0  15 0.00  0.0    0  9.0 18 220   M    M   0        25 210
 2  90  71  81  20   0  16 0.00  0.0    0  8.6 20 240   M    M   4        26 240
 3  75  54  65   5   0   0    T  0.0    0 10.9 20 320   M    M   6        25 320
 4  70  48  59  -1   6   0 0.00  0.0    0  8.5 15  60   M    M   1        26  80
 5  73  54  64   4   1   0 0.04  0.0    0  8.5 18 340   M    M   5 1      25 330
 6  69  49  59   0   6   0 0.08  0.0    0  5.0 13  10   M    M   4        21 360
 7  73  47  60   1   5   0 0.00  0.0    0  4.9 12 330   M    M   0 8      17 340
 8  73  44  59   1   6   0 0.00  0.0    0  6.5 15 210   M    M   0        23 120
 9  71  48  60   2   5   0 0.00  0.0    0  8.1 14 100   M    M   1        18  90
10  69  50  60   2   5   0 2.30  0.0    0 11.5 22 280   M    M   9 13     32 280
11  50  34  42 -16  23   0 0.14  0.0    0 11.6 22 280   M    M   6 1      30 270
12  63  33  48  -9  17   0 0.00  0.0    0 11.0 22 210   M    M   0        31 210
13  66  38  52  -5  13   0 0.00  0.0    0  7.1 16 250   M    M   0        21 250
14  72  36  54  -3  11   0 0.00  0.0    0  6.6 14 160   M    M   0        19 170
15  72  47  60   4   5   0 0.02  0.0    0 11.0 23 330   M    M   6 8      32 330
16  51  38  45 -11  20   0 0.00  0.0    0  9.2 20 330   M    M   4 8      29 350
17  63  36  50  -6  15   0 0.00  0.0    0  6.3 10 120   M    M   0 8      15 110
18  69  43  56   1   9   0 0.00  0.0    0 10.7 20 160   M    M   0 18     27 130
19  61  47  54  -1  11   0 0.10  0.0    0  6.0 13 260   M    M   6 12     16 140
20  64  41  53  -2  12   0 0.00  0.0    0  8.3 15 120   M    M   5 12     23 120
================================================================================
SM 1384  928       170  31  2.68  0.0    169.3          M       57
================================================================================
AV 69.2 46.4                               8.5 FASTST   M    M   3    MAX(MPH)
                                 MISC ---->    23 330               # 32 280
================================================================================
NOTES:
# LAST OF SEVERAL OCCURRENCES

COLUMN 17 PEAK WIND IN M.P.H.

PRELIMINARY LOCAL CLIMATOLOGICAL DATA (WS FORM: F-6) , PAGE 2

                                          STATION:   COLUMBIA ASOS
                                          MONTH:     OCTOBER
                                          YEAR:      2019
                                          LATITUDE:   38 49 N
                                          LONGITUDE:  92 13 W

[TEMPERATURE DATA]      [PRECIPITATION DATA]       SYMBOLS USED IN COLUMN 16

AVERAGE MONTHLY: 57.8   TOTAL FOR MONTH:   2.68    1 = FOG OR MIST
DPTR FM NORMAL:   0.0   DPTR FM NORMAL:    0.44    2 = FOG REDUCING VISIBILITY
HIGHEST:    90 ON  2, 1  GRTST 24HR  2.38 ON 10-11      TO 1/4 MILE OR LESS
LOWEST:     33 ON 12                               3 = THUNDER
                        SNOW, ICE PELLETS, HAIL    4 = ICE PELLETS
                        TOTAL MONTH:   0.0 INCH    5 = HAIL
                        GRTST 24HR  0.0            6 = FREEZING RAIN OR DRIZZLE
                        GRTST DEPTH:  0            7 = DUSTSTORM OR SANDSTORM:
                                                       VSBY 1/2 MILE OR LESS
                                                   8 = SMOKE OR HAZE
[NO. OF DAYS WITH]      [WEATHER - DAYS WITH]      9 = BLOWING SNOW
                                                   X = TORNADO
MAX 32 OR BELOW:   0    0.01 INCH OR MORE:   6
MAX 90 OR ABOVE:   2    0.10 INCH OR MORE:   3
MIN 32 OR BELOW:   0    0.50 INCH OR MORE:   1
MIN  0 OR BELOW:   0    1.00 INCH OR MORE:   1

[HDD (BASE 65) ]
TOTAL THIS MO.   170    CLEAR  (SCALE 0-3)  10
DPTR FM NORMAL     8    PTCLDY (SCALE 4-7)   9
TOTAL FM JUL 1   170    CLOUDY (SCALE 8-10)  1
DPTR FM NORMAL   -60

[CDD (BASE 65) ]
TOTAL THIS MO.    31
DPTR FM NORMAL    16    [PRESSURE DATA]
TOTAL FM JAN 1  1590    HIGHEST SLP M ON M
DPTR FM NORMAL   348    LOWEST  SLP 29.55 ON 20

[REMARKS]
