000
CXUS55 KRIW 220945
CF6CPR
PRELIMINARY LOCAL CLIMATOLOGICAL DATA (WS FORM: F-6)

                                          STATION:   CASPER WY
                                          MONTH:     APRIL
                                          YEAR:      2019
                                          LATITUDE:   42 55 N
                                          LONGITUDE: 106 28 W

  TEMPERATURE IN F:       :PCPN:    SNOW:  WIND      :SUNSHINE: SKY     :PK WND
================================================================================
1   2   3   4   5  6A  6B    7    8   9   10  11  12  13   14  15   16   17  18
                                     12Z  AVG MX 2MIN
DY MAX MIN AVG DEP HDD CDD  WTR  SNW DPTH SPD SPD DIR MIN PSBL S-S WX    SPD DR
================================================================================

 1  49  29  39   0  26   0    T  0.0    0  9.3 33 280   M    M   5        40 280
 2  49  27  38  -1  27   0 0.01  0.0    0  5.4 14 100   M    M   8 12     17 110
 3  51  33  42   2  23   0 0.06  0.0    0  5.9 14 100   M    M   7 1      17 100
 4  61  38  50  10  15   0 0.00  0.0    0 14.9 26 230   M    M   3        33 240
 5  65  38  52  12  13   0    T  0.0    0 10.8 28 220   M    M   2        33 210
 6  62  36  49   9  16   0 0.00  0.0    0 17.6 33 260   M    M   3        41 230
 7  63  34  49   9  16   0 0.00  0.0    0 23.6 40 250   M    M   0        48 250
 8  67  32  50   9  15   0 0.00  0.0    0 16.1 31 240   M    M   2        37 250
 9  69  31  50   9  15   0 0.25  0.0    0 16.3 35 340   M    M   2 13     41 330
10  38  20  29 -12  36   0 0.33  3.6    1 18.0 30  10   M    M   9 1      37  10
11  27  20  24 -17  41   0 0.03  0.2    T  5.8 16  40   M    M  10 18     17  40
12  38  18  28 -14  37   0 0.00  0.0    0  5.5 14  50   M    M   6        20  50
13  49  18  34  -8  31   0 0.00  0.0    0  8.3 21 270   M    M   1        25 260
14  61  37  49   7  16   0    T  0.0    0 20.6 39 240   M    M   4        51 240
15  60  38  49   7  16   0 0.00  0.0    0 14.0 26 220   M    M   8        34 210
16  63  38  51   8  14   0 0.07  0.0    0 11.6 29 220   M    M   7 1      35 240
17  57  30  44   1  21   0 0.02  0.0    0  8.5 26 340   M    M   7        33 350
18  60  30  45   2  20   0 0.00  0.0    0 10.2 31 330   M    M   4        38 320
19  72  30  51   7  14   0 0.00  0.0    0 10.4 22 230   M    M   0        28 310
20  77  41  59  15   6   0    T  0.0    0 10.4 37 220   M    M   2        52 220
21  48  38  43  -1  22   0 0.17  0.0    0 13.2 25  20   M    M   8 1      32  20
================================================================================
SM 1186  656       440   0  0.94     3.8 256.4          M       98
================================================================================
AV 56.5 31.2                              12.2 FASTST   M    M   5    MAX(MPH)
                                 MISC ---->  # 40 250               # 52  220
================================================================================
NOTES:
# LAST OF SEVERAL OCCURRENCES

COLUMN 17 PEAK WIND IN M.P.H.

PRELIMINARY LOCAL CLIMATOLOGICAL DATA (WS FORM: F-6) , PAGE 2

                                          STATION:  CASPER WY
                                          MONTH:    APRIL
                                          YEAR:     2019
                                          LATITUDE:   42 55 N
                                          LONGITUDE: 106 28 W

[TEMPERATURE DATA]      [PRECIPITATION DATA]       SYMBOLS USED IN COLUMN 16

AVERAGE MONTHLY: 43.9   TOTAL FOR MONTH:   0.94    1 = FOG OR MIST
DPTR FM NORMAL:   2.4   DPTR FM NORMAL:    0.12    2 = FOG REDUCING VISIBILITY
HIGHEST:    77 ON 20    GRTST 24HR  0.33 ON 10-10      TO 1/4 MILE OR LESS
LOWEST:     18 ON 13,12                            3 = THUNDER
                        SNOW, ICE PELLETS, HAIL    4 = ICE PELLETS
                        TOTAL MONTH:   3.8 INCHES  5 = HAIL
                        GRTST 24HR   3.6 ON 10-10  6 = FREEZING RAIN OR DRIZZLE
                        GRTST DEPTH:   1 ON 10     7 = DUSTSTORM OR SANDSTORM:
                                                       VSBY 1/2 MILE OR LESS
                                                   8 = SMOKE OR HAZE
[NO. OF DAYS WITH]      [WEATHER - DAYS WITH]      9 = BLOWING SNOW
                                                   X = TORNADO
MAX 32 OR BELOW:   1    0.01 INCH OR MORE:   8
MAX 90 OR ABOVE:   0    0.10 INCH OR MORE:   3
MIN 32 OR BELOW:  11    0.50 INCH OR MORE:   0
MIN  0 OR BELOW:   0    1.00 INCH OR MORE:   0

[HDD (BASE 65) ]
TOTAL THIS MO.   440    CLEAR  (SCALE 0-3)   9
DPTR FM NORMAL   -55    PTCLDY (SCALE 4-7)   9
TOTAL FM JUL 1  7012    CLOUDY (SCALE 8-10)  3
DPTR FM NORMAL   144

[CDD (BASE 65) ]
TOTAL THIS MO.     0
DPTR FM NORMAL     0    [PRESSURE DATA]
TOTAL FM JAN 1     0    HIGHEST SLP M ON M
DPTR FM NORMAL     0    LOWEST  SLP 29.57 ON 10

[REMARKS]
