000
CXUS55 KRIW 200945
CF6CPR
PRELIMINARY LOCAL CLIMATOLOGICAL DATA (WS FORM: F-6)

                                          STATION:   CASPER WY
                                          MONTH:     FEBRUARY
                                          YEAR:      2019
                                          LATITUDE:   42 55 N
                                          LONGITUDE: 106 28 W

  TEMPERATURE IN F:       :PCPN:    SNOW:  WIND      :SUNSHINE: SKY     :PK WND
================================================================================
1   2   3   4   5  6A  6B    7    8   9   10  11  12  13   14  15   16   17  18
                                     12Z  AVG MX 2MIN
DY MAX MIN AVG DEP HDD CDD  WTR  SNW DPTH SPD SPD DIR MIN PSBL S-S WX    SPD DR
================================================================================

 1  45  30  38  13  27   0 0.00  0.0    T 20.1 32 220   M    M   0        39 210
 2  48  33  41  16  24   0 0.00  0.0    T 25.3 44 210   M    M   0        50 220
 3  51   9  30   5  35   0    T  0.0    0 19.3 46 220   M    M   4        58 210
 4  40   7  24  -1  41   0    T    T    T  6.7 21 350   M    M   7 1      26 340
 5  44   8  26   1  39   0 0.03  0.5    T  7.2 22 230   M    M   5 1      28 230
 6   9  -7   1 -24  64   0 0.14  1.7    1 12.4 24  20   M    M  10 18     27  30
 7  10 -23  -6 -31  71   0 0.01  0.3    2 11.1 23 250   M    M   5 18     27 240
 8  27   9  18  -7  47   0 0.00  0.0    2 23.2 39 220   M    M   1        51 220
 9  25  -1  12 -13  53   0    T    T    T 13.6 26 220   M    M   5 18     32 210
10  38  -5  17  -9  48   0 0.00  0.0    T  8.1 31 210   M    M   3        36 230
11  28   9  19  -7  46   0 0.00  0.0    T 16.4 31 230   M    M   0        39 240
12  35  18  27   1  38   0 0.00  0.0    T 21.3 32 220   M    M   0        43 210
13  43  30  37  11  28   0 0.00  0.0    T 30.8 44 230   M    M   2        54 230
14  38  17  28   2  37   0    T    T    0 11.9 30 240   M    M   8 1      37 240
15  44  19  32   6  33   0 0.09  1.4    1 14.2 37 240   M    M   4 1      45 230
16  36  17  27   0  38   0 0.05  1.2    1  9.2 36 200   M    M   6 128    44 200
17  17   1   9 -18  56   0    T  0.2    1 10.8 17  30   M    M  10 18     19  40
18  14   0   7 -20  58   0 0.00  0.0    1  7.6 14  90   M    M   6        16  80
19  20   0  10 -17  55   0 0.03  0.2    1 10.6 22 210   M    M   5 18     27 210
================================================================================
SM  612  171       838   0  0.35     5.5 279.8          M       81
================================================================================
AV 32.2  9.0                              14.7 FASTST   M    M   4    MAX(MPH)
                                 MISC ---->  # 46 220               # 58  210
================================================================================
NOTES:
# LAST OF SEVERAL OCCURRENCES

COLUMN 17 PEAK WIND IN M.P.H.

PRELIMINARY LOCAL CLIMATOLOGICAL DATA (WS FORM: F-6) , PAGE 2

                                          STATION:  CASPER WY
                                          MONTH:    FEBRUARY
                                          YEAR:     2019
                                          LATITUDE:   42 55 N
                                          LONGITUDE: 106 28 W

[TEMPERATURE DATA]      [PRECIPITATION DATA]       SYMBOLS USED IN COLUMN 16

AVERAGE MONTHLY: 20.6   TOTAL FOR MONTH:   0.35    1 = FOG OR MIST
DPTR FM NORMAL:  -5.1   DPTR FM NORMAL:   -0.02    2 = FOG REDUCING VISIBILITY
HIGHEST:    51 ON  3    GRTST 24HR  0.14 ON  6- 6      TO 1/4 MILE OR LESS
LOWEST:    -23 ON  7                               3 = THUNDER
                        SNOW, ICE PELLETS, HAIL    4 = ICE PELLETS
                        TOTAL MONTH:   5.5 INCHES  5 = HAIL
                        GRTST 24HR   1.7 ON  6- 6  6 = FREEZING RAIN OR DRIZZLE
                        GRTST DEPTH:   2 ON  8, 7  7 = DUSTSTORM OR SANDSTORM:
                                                       VSBY 1/2 MILE OR LESS
                                                   8 = SMOKE OR HAZE
[NO. OF DAYS WITH]      [WEATHER - DAYS WITH]      9 = BLOWING SNOW
                                                   X = TORNADO
MAX 32 OR BELOW:   8    0.01 INCH OR MORE:   6
MAX 90 OR ABOVE:   0    0.10 INCH OR MORE:   1
MIN 32 OR BELOW:  18    0.50 INCH OR MORE:   0
MIN  0 OR BELOW:   6    1.00 INCH OR MORE:   0

[HDD (BASE 65) ]
TOTAL THIS MO.   838    CLEAR  (SCALE 0-3)   7
DPTR FM NORMAL    92    PTCLDY (SCALE 4-7)  10
TOTAL FM JUL 1  5069    CLOUDY (SCALE 8-10)  2
DPTR FM NORMAL   -54

[CDD (BASE 65) ]
TOTAL THIS MO.     0
DPTR FM NORMAL     0    [PRESSURE DATA]
TOTAL FM JAN 1     0    HIGHEST SLP M ON M
DPTR FM NORMAL     0    LOWEST  SLP 29.42 ON M

[REMARKS]
