000
CXUS55 KRIW 180945
CF6CPR
PRELIMINARY LOCAL CLIMATOLOGICAL DATA (WS FORM: F-6)

                                          STATION:   CASPER WY
                                          MONTH:     AUGUST
                                          YEAR:      2019
                                          LATITUDE:   42 55 N
                                          LONGITUDE: 106 28 W

  TEMPERATURE IN F:       :PCPN:    SNOW:  WIND      :SUNSHINE: SKY     :PK WND
================================================================================
1   2   3   4   5  6A  6B    7    8   9   10  11  12  13   14  15   16   17  18
                                     12Z  AVG MX 2MIN
DY MAX MIN AVG DEP HDD CDD  WTR  SNW DPTH SPD SPD DIR MIN PSBL S-S WX    SPD DR
================================================================================

 1  84  58  71  -1   0   6 0.10  0.0    0  6.5 20  20   M    M   7 1      25  20
 2  93  54  74   3   0   9 0.00  0.0    0  6.0 17  90   M    M   1        23 310
 3  94  51  73   2   0   8 0.00  0.0    0  6.3 18  20   M    M   0        23  30
 4  96  53  75   4   0  10 0.00  0.0    0 10.0 28 360   M    M   1        36  90
 5  92  59  76   5   0  11    T  0.0    0  7.8 22  40   M    M   1 3      28  40
 6  97  52  75   4   0  10    T  0.0    0 10.3 23 310   M    M   1        34 200
 7  92  54  73   2   0   8 0.03  0.0    0  5.9 24 320   M    M   1 3      32 320
 8  90  57  74   3   0   9 0.01  0.0    0  6.5 35 290   M    M   1 3      46 290
 9  90  56  73   2   0   8 0.00  0.0    0 10.7 29 270   M    M   3        40 240
10  92  51  72   2   0   7 0.01  0.0    0  8.8 26 190   M    M   2 3      36 180
11  87  54  71   1   0   6 0.00  0.0    0  9.7 25 310   M    M   2 1      34 310
12  86  45  66  -4   0   1 0.00  0.0    0 11.0 30 290   M    M   0        40 310
13  83  47  65  -5   0   0    T  0.0    0  6.6 25 210   M    M   0        36 200
14  90  49  70   0   0   5 0.00  0.0    0  8.1 21 310   M    M   1        29 290
15  87  52  70   0   0   5    T  0.0    0  9.9 36  20   M    M   1 3      48  30
16  85  52  69   0   0   4 0.00  0.0    0  9.7 18 320   M    M   0        31 330
17  87  48  68  -1   0   3    T  0.0    0 14.4 31 260   M    M   1        42 250
================================================================================
SM 1525  892         0 110  0.15     0.0 148.2          M       23
================================================================================
AV 89.7 52.5                               8.7 FASTST   M    M   1    MAX(MPH)
                                 MISC ---->  # 36  20               # 48   30
================================================================================
NOTES:
# LAST OF SEVERAL OCCURRENCES

COLUMN 17 PEAK WIND IN M.P.H.

PRELIMINARY LOCAL CLIMATOLOGICAL DATA (WS FORM: F-6) , PAGE 2

                                          STATION:  CASPER WY
                                          MONTH:    AUGUST
                                          YEAR:     2019
                                          LATITUDE:   42 55 N
                                          LONGITUDE: 106 28 W

[TEMPERATURE DATA]      [PRECIPITATION DATA]       SYMBOLS USED IN COLUMN 16

AVERAGE MONTHLY: 71.1   TOTAL FOR MONTH:   0.15    1 = FOG OR MIST
DPTR FM NORMAL:   0.6   DPTR FM NORMAL:   -0.38    2 = FOG REDUCING VISIBILITY
HIGHEST:    97 ON  6    GRTST 24HR  0.10 ON  1- 1      TO 1/4 MILE OR LESS
LOWEST:     45 ON 12                               3 = THUNDER
                        SNOW, ICE PELLETS, HAIL    4 = ICE PELLETS
                        TOTAL MONTH:   0.0 INCH    5 = HAIL
                        GRTST 24HR     0.0         6 = FREEZING RAIN OR DRIZZLE
                        GRTST DEPTH:   0           7 = DUSTSTORM OR SANDSTORM:
                                                       VSBY 1/2 MILE OR LESS
                                                   8 = SMOKE OR HAZE
[NO. OF DAYS WITH]      [WEATHER - DAYS WITH]      9 = BLOWING SNOW
                                                   X = TORNADO
MAX 32 OR BELOW:   0    0.01 INCH OR MORE:   4
MAX 90 OR ABOVE:  10    0.10 INCH OR MORE:   1
MIN 32 OR BELOW:   0    0.50 INCH OR MORE:   0
MIN  0 OR BELOW:   0    1.00 INCH OR MORE:   0

[HDD (BASE 65) ]
TOTAL THIS MO.     0    CLEAR  (SCALE 0-3)  16
DPTR FM NORMAL    -8    PTCLDY (SCALE 4-7)   1
TOTAL FM JUL 1     6    CLOUDY (SCALE 8-10)  0
DPTR FM NORMAL   -18

[CDD (BASE 65) ]
TOTAL THIS MO.   110
DPTR FM NORMAL     8    [PRESSURE DATA]
TOTAL FM JAN 1   329    HIGHEST SLP M ON M
DPTR FM NORMAL   -18    LOWEST  SLP 29.76 ON 17

[REMARKS]
