000
CXUS52 KILM 241000
CF6CRE
PRELIMINARY LOCAL CLIMATOLOGICAL DATA (WS FORM: F-6)

                                          STATION:   N.MYRTLE BEACH SOUTH CAROLINA
                                          MONTH:     APRIL
                                          YEAR:      2019
                                          LATITUDE:   33 49 N
                                          LONGITUDE:  78 43 W

  TEMPERATURE IN F:       :PCPN:    SNOW:  WIND      :SUNSHINE: SKY     :PK WND
================================================================================
1   2   3   4   5  6A  6B    7    8   9   10  11  12  13   14  15   16   17  18
                                     12Z  AVG MX 2MIN
DY MAX MIN AVG DEP HDD CDD  WTR  SNW DPTH SPD SPD DIR MIN PSBL S-S WX    SPD DR
================================================================================

 1  57  44  51  -7  14   0    T    M    M 11.5 24  40   M    M   1        31  30
 2  51  40  46 -12  19   0 1.00    M    M 10.8 23 350   M    M   9 1      38 360
 3  65  36  51  -7  14   0 0.00    M    M  5.9 14 190   M    M   0 1      17 180
 4  68  43  56  -3   9   0 0.00    M    M  3.5  8 100   M    M   0        12 150
 5  69  61  65   6   0   0 1.36    M    M  6.6 15 120   M    M   8 1      20 110
 6  74  57  66   7   0   1 0.01    M    M  4.3 12 170   M    M   6 1      17  10
 7  69  56  63   4   2   0 0.01    M    M  5.8 17 100   M    M   4 12     21 120
 8  75  62  69   9   0   4    T    M    M 10.3 25 200   M    M   4 12     32 200
 9  74  65  70  10   0   5 0.06    M    M  7.2 16 270   M    M   7 1      23 270
10  77  63  70  10   0   5 0.00    M    M  9.5 23 100   M    M   1        31 100
11  76  62  69   9   0   4 0.00    M    M 11.2 21  90   M    M   0        27 100
12  74  67  71  10   0   6 0.09    M    M  8.3 16 160   M    M  10 1      23 160
13  74  67  71  10   0   6 0.14    M    M  6.4 12 170   M    M   5 1      17 190
14  76  65  71  10   0   6 0.01    M    M 11.4 24 220   M    M   4 1      33 180
15  74  53  64   3   1   0 0.02    M    M 10.4 25 220   M    M   1 1      31 230
16  63  46  55  -7  10   0 0.00    M    M  7.9 16  50   M    M   0        19  40
17  72  49  61  -1   4   0 0.00    M    M  7.9 18 200   M    M   0 12     21 200
18  76  58  67   5   0   2    T    M    M  8.5 16 180   M    M   3 1      23 200
19  75  66  71   9   0   6 2.20    M    M 16.2 41 200   M    M   8 138    58 200
20  69  54  62  -1   3   0    T    M    M 14.8 33 210   M    M   4        41 200
21  65  46  56  -7   9   0 0.00    M    M  5.3 15 240   M    M   3        20 230
22  73  49  61  -2   4   0 0.00    M    M  7.2 16 190   M    M   0 8      19 170
23  74  52  63  -1   2   0 0.00    M    M  8.9 18 210   M    M   0 1      24 200
================================================================================
SM 1620 1261        91  45  4.90    M    199.8          M       78
================================================================================
AV 70.4 54.8                               8.7 FASTST   M    M   3    MAX(MPH)
                                 MISC ---->  # 41 200               # 58  200
================================================================================
NOTES:
# LAST OF SEVERAL OCCURRENCES

COLUMN 17 PEAK WIND IN M.P.H.

PRELIMINARY LOCAL CLIMATOLOGICAL DATA (WS FORM: F-6) , PAGE 2

                                          STATION:  N.MYRTLE BEACH SOUTH CAROLINA
                                          MONTH:    APRIL
                                          YEAR:     2019
                                          LATITUDE:   33 49 N
                                          LONGITUDE:  78 43 W

[TEMPERATURE DATA]      [PRECIPITATION DATA]       SYMBOLS USED IN COLUMN 16

AVERAGE MONTHLY: 62.6   TOTAL FOR MONTH:   4.90    1 = FOG OR MIST
DPTR FM NORMAL:   2.0   DPTR FM NORMAL:    2.56    2 = FOG REDUCING VISIBILITY
HIGHEST:    77 ON 10    GRTST 24HR  2.20 ON 19-19      TO 1/4 MILE OR LESS
LOWEST:     36 ON  3                               3 = THUNDER
                        SNOW, ICE PELLETS, HAIL    4 = ICE PELLETS
                        TOTAL MONTH:    M          5 = HAIL
                        GRTST 24HR    M  ON   M    6 = FREEZING RAIN OR DRIZZLE
                        GRTST DEPTH:  M  ON   M    7 = DUSTSTORM OR SANDSTORM:
                                                       VSBY 1/2 MILE OR LESS
                                                   8 = SMOKE OR HAZE
[NO. OF DAYS WITH]      [WEATHER - DAYS WITH]      9 = BLOWING SNOW
                                                   X = TORNADO
MAX 32 OR BELOW:   0    0.01 INCH OR MORE:  10
MAX 90 OR ABOVE:   0    0.10 INCH OR MORE:   4
MIN 32 OR BELOW:   0    0.50 INCH OR MORE:   3
MIN  0 OR BELOW:   0    1.00 INCH OR MORE:   3

[HDD (BASE 65) ]
TOTAL THIS MO.    91    CLEAR  (SCALE 0-3)  12
DPTR FM NORMAL   -32    PTCLDY (SCALE 4-7)   9
TOTAL FM JUL 1  2047    CLOUDY (SCALE 8-10)  2
DPTR FM NORMAL  -358

[CDD (BASE 65) ]
TOTAL THIS MO.    45
DPTR FM NORMAL    22    [PRESSURE DATA]
TOTAL FM JAN 1    50    HIGHEST SLP M ON M
DPTR FM NORMAL    24    LOWEST  SLP 29.58 ON 15

[REMARKS]
