000
CXUS52 KJAX 180800
CF6CRG
PRELIMINARY LOCAL CLIMATOLOGICAL DATA (WS FORM: F-6)

                                          STATION:   CRAIG MUNI ARPT FL
                                          MONTH:     APRIL
                                          YEAR:      2019
                                          LATITUDE:   30 19 N
                                          LONGITUDE:  81 31 W

  TEMPERATURE IN F:       :PCPN:    SNOW:  WIND      :SUNSHINE: SKY     :PK WND
================================================================================
1   2   3   4   5  6A  6B    7    8   9   10  11  12  13   14  15   16   17  18
                                     12Z  AVG MX 2MIN
DY MAX MIN AVG DEP HDD CDD  WTR  SNW DPTH SPD SPD DIR MIN PSBL S-S WX    SPD DR
================================================================================

 1  59  56  58  -7   7   0 0.31  0.0    0  9.8 18  40   M    M   9 1      24  50
 2  67  49  58  -7   7   0 0.08  0.0    0  7.4 16 300   M    M   7 1      22 310
 3  69  44  57  -8   8   0 0.00  0.0    0  5.3 16  70   M    M   0 1      20  70
 4  76  50  63  -2   2   0 0.00  0.0    M  6.8 18 150   M    M   2 1      26 110
 5  81  60  71   6   0   6 0.01  0.0    0  8.1 22 220   M    M   5 1      29 290
 6  82  62  72   6   0   7 0.26  0.0    0  5.6 15 140   M    M   5 13     21 140
 7  86  61  74   8   0   9 0.00  0.0    0  5.6 17  60   M    M   2 12     22  50
 8  86  65  76  10   0  11 0.74  0.0    0  7.8 21 150   M    M   3 123    25 140
 9  84  69  77  11   0  12 0.27  0.0    0  8.2 18 240   M    M   4 138    25 250
10  77  62  70   4   0   5 0.00  0.0    0  5.8 13  80   M    M   2 18     17  60
11  81  63  72   6   0   7 0.00  0.0    0  7.4 16 100   M    M   4 18     24 130
12  84  67  76  10   0  11 0.00  0.0    0  9.9 22 140   M    M   2 1      26 130
13  84  72  78  11   0  13 0.00  0.0    0  9.8 17 150   M    M   3        23 150
14  88  71  80  13   0  15 0.00  0.0    0 12.7 24 220   M    M   5        32 260
15  77  54  66  -1   0   1 0.00  0.0    0 11.6 20 320   M    M   1        31 280
16  75  48  62  -5   3   0 0.00  0.0    0  6.5 17  60   M    M   0 18     22  50
17  79  55  67   0   0   2 0.00  0.0    0  5.0 15 130   M    M   0 1      21 140
================================================================================
SM 1335 1008        27  99  1.67     0.0 133.3          M       54
================================================================================
AV 78.5 59.3                               7.8 FASTST   M    M   3    MAX(MPH)
                                 MISC ---->  # 24 220               # 32  260
================================================================================
NOTES:
# LAST OF SEVERAL OCCURRENCES

COLUMN 17 PEAK WIND IN M.P.H.

PRELIMINARY LOCAL CLIMATOLOGICAL DATA (WS FORM: F-6) , PAGE 2

                                          STATION:  CRAIG MUNI ARPT FL
                                          MONTH:    APRIL
                                          YEAR:     2019
                                          LATITUDE:   30 19 N
                                          LONGITUDE:  81 31 W

[TEMPERATURE DATA]      [PRECIPITATION DATA]       SYMBOLS USED IN COLUMN 16

AVERAGE MONTHLY: 68.9   TOTAL FOR MONTH:   1.67    1 = FOG OR MIST
DPTR FM NORMAL:   2.9   DPTR FM NORMAL:    0.00    2 = FOG REDUCING VISIBILITY
HIGHEST:    88 ON 14    GRTST 24HR  0.74 ON  8- 8      TO 1/4 MILE OR LESS
LOWEST:     44 ON  3                               3 = THUNDER
                        SNOW, ICE PELLETS, HAIL    4 = ICE PELLETS
                        TOTAL MONTH:   0.0 INCH    5 = HAIL
                        GRTST 24HR     0.0         6 = FREEZING RAIN OR DRIZZLE
                        GRTST DEPTH:   0           7 = DUSTSTORM OR SANDSTORM:
                                                       VSBY 1/2 MILE OR LESS
                                                   8 = SMOKE OR HAZE
[NO. OF DAYS WITH]      [WEATHER - DAYS WITH]      9 = BLOWING SNOW
                                                   X = TORNADO
MAX 32 OR BELOW:   0    0.01 INCH OR MORE:   6
MAX 90 OR ABOVE:   0    0.10 INCH OR MORE:   4
MIN 32 OR BELOW:   0    0.50 INCH OR MORE:   1
MIN  0 OR BELOW:   0    1.00 INCH OR MORE:   0

[HDD (BASE 65) ]
TOTAL THIS MO.    27    CLEAR  (SCALE 0-3)  10
DPTR FM NORMAL    -6    PTCLDY (SCALE 4-7)   6
TOTAL FM JUL 1   898    CLOUDY (SCALE 8-10)  1
DPTR FM NORMAL  -296

[CDD (BASE 65) ]
TOTAL THIS MO.    99
DPTR FM NORMAL    47    [PRESSURE DATA]
TOTAL FM JAN 1   251    HIGHEST SLP M ON M
DPTR FM NORMAL   128    LOWEST  SLP 29.67 ON  9

[REMARKS]
