000
CXUS54 KCRP 191300
CF6CRP
PRELIMINARY LOCAL CLIMATOLOGICAL DATA (WS FORM: F-6)

                                          STATION:   CORPUS CHRISTI
                                          MONTH:     FEBRUARY
                                          YEAR:      2019
                                          LATITUDE:   27 46 N
                                          LONGITUDE:  97 30 W

  TEMPERATURE IN F:       :PCPN:    SNOW:  WIND      :SUNSHINE: SKY     :PK WND
================================================================================
1   2   3   4   5  6A  6B    7    8   9   10  11  12  13   14  15   16   17  18
                                     12Z  AVG MX 2MIN
DY MAX MIN AVG DEP HDD CDD  WTR  SNW DPTH SPD SPD DIR MIN PSBL S-S WX    SPD DR
================================================================================

 1  71  59  65   7   0   0 0.01  0.0    0  9.5 17  80   M    M   9 1      21  90
 2  73  61  67   9   0   2 0.01  0.0    0  6.3 17  90   M    M  10 128    20  90
 3  77  65  71  12   0   6 0.00  0.0    0  9.5 17 150   M    M  10 128    19 140
 4  78  67  73  14   0   8    T  0.0    0  9.1 17 150   M    M  10 12     21 160
 5  81  67  74  15   0   9 0.00  0.0    0 13.6 23 160   M    M  10 12     28 160
 6  81  71  76  17   0  11 0.00  0.0    0 18.4 29 160   M    M  10 1      36 160
 7  79  51  65   6   0   0    T  0.0    0 18.1 33  30   M    M  10 1      42  30
 8  51  41  46 -13  19   0 0.01    M    0 16.2 29  30   M    M  10        33  30
 9  43  37  40 -19  25   0 0.17    M    0 13.8 20 360   M    M  10 1      22  10
10  59  42  51  -9  14   0 0.08  0.0    0  8.2 18 360   M    M  10 18     23  10
11  76  55  66   6   0   1 0.04  0.0    0  8.1 22 160   M    M  10 12     27 160
12  72  43  58  -2   7   0 0.01    M    0 13.8 24 360   M    M   5 1      30 360
13  71  36  54  -6  11   0 0.00  0.0    0  8.3 20 140   M    M   4        23 140
14  79  51  65   5   0   0 0.00  0.0    0 11.1 25 180   M    M   9        30 200
15  87  57  72  12   0   7 0.00  0.0    0 10.6 22 160   M    M   9 1      24 140
16  74  63  69   8   0   4    T  0.0    0 10.5 17  80   M    M  10 18     19 110
17  78  55  67   6   0   2 0.01  0.0    0 12.8 23  30   M    M   7 12     28  20
18  66  51  59  -2   6   0 0.00  0.0    0 16.9 28  40   M    M   9        35  40
================================================================================
SM 1296  972        82  50  0.34     0.0 214.8          M      162
================================================================================
AV 72.0 54.0                              11.9 FASTST   M    M   9    MAX(MPH)
                                 MISC ---->  # 33  30               # 42   30
================================================================================
NOTES:
# LAST OF SEVERAL OCCURRENCES

COLUMN 17 PEAK WIND IN M.P.H.

PRELIMINARY LOCAL CLIMATOLOGICAL DATA (WS FORM: F-6) , PAGE 2

                                          STATION:  CORPUS CHRISTI
                                          MONTH:    FEBRUARY
                                          YEAR:     2019
                                          LATITUDE:   27 46 N
                                          LONGITUDE:  97 30 W

[TEMPERATURE DATA]      [PRECIPITATION DATA]       SYMBOLS USED IN COLUMN 16

AVERAGE MONTHLY: 63.0   TOTAL FOR MONTH:   0.34    1 = FOG OR MIST
DPTR FM NORMAL:   3.4   DPTR FM NORMAL:   -0.86    2 = FOG REDUCING VISIBILITY
HIGHEST:    87 ON 15    GRTST 24HR  0.32 ON 31- 1      TO 1/4 MILE OR LESS
LOWEST:     36 ON 13                               3 = THUNDER
                        SNOW, ICE PELLETS, HAIL    4 = ICE PELLETS
                        TOTAL MONTH:   0.0 INCH    5 = HAIL
                        GRTST 24HR     0.0         6 = FREEZING RAIN OR DRIZZLE
                        GRTST DEPTH:   0           7 = DUSTSTORM OR SANDSTORM:
                                                       VSBY 1/2 MILE OR LESS
                                                   8 = SMOKE OR HAZE
[NO. OF DAYS WITH]      [WEATHER - DAYS WITH]      9 = BLOWING SNOW
                                                   X = TORNADO
MAX 32 OR BELOW:   0    0.01 INCH OR MORE:   8
MAX 90 OR ABOVE:   0    0.10 INCH OR MORE:   1
MIN 32 OR BELOW:   0    0.50 INCH OR MORE:   0
MIN  0 OR BELOW:   0    1.00 INCH OR MORE:   0

[HDD (BASE 65) ]
TOTAL THIS MO.    82    CLEAR  (SCALE 0-3)   0
DPTR FM NORMAL   -42    PTCLDY (SCALE 4-7)   3
TOTAL FM JUL 1   684    CLOUDY (SCALE 8-10) 15
DPTR FM NORMAL   -67

[CDD (BASE 65) ]
TOTAL THIS MO.    50
DPTR FM NORMAL    21    [PRESSURE DATA]
TOTAL FM JAN 1    68    HIGHEST SLP M ON M
DPTR FM NORMAL     9    LOWEST  SLP 29.60 ON 16

[REMARKS]
