000
CXUS51 KRLX 221252
CF6CRW
PRELIMINARY LOCAL CLIMATOLOGICAL DATA (WS FORM: F-6)

                                          STATION:   CHARLESTON WV
                                          MONTH:     FEBRUARY
                                          YEAR:      2019
                                          LATITUDE:   38 22 N
                                          LONGITUDE:  81 36 W

  TEMPERATURE IN F:       :PCPN:    SNOW:  WIND      :SUNSHINE: SKY     :PK WND
================================================================================
1   2   3   4   5  6A  6B    7    8   9   10  11  12  13   14  15   16   17  18
                                     12Z  AVG MX 2MIN
DY MAX MIN AVG DEP HDD CDD  WTR  SNW DPTH SPD SPD DIR MIN PSBL S-S WX    SPD DR
================================================================================

 1  28  19  24 -11  41   0 0.08  0.5    T  1.3  7  30   M    M  10 16      9  20
 2  54  28  41   5  24   0 0.00  0.0    T  0.2  5 160   M    M   7 1       6 150
 3  65  30  48  12  17   0 0.00  0.0    0  0.6  7 260   M    M   6 1       9 260
 4  69  29  49  13  16   0    T  0.0    0  3.7 13 220   M    M   3 1      17 220
 5  61  48  55  19  10   0 0.04  0.0    0  2.6 10 220   M    M   7 1      14 210
 6  63  48  56  20   9   0 0.35  0.0    0  3.6 17 190   M    M   9 1      23 180
 7  75  55  65  29   0   0 0.22  0.0    0  9.1 25 300   M    M   8 1      40 280
 8  61  27  44   8  21   0 0.08  0.0    0 11.6 22 270   M    M   6 1      35 280
 9  34  18  26 -10  39   0 0.00  0.0    0  4.1 14 320   M    M   2        18 310
10  44  20  32  -5  33   0 0.41    T    0  1.2  8 330   M    M   7 14     11 320
11  49  34  42   5  23   0 0.38  0.0    0  1.6  8  60   M    M  10 1      10  70
12  58  38  48  11  17   0 0.48  0.0    0 11.3 25 270   M    M  10 18     43 280
13  43  32  38   1  27   0    T    T    0 14.5 31 240   M    M   6        43 250
14  60  27  44   7  21   0 0.00  0.0    0  5.3 20 210   M    M   6        29 190
15  59  40  50  12  15   0    T  0.0    0 13.5 26 250   M    M   9        38 260
16  45  30  38   0  27   0 0.00  0.0    0  6.2 13  10   M    M   5        17  10
17  51  28  40   2  25   0 0.27  0.0    0  4.9 16 260   M    M   9 23     24 290
18  42  32  37  -1  28   0 0.01    T    0  8.1 17 270   M    M  10 1      29 280
19  38  29  34  -4  31   0    T    T    0  5.1 10  80   M    M   8        14  80
20  56  33  45   6  20   0 1.16    T    0  6.7 17 160   M    M  10 1      23 130
21  56  43  50  11  15   0 0.02  0.0    0  6.4 16 320   M    M   8 1      23 320
================================================================================
SM 1111  688       459   0  3.50     0.5 121.6          M      156
================================================================================
AV 52.9 32.8                               5.8 FASTST   M    M   7    MAX(MPH)
                                 MISC ---->  # 31 240               # 43  280
================================================================================
NOTES:
# LAST OF SEVERAL OCCURRENCES

COLUMN 17 PEAK WIND IN M.P.H.

PRELIMINARY LOCAL CLIMATOLOGICAL DATA (WS FORM: F-6) , PAGE 2

                                          STATION:  CHARLESTON WV
                                          MONTH:    FEBRUARY
                                          YEAR:     2019
                                          LATITUDE:   38 22 N
                                          LONGITUDE:  81 36 W

[TEMPERATURE DATA]      [PRECIPITATION DATA]       SYMBOLS USED IN COLUMN 16

AVERAGE MONTHLY: 42.8   TOTAL FOR MONTH:   3.50    1 = FOG OR MIST
DPTR FM NORMAL:   5.9   DPTR FM NORMAL:    1.16    2 = FOG REDUCING VISIBILITY
HIGHEST:    75 ON  7    GRTST 24HR  1.16 ON 20-20      TO 1/4 MILE OR LESS
LOWEST:     18 ON  9                               3 = THUNDER
                        SNOW, ICE PELLETS, HAIL    4 = ICE PELLETS
                        TOTAL MONTH:   0.5 INCH    5 = HAIL
                        GRTST 24HR   0.5 ON  1- 1  6 = FREEZING RAIN OR DRIZZLE
                        GRTST DEPTH:   0           7 = DUSTSTORM OR SANDSTORM:
                                                       VSBY 1/2 MILE OR LESS
                                                   8 = SMOKE OR HAZE
[NO. OF DAYS WITH]      [WEATHER - DAYS WITH]      9 = BLOWING SNOW
                                                   X = TORNADO
MAX 32 OR BELOW:   1    0.01 INCH OR MORE:  12
MAX 90 OR ABOVE:   0    0.10 INCH OR MORE:   7
MIN 32 OR BELOW:  13    0.50 INCH OR MORE:   1
MIN  0 OR BELOW:   0    1.00 INCH OR MORE:   1

[HDD (BASE 65) ]
TOTAL THIS MO.   459    CLEAR  (SCALE 0-3)   2
DPTR FM NORMAL  -131    PTCLDY (SCALE 4-7)  10
TOTAL FM JUL 1  3112    CLOUDY (SCALE 8-10)  9
DPTR FM NORMAL  -166

[CDD (BASE 65) ]
TOTAL THIS MO.     0
DPTR FM NORMAL     0    [PRESSURE DATA]
TOTAL FM JAN 1     0    HIGHEST SLP M ON M
DPTR FM NORMAL     0    LOWEST  SLP 29.61 ON 12

[REMARKS]
