000
CXUS52 KFFC 191110
CF6CSG
PRELIMINARY LOCAL CLIMATOLOGICAL DATA (WS FORM: F-6)

                                          STATION:   COLUMBUS
                                          MONTH:     APRIL
                                          YEAR:      2019
                                          LATITUDE:   32 31 N
                                          LONGITUDE:  84 56 W

  TEMPERATURE IN F:       :PCPN:    SNOW:  WIND      :SUNSHINE: SKY     :PK WND
================================================================================
1   2   3   4   5  6A  6B    7    8   9   10  11  12  13   14  15   16   17  18
                                     12Z  AVG MX 2MIN
DY MAX MIN AVG DEP HDD CDD  WTR  SNW DPTH SPD SPD DIR MIN PSBL S-S WX    SPD DR
================================================================================

 1  66  41  54  -7  11   0 0.00  0.0    0  7.2 20  90   M    M   1        29  90
 2  69  48  59  -2   6   0 0.00  0.0    0  4.4 15 320   M    M   5 8      20 330
 3  74  41  58  -4   7   0 0.00  0.0    0  2.1 10 160   M    M   1 8      14 150
 4  76  47  62   0   3   0 0.30    M    0  5.7 20 150   M    M   3 1      24 140
 5  77  60  69   7   0   4 0.01  0.0    0  4.3 15 320   M    M   8 1      18 160
 6  70  63  67   5   0   2 0.08  0.0    0  5.4 10 170   M    M  10 1      13 150
 7  81  62  72  10   0   7 0.30  0.0    0  5.7 16 190   M    M   5 13     21 190
 8  76  65  71   8   0   6 0.04  0.0    0  4.4 15 210   M    M   5 138    20 200
 9  79  63  71   8   0   6 0.63  0.0    0  4.3 12 210   M    M   8 13     15 170
10  86  59  73  10   0   8 0.00  0.0    0  2.7 14  90   M    M   0 1      18 180
11  85  61  73  10   0   8 0.00  0.0    0  7.9 21 150   M    M   2        26 150
12  80  65  73   9   0   8 0.00  0.0    0  4.4 10 200   M    M   4        14 200
13  87  62  75  11   0  10 0.00  0.0    0  7.7 20 160   M    M   4 8      24 160
14  81  55  68   4   0   3 1.44  0.0    0 14.0 25 320   M    M   6 13     37 280
15  72  48  60  -4   5   0 0.00  0.0    0 10.4 21 330   M    M   2 8      28 330
16  79  46  63  -2   2   0 0.00  0.0    0  3.8 15 120   M    M   0        19 130
17  81  53  67   2   0   2 0.00  0.0    0  3.3 12 220   M    M   0        17 160
18  83  60  72   7   0   7 0.00  0.0    0  9.8 23 180   M    M   3        32 190
================================================================================
SM 1402  999        34  71  2.80     0.0 107.5          M       67
================================================================================
AV 77.9 55.5                               6.0 FASTST   M    M   4    MAX(MPH)
                                 MISC ---->  # 25 320               # 37  280
================================================================================
NOTES:
# LAST OF SEVERAL OCCURRENCES

COLUMN 17 PEAK WIND IN M.P.H.

PRELIMINARY LOCAL CLIMATOLOGICAL DATA (WS FORM: F-6) , PAGE 2

                                          STATION:  COLUMBUS
                                          MONTH:    APRIL
                                          YEAR:     2019
                                          LATITUDE:   32 31 N
                                          LONGITUDE:  84 56 W

[TEMPERATURE DATA]      [PRECIPITATION DATA]       SYMBOLS USED IN COLUMN 16

AVERAGE MONTHLY: 66.7   TOTAL FOR MONTH:   2.80    1 = FOG OR MIST
DPTR FM NORMAL:   3.6   DPTR FM NORMAL:    0.54    2 = FOG REDUCING VISIBILITY
HIGHEST:    87 ON 13    GRTST 24HR  1.44 ON 14-14      TO 1/4 MILE OR LESS
LOWEST:     41 ON  3, 1                            3 = THUNDER
                        SNOW, ICE PELLETS, HAIL    4 = ICE PELLETS
                        TOTAL MONTH:   0.0 INCH    5 = HAIL
                        GRTST 24HR     0.0         6 = FREEZING RAIN OR DRIZZLE
                        GRTST DEPTH:   0           7 = DUSTSTORM OR SANDSTORM:
                                                       VSBY 1/2 MILE OR LESS
                                                   8 = SMOKE OR HAZE
[NO. OF DAYS WITH]      [WEATHER - DAYS WITH]      9 = BLOWING SNOW
                                                   X = TORNADO
MAX 32 OR BELOW:   0    0.01 INCH OR MORE:   7
MAX 90 OR ABOVE:   0    0.10 INCH OR MORE:   4
MIN 32 OR BELOW:   0    0.50 INCH OR MORE:   2
MIN  0 OR BELOW:   0    1.00 INCH OR MORE:   1

[HDD (BASE 65) ]
TOTAL THIS MO.    34    CLEAR  (SCALE 0-3)   8
DPTR FM NORMAL   -37    PTCLDY (SCALE 4-7)   8
TOTAL FM JUL 1  1693    CLOUDY (SCALE 8-10)  2
DPTR FM NORMAL  -401

[CDD (BASE 65) ]
TOTAL THIS MO.    71
DPTR FM NORMAL    35    [PRESSURE DATA]
TOTAL FM JAN 1   104    HIGHEST SLP M ON M
DPTR FM NORMAL    41    LOWEST  SLP 29.54 ON 14

[REMARKS]
