000
CXUS54 KOHX 171010
CF6CSV
PRELIMINARY LOCAL CLIMATOLOGICAL DATA (WS FORM: F-6)

                                          STATION:   CROSSVILLE
                                          MONTH:     FEBRUARY
                                          YEAR:      2019
                                          LATITUDE:   35 57 N
                                          LONGITUDE:  85  5 W

  TEMPERATURE IN F:       :PCPN:    SNOW:  WIND      :SUNSHINE: SKY     :PK WND
================================================================================
1   2   3   4   5  6A  6B    7    8   9   10  11  12  13   14  15   16   17  18
                                     12Z  AVG MX 2MIN
DY MAX MIN AVG DEP HDD CDD  WTR  SNW DPTH SPD SPD DIR MIN PSBL S-S WX    SPD DR
================================================================================

 1  45  36  41   4  24   0    T    M    M  4.8 12 190   M    M  10        18 200
 2  62  37  50  13  15   0 0.00    M    M  2.3 13 290   M    M  10        15 290
 3  58  35  47  10  18   0 0.00    M    M  3.7 10 140   M    M   0        15 140
 4  57  46  52  15  13   0 0.04    M    M  5.8 15 190   M    M   0 1      23 210
 5  67  51  59  22   6   0    T    M    M  3.7  9 140   M    M   0 12     14 160
 6  64  58  61  24   4   0 1.58    M    M  6.8 16 260   M    M   5 13     24 200
 7  73  48  61  23   4   0 0.83    M    M 11.1 31 270   M    M   8 18     39 270
 8  48  24  36  -2  29   0    T    M    M 10.1 21 280   M    M   4 1      30 280
 9  44  21  33  -5  32   0 0.00    M    M  7.6 15  40   M    M   0        20  40
10  41  35  38   0  27   0 0.27    M    M  5.0 15 170   M    M  10 1      26 150
11  52  40  46   8  19   0 0.09    M    M  5.6 12 180   M    M  10 1      20 160
12  56  33  45   6  20   0 0.76    M    M 11.9 26 260   M    M   8 1      36 280
13  44  28  36  -3  29   0 0.00    M    M  9.1 20 290   M    M   0        27 290
14  54  30  42   3  23   0 0.00  0.0    0  8.4 16 190   M    M   2        29 240
15  57  37  47   8  18   0 0.27    M    0  7.6 18 260   M    M  10 1      23 260
16  39  32  36  -4  29   0 0.29    M    0  6.9 14  10   M    M  10 1      19  10
================================================================================
SM  861  591       310   0  4.13     0.0 110.4          M       87
================================================================================
AV 53.8 36.9                               6.9 FASTST   M    M   5    MAX(MPH)
                                 MISC ---->  # 31 270               # 39  270
================================================================================
NOTES:
# LAST OF SEVERAL OCCURRENCES

COLUMN 17 PEAK WIND IN M.P.H.

PRELIMINARY LOCAL CLIMATOLOGICAL DATA (WS FORM: F-6) , PAGE 2

                                          STATION:  CROSSVILLE
                                          MONTH:    FEBRUARY
                                          YEAR:     2019
                                          LATITUDE:   35 57 N
                                          LONGITUDE:  85  5 W

[TEMPERATURE DATA]      [PRECIPITATION DATA]       SYMBOLS USED IN COLUMN 16

AVERAGE MONTHLY: 45.4   TOTAL FOR MONTH:   4.13    1 = FOG OR MIST
DPTR FM NORMAL:   7.4   DPTR FM NORMAL:    1.59    2 = FOG REDUCING VISIBILITY
HIGHEST:    73 ON  7    GRTST 24HR  1.58 ON  6- 6      TO 1/4 MILE OR LESS
LOWEST:     21 ON  9                               3 = THUNDER
                        SNOW, ICE PELLETS, HAIL    4 = ICE PELLETS
                        TOTAL MONTH:   0.0 INCH    5 = HAIL
                        GRTST 24HR     0.0         6 = FREEZING RAIN OR DRIZZLE
                        GRTST DEPTH:   0           7 = DUSTSTORM OR SANDSTORM:
                                                       VSBY 1/2 MILE OR LESS
                                                   8 = SMOKE OR HAZE
[NO. OF DAYS WITH]      [WEATHER - DAYS WITH]      9 = BLOWING SNOW
                                                   X = TORNADO
MAX 32 OR BELOW:   0    0.01 INCH OR MORE:   8
MAX 90 OR ABOVE:   0    0.10 INCH OR MORE:   6
MIN 32 OR BELOW:   5    0.50 INCH OR MORE:   3
MIN  0 OR BELOW:   0    1.00 INCH OR MORE:   1

[HDD (BASE 65) ]
TOTAL THIS MO.   310    CLEAR  (SCALE 0-3)   6
DPTR FM NORMAL  -123    PTCLDY (SCALE 4-7)   3
TOTAL FM JUL 1  2885    CLOUDY (SCALE 8-10)  7
DPTR FM NORMAL  -124

[CDD (BASE 65) ]
TOTAL THIS MO.     0
DPTR FM NORMAL     0    [PRESSURE DATA]
TOTAL FM JAN 1     0    HIGHEST SLP  0.00 ON M
DPTR FM NORMAL     0    LOWEST  SLP 29.73 ON 12

[REMARKS]
