000
CXUS55 KOHX 221010
CF6CSV
PRELIMINARY LOCAL CLIMATOLOGICAL DATA (WS FORM: F-6)

                                          STATION:   CROSSVILLE
                                          MONTH:     AUGUST
                                          YEAR:      2019
                                          LATITUDE:   35 57 N
                                          LONGITUDE:  85  5 W

  TEMPERATURE IN F:       :PCPN:    SNOW:  WIND      :SUNSHINE: SKY     :PK WND
================================================================================
1   2   3   4   5  6A  6B    7    8   9   10  11  12  13   14  15   16   17  18
                                     12Z  AVG MX 2MIN
DY MAX MIN AVG DEP HDD CDD  WTR  SNW DPTH SPD SPD DIR MIN PSBL S-S WX    SPD DR
================================================================================

 1  82  64  73  -2   0   8 0.02    M    M  1.7 12 330   M    M   2 13     23  40
 2  83  64  74  -1   0   9 0.72    M    M  2.8  7 150   M    M   3 13     46  10
 3  84  62  73  -2   0   8    T    M    M  1.4  9 170   M    M   3 1      14 160
 4  83  64  74   0   0   9 0.13    M    M  3.0 23  60   M    M   5 13     29  50
 5  83  63  73  -1   0   8 0.00  0.0    0  2.7  9 350   M    M   1 1      15 360
 6  83  61  72  -2   0   7 0.22  0.0    0  3.8 22 320   M    M   2 13     33 310
 7  82  63  73  -1   0   8    T    M    M  6.6 14 270   M    M   3        18 270
 8  81  66  74   0   0   9 0.00  0.0    0  3.1 13 280   M    M   5 12     16 290
 9  84  65  75   1   0  10 0.09  0.0    0  4.4 14 280   M    M   2 1      18 250
10  86  66  76   2   0  11 0.00    M    M  2.4 12 350   M    M   6 1      15  10
11  86  64  75   1   0  10 0.00    M    M  1.3  8 360   M    M   0 1      11  10
12  87  62  75   1   0  10 0.00  0.0    0  2.8 13 260   M    M   0 1      15 270
13  86  68  77   3   0  12 0.38  0.0    0  4.3 23 280   M    M   1 138    34 290
14  85  68  77   3   0  12 0.00  0.0    0  5.4 13 330   M    M   4 12     17 320
15  83  63  73  -1   0   8 0.00  0.0    0  3.8 15 320   M    M   1 1      22 310
16  86  59  73  -1   0   8 0.00  0.0    0  2.2 12 320   M    M   0 1      14 290
17  88  61  75   1   0  10 0.00  0.0    0  1.6  8 360   M    M   0 1      11 250
18  90  63  77   3   0  12 0.00  0.0    0  1.4 10 280   M    M   1        16 270
19  91  67  79   5   0  14 0.43    M    M  1.7 21  20   M    M   2 3      28  40
20  87  67  77   3   0  12 0.31    M    M  1.8 15 320   M    M   1 138    24  10
21  86  67  77   3   0  12 0.00    M    M  4.8 14 260   M    M   1 1      18 270
================================================================================
SM 1786 1347         0 207  2.30     0.0  63.0          M       43
================================================================================
AV 85.1 64.1                               3.0 FASTST   M    M   2    MAX(MPH)
                                 MISC ---->  # 23  60               # 46   10
================================================================================
NOTES:
# LAST OF SEVERAL OCCURRENCES

COLUMN 17 PEAK WIND IN M.P.H.

PRELIMINARY LOCAL CLIMATOLOGICAL DATA (WS FORM: F-6) , PAGE 2

                                          STATION:  CROSSVILLE
                                          MONTH:    AUGUST
                                          YEAR:     2019
                                          LATITUDE:   35 57 N
                                          LONGITUDE:  85  5 W

[TEMPERATURE DATA]      [PRECIPITATION DATA]       SYMBOLS USED IN COLUMN 16

AVERAGE MONTHLY: 74.6   TOTAL FOR MONTH:   2.30    1 = FOG OR MIST
DPTR FM NORMAL:   0.5   DPTR FM NORMAL:   -0.56    2 = FOG REDUCING VISIBILITY
HIGHEST:    91 ON 19    GRTST 24HR  0.72 ON  2- 2      TO 1/4 MILE OR LESS
LOWEST:     59 ON 16                               3 = THUNDER
                        SNOW, ICE PELLETS, HAIL    4 = ICE PELLETS
                        TOTAL MONTH:   0.0 INCH    5 = HAIL
                        GRTST 24HR     0.0         6 = FREEZING RAIN OR DRIZZLE
                        GRTST DEPTH:   0           7 = DUSTSTORM OR SANDSTORM:
                                                       VSBY 1/2 MILE OR LESS
                                                   8 = SMOKE OR HAZE
[NO. OF DAYS WITH]      [WEATHER - DAYS WITH]      9 = BLOWING SNOW
                                                   X = TORNADO
MAX 32 OR BELOW:   0    0.01 INCH OR MORE:   8
MAX 90 OR ABOVE:   2    0.10 INCH OR MORE:   6
MIN 32 OR BELOW:   0    0.50 INCH OR MORE:   1
MIN  0 OR BELOW:   0    1.00 INCH OR MORE:   0

[HDD (BASE 65) ]
TOTAL THIS MO.     0    CLEAR  (SCALE 0-3)  17
DPTR FM NORMAL     0    PTCLDY (SCALE 4-7)   4
TOTAL FM JUL 1     0    CLOUDY (SCALE 8-10)  0
DPTR FM NORMAL     0

[CDD (BASE 65) ]
TOTAL THIS MO.   207
DPTR FM NORMAL    10    [PRESSURE DATA]
TOTAL FM JAN 1   817    HIGHEST SLP M ON M
DPTR FM NORMAL    44    LOWEST  SLP 29.84 ON 13

[REMARKS]
