000
CXUS54 KOHX 191010
CF6CSV
PRELIMINARY LOCAL CLIMATOLOGICAL DATA (WS FORM: F-6)

                                          STATION:   CROSSVILLE
                                          MONTH:     APRIL
                                          YEAR:      2019
                                          LATITUDE:   35 57 N
                                          LONGITUDE:  85  5 W

  TEMPERATURE IN F:       :PCPN:    SNOW:  WIND      :SUNSHINE: SKY     :PK WND
================================================================================
1   2   3   4   5  6A  6B    7    8   9   10  11  12  13   14  15   16   17  18
                                     12Z  AVG MX 2MIN
DY MAX MIN AVG DEP HDD CDD  WTR  SNW DPTH SPD SPD DIR MIN PSBL S-S WX    SPD DR
================================================================================

 1  52  24  38 -14  27   0 0.00    M    M  6.4 15  30   M    M   0        19  40
 2  55  35  45  -7  20   0 0.04    M    M  4.8 16 260   M    M   6        21 200
 3  67  31  49  -3  16   0 0.00    M    M  2.6 13 290   M    M   0        17 290
 4  65  42  54   1  11   0 0.13    M    M  6.4 23 160   M    M   3 1      39 170
 5  59  50  55   2  10   0 0.33    M    M  2.8  9 260   M    M   8 12     15 160
 6  71  46  59   6   6   0 0.00    M    M  3.5 10 170   M    M   5 12     17 190
 7  75  59  67  13   0   2 0.31    M    M  6.4 20 250   M    M   6 138    28 210
 8  62  57  60   6   5   0 2.39    M    M  4.1 13 290   M    M   8 123    17 310
 9  75  55  65  11   0   0 0.00    M    M  4.9 16 340   M    M   5 12     23 350
10  78  45  62   8   3   0 0.00    M    M  3.8 12  80   M    M   0        14 140
11  77  61  69  14   0   4 0.00    M    M 10.7 20 170   M    M   1        32 180
12  73  56  65  10   0   0 0.05    M    M  7.5 21 270   M    M   6 1      30 180
13  66  54  60   5   5   0 0.23    M    M  4.3 15 130   M    M   8 13     20 140
14  74  39  57   1   8   0 0.92    M    M 15.7 33 260   M    M   9 13     45 270
15  57  33  45 -11  20   0 0.00    M    M  7.6 21 290   M    M   2        28 270
16  76  38  57   1   8   0 0.00    M    M  4.6 14 200   M    M   0        22 210
17  77  49  63   7   2   0 0.00    M    M  5.3 15 190   M    M   0        24 180
18  74  60  67  10   0   2 0.80    M    M  9.8 14 170   M    M   3 1      24 180
================================================================================
SM 1233  834       141   8  5.20    M    111.2          M       70
================================================================================
AV 68.5 46.3                               6.2 FASTST   M    M   4    MAX(MPH)
                                 MISC ---->  # 33 260               # 45  270
================================================================================
NOTES:
# LAST OF SEVERAL OCCURRENCES

COLUMN 17 PEAK WIND IN M.P.H.

PRELIMINARY LOCAL CLIMATOLOGICAL DATA (WS FORM: F-6) , PAGE 2

                                          STATION:  CROSSVILLE
                                          MONTH:    APRIL
                                          YEAR:     2019
                                          LATITUDE:   35 57 N
                                          LONGITUDE:  85  5 W

[TEMPERATURE DATA]      [PRECIPITATION DATA]       SYMBOLS USED IN COLUMN 16

AVERAGE MONTHLY: 57.4   TOTAL FOR MONTH:   5.20    1 = FOG OR MIST
DPTR FM NORMAL:   3.1   DPTR FM NORMAL:    2.32    2 = FOG REDUCING VISIBILITY
HIGHEST:    78 ON 10    GRTST 24HR  2.39 ON  8- 8      TO 1/4 MILE OR LESS
LOWEST:     24 ON  1                               3 = THUNDER
                        SNOW, ICE PELLETS, HAIL    4 = ICE PELLETS
                        TOTAL MONTH:    M          5 = HAIL
                        GRTST 24HR    M  ON   M    6 = FREEZING RAIN OR DRIZZLE
                        GRTST DEPTH:  M  ON   M    7 = DUSTSTORM OR SANDSTORM:
                                                       VSBY 1/2 MILE OR LESS
                                                   8 = SMOKE OR HAZE
[NO. OF DAYS WITH]      [WEATHER - DAYS WITH]      9 = BLOWING SNOW
                                                   X = TORNADO
MAX 32 OR BELOW:   0    0.01 INCH OR MORE:   9
MAX 90 OR ABOVE:   0    0.10 INCH OR MORE:   7
MIN 32 OR BELOW:   2    0.50 INCH OR MORE:   3
MIN  0 OR BELOW:   0    1.00 INCH OR MORE:   1

[HDD (BASE 65) ]
TOTAL THIS MO.   141    CLEAR  (SCALE 0-3)   8
DPTR FM NORMAL   -60    PTCLDY (SCALE 4-7)   6
TOTAL FM JUL 1  3896    CLOUDY (SCALE 8-10)  4
DPTR FM NORMAL  -157

[CDD (BASE 65) ]
TOTAL THIS MO.     8
DPTR FM NORMAL     6    [PRESSURE DATA]
TOTAL FM JAN 1     8    HIGHEST SLP  0.00 ON M
DPTR FM NORMAL     4    LOWEST  SLP 29.43 ON 14

[REMARKS]
