000
CXUS56 KTFX 231205
CF6CTB
PRELIMINARY LOCAL CLIMATOLOGICAL DATA (WS FORM: F-6)

                                          STATION:   CUT BANK MT
                                          MONTH:     FEBRUARY
                                          YEAR:      2019
                                          LATITUDE:   48 37 N
                                          LONGITUDE: 112 23 W

  TEMPERATURE IN F:       :PCPN:    SNOW:  WIND      :SUNSHINE: SKY     :PK WND
================================================================================
1   2   3   4   5  6A  6B    7    8   9   10  11  12  13   14  15   16   17  18
                                     12Z  AVG MX 2MIN
DY MAX MIN AVG DEP HDD CDD  WTR  SNW DPTH SPD SPD DIR MIN PSBL S-S WX    SPD DR
================================================================================

 1  49  26  38  15  27   0 0.01    M    0 13.1 31 240   M    M   2        37 240
 2  44  -4  20  -3  45   0    T    M    0 19.6 36 350   M    M   6 18     43 350
 3  -4 -15  -9 -32  74   0 0.06    M    T 12.6 21 360   M    M  10 168    25 360
 4 -12 -16 -14 -37  79   0 0.08    M    4  5.0  8 130   M    M   9 8      10  40
 5  -8 -15 -11 -34  76   0 0.08    M    5  3.9 10 130   M    M  10 18     13 130
 6  -5 -30 -17 -40  82   0 0.02    M    5  2.5  9  10   M    M   7 18     11  20
 7  -3 -33 -18 -41  83   0 0.00    M    5  2.6 12 130   M    M   2 18     13 130
 8  -1  -9  -5 -28  70   0    T    M    5 15.1 30 350   M    M  10 19     33 340
 9  -9 -18 -13 -36  78   0    T    M    5 13.1 24 360   M    M  10 18     28 360
10 -12 -23 -17 -40  82   0    T    M    5  3.7  9 140   M    M   3 18     11 150
11  -5 -21 -13 -37  78   0    T    M    5  3.9 15 350   M    M   3 8      17 360
12  -3  -9  -6 -30  71   0 0.00    M    5  3.3  8 140   M    M   9 8       9  10
13  -1 -14  -7 -31  72   0    T    M    5  5.7 10  10   M    M   9 18     12 360
14  -2 -23 -12 -36  77   0    T    M    7  3.0  8 100   M    M   3 18      9  30
15   8  -9   0 -24  65   0    T    M    7  3.5 16 340   M    M   7 18     17 350
16   5  -8  -1 -25  66   0    T    M    7 14.1 22 340   M    M   9 18     26 340
17   0 -17  -8 -32  73   0    T    M    8 13.4 21 330   M    M   4 18     23 330
18  -5 -19 -12 -36  77   0    T    M    8  4.2  9 150   M    M   3 18     11 300
19  17 -18   0 -25  65   0 0.00    M    8  8.2 22 260   M    M   0        25 260
20  22  10  16  -9  49   0    T    M    8 16.2 28 360   M    M   9 1      30 360
21  14  -8   3 -22  62   0    T    M    6 11.1 33 350   M    M   4 1      39 360
22  24 -14   5 -20  60   0 0.00    M    6 16.6 31 260   M    M   0 18     36 260
================================================================================
SM  113 -287      1511   0  0.25    M    194.4          M      129
================================================================================
AV  5.1-13.0                               8.8 FASTST   M    M   6    MAX(MPH)
                                 MISC ---->  # 36 350               # 43  350
================================================================================
NOTES:
# LAST OF SEVERAL OCCURRENCES

COLUMN 17 PEAK WIND IN M.P.H.

PRELIMINARY LOCAL CLIMATOLOGICAL DATA (WS FORM: F-6) , PAGE 2

                                          STATION:  CUT BANK MT
                                          MONTH:    FEBRUARY
                                          YEAR:     2019
                                          LATITUDE:   48 37 N
                                          LONGITUDE: 112 23 W

[TEMPERATURE DATA]      [PRECIPITATION DATA]       SYMBOLS USED IN COLUMN 16

AVERAGE MONTHLY: -3.9   TOTAL FOR MONTH:   0.25    1 = FOG OR MIST
DPTR FM NORMAL: -27.7   DPTR FM NORMAL:    0.09    2 = FOG REDUCING VISIBILITY
HIGHEST:    49 ON  1    GRTST 24HR  0.08 ON  5- 5      TO 1/4 MILE OR LESS
LOWEST:    -33 ON  7                               3 = THUNDER
                        SNOW, ICE PELLETS, HAIL    4 = ICE PELLETS
                        TOTAL MONTH:    M          5 = HAIL
                        GRTST 24HR    M  ON   M    6 = FREEZING RAIN OR DRIZZLE
                        GRTST DEPTH:   8 ON 20,19  7 = DUSTSTORM OR SANDSTORM:
                                                       VSBY 1/2 MILE OR LESS
                                                   8 = SMOKE OR HAZE
[NO. OF DAYS WITH]      [WEATHER - DAYS WITH]      9 = BLOWING SNOW
                                                   X = TORNADO
MAX 32 OR BELOW:  20    0.01 INCH OR MORE:   5
MAX 90 OR ABOVE:   0    0.10 INCH OR MORE:   0
MIN 32 OR BELOW:  22    0.50 INCH OR MORE:   0
MIN  0 OR BELOW:  20    1.00 INCH OR MORE:   0

[HDD (BASE 65) ]
TOTAL THIS MO.  1511    CLEAR  (SCALE 0-3)   7
DPTR FM NORMAL   603    PTCLDY (SCALE 4-7)   6
TOTAL FM JUL 1  6277    CLOUDY (SCALE 8-10)  9
DPTR FM NORMAL   451

[CDD (BASE 65) ]
TOTAL THIS MO.     0
DPTR FM NORMAL     0    [PRESSURE DATA]
TOTAL FM JAN 1     0    HIGHEST SLP M ON M
DPTR FM NORMAL     0    LOWEST  SLP 29.36 ON  3

[REMARKS]
