479
CXUS56 KTFX 221805
CF6CTB
PRELIMINARY LOCAL CLIMATOLOGICAL DATA (WS FORM: F-6)

                                          STATION:   CUT BANK MT
                                          MONTH:     AUGUST
                                          YEAR:      2019
                                          LATITUDE:   48 37 N
                                          LONGITUDE: 112 23 W

  TEMPERATURE IN F:       :PCPN:    SNOW:  WIND      :SUNSHINE: SKY     :PK WND
================================================================================
1   2   3   4   5  6A  6B    7    8   9   10  11  12  13   14  15   16   17  18
                                     12Z  AVG MX 2MIN
DY MAX MIN AVG DEP HDD CDD  WTR  SNW DPTH SPD SPD DIR MIN PSBL S-S WX    SPD DR
================================================================================

 1  94  56  75   9   0  10    T    M    0  8.6 23 260   M    M   1 8      26 260
 2  94  51  73   7   0   8 0.01    M    0 10.7 36 200   M    M   0 3      48 190
 3  85  53  69   3   0   4 0.00    M    0 12.9 24 230   M    M   0        35 240
 4  84  50  67   1   0   2 0.00    M    0 11.5 20  10   M    M   0        24 330
 5  90  45  68   2   0   3 0.00    M    0  7.9 23 280   M    M   0 8      30 280
 6  87  51  69   3   0   4 0.00    M    0  9.7 30  30   M    M   1        36  40
 7  85  53  69   3   0   4 0.00    M    0  8.4 16 110   M    M   4        22 110
 8  91  52  72   6   0   7 0.00    M    0  5.9 16 180   M    M   0        19 180
 9  70  56  63  -3   2   0 0.01    M    0 14.2 35 330   M    M   5        41 340
10  59  51  55 -10  10   0 0.13    M    0  8.6 16  10   M    M  10 18     19  10
11  73  54  64  -1   1   0 0.55    M    0  7.9 25  80   M    M   8 13     32  30
12  70  50  60  -5   5   0 0.20    M    0  7.9 22 350   M    M   7 1      28 250
13  77  46  62  -3   3   0 0.00    M    0  3.7 14  70   M    M   3 12     18  80
14  79  45  62  -2   3   0    T    M    0  8.5 35 280   M    M   1        44 280
15  79  45  62  -2   3   0 0.00    M    0  7.3 21 290   M    M   0        32 220
16  73  47  60  -4   5   0 0.05    M    0 11.4 36  20   M    M   5 1      42  10
17  64  44  54 -10  11   0 0.24    M    0  6.1 14 300   M    M   7 1      17 300
18  80  50  65   1   0   0 0.00    M    0 12.4 26 260   M    M   0        32 270
19  84  52  68   5   0   3 0.00  0.0    M 12.2 21 270   M    M   0        26 250
20  80  46  63   0   2   0 0.00    M    0  5.9 14 150   M    M   0        19 120
21  90  48  69   6   0   4 0.00    M    0  9.2 23 150   M    M   0        32 130
================================================================================
SM 1688 1045        45  49  1.19  0.0    190.9          M       52
================================================================================
AV 80.4 49.8                               9.1 FASTST   M    M   2    MAX(MPH)
                                 MISC ---->  # 36 200                 48 190
================================================================================
NOTES:
# LAST OF SEVERAL OCCURRENCES

COLUMN 17 PEAK WIND IN M.P.H.

PRELIMINARY LOCAL CLIMATOLOGICAL DATA (WS FORM: F-6) , PAGE 2

                                          STATION:   CUT BANK MT
                                          MONTH:     AUGUST
                                          YEAR:      2019
                                          LATITUDE:   48 37 N
                                          LONGITUDE: 112 23 W

[TEMPERATURE DATA]      [PRECIPITATION DATA]       SYMBOLS USED IN COLUMN 16

AVERAGE MONTHLY: 65.1   TOTAL FOR MONTH:   1.19    1 = FOG OR MIST
DPTR FM NORMAL:   0.2   DPTR FM NORMAL:    0.40    2 = FOG REDUCING VISIBILITY
HIGHEST:    94 ON  2, 1  GRTST 24HR  0.73 ON 11-12      TO 1/4 MILE OR LESS
LOWEST:     44 ON 17                               3 = THUNDER
                        SNOW, ICE PELLETS, HAIL    4 = ICE PELLETS
                        TOTAL MONTH:   0.0 INCH    5 = HAIL
                        GRTST 24HR  0.0            6 = FREEZING RAIN OR DRIZZLE
                        GRTST DEPTH:  0            7 = DUSTSTORM OR SANDSTORM:
                                                       VSBY 1/2 MILE OR LESS
                                                   8 = SMOKE OR HAZE
[NO. OF DAYS WITH]      [WEATHER - DAYS WITH]      9 = BLOWING SNOW
                                                   X = TORNADO
MAX 32 OR BELOW:   0    0.01 INCH OR MORE:   5
MAX 90 OR ABOVE:   5    0.10 INCH OR MORE:   4
MIN 32 OR BELOW:   0    0.50 INCH OR MORE:   1
MIN  0 OR BELOW:   0    1.00 INCH OR MORE:   0

[HDD (BASE 65) ]
TOTAL THIS MO.    45    CLEAR  (SCALE 0-3)  13
DPTR FM NORMAL   -12    PTCLDY (SCALE 4-7)   6
TOTAL FM JUL 1   138    CLOUDY (SCALE 8-10)  2
DPTR FM NORMAL    -5

[CDD (BASE 65) ]
TOTAL THIS MO.    49
DPTR FM NORMAL    -6    [PRESSURE DATA]
TOTAL FM JAN 1   102    HIGHEST SLP M ON M
DPTR FM NORMAL   -42    LOWEST  SLP 29.71 ON 18

[REMARKS]
