000
CXUS52 KTAE 180800
CF6CTY
PRELIMINARY LOCAL CLIMATOLOGICAL DATA (WS FORM: F-6)

                                          STATION:   CROSS CITY
                                          MONTH:     APRIL
                                          YEAR:      2019
                                          LATITUDE:   29 37 N
                                          LONGITUDE:  83  6 W

  TEMPERATURE IN F:       :PCPN:    SNOW:  WIND      :SUNSHINE: SKY     :PK WND
================================================================================
1   2   3   4   5  6A  6B    7    8   9   10  11  12  13   14  15   16   17  18
                                     12Z  AVG MX 2MIN
DY MAX MIN AVG DEP HDD CDD  WTR  SNW DPTH SPD SPD DIR MIN PSBL S-S WX    SPD DR
================================================================================

 1  59  51  55 -10  10   0 0.10  0.0    0  8.7 15  20   M    M  10 1       M  M
 2  72  49  61  -4   4   0 0.24    M    0  6.0 13 360   M    M   6 1       M  M
 3  76  42  59  -6   6   0 0.00  0.0    0  5.0 15  30   M    M   0        20  30
 4  82  51  67   2   0   2 0.00  0.0    0  6.0 13 100   M    M   2        20 100
 5  78  63  71   6   0   6 0.21  0.0    0  6.5 13 250   M    M   7 13      M  M
 6  85  60  73   8   0   8 0.00  0.0    0  4.2 12 230   M    M   4 12      M  M
 7  89  60  75   9   0  10 0.00  0.0    0  3.5 10 230   M    M   1 1       M  M
 8  83  63  73   7   0   8 0.10  0.0    0  7.1 18 210   M    M   4        30 260
 9  80  65  73   7   0   8 0.01  0.0    0  8.1 17 210   M    M   5        24 210
10  84  58  71   5   0   6 0.00  0.0    0  3.5 10  40   M    M   4 1       M  M
11  86  59  73   7   0   8 0.00  0.0    0  4.7 13  80   M    M   4 1       M  M
12  85  61  73   7   0   8 0.00  0.0    0  4.4 13 250   M    M   2 1      16 190
13  87  60  74   8   0   9 0.00  0.0    0  4.9 14 180   M    M   2        20 210
14  84  67  76   9   0  11 0.25  0.0    0 10.1 21 190   M    M   7 13     35 180
15  77  49  63  -4   2   0 0.00  0.0    0  8.0 13 290   M    M   1        18 270
16  82  41  62  -5   3   0 0.00  0.0    0  3.2  8 290   M    M   0         M  M
17  85  52  69   2   0   4 0.00  0.0    0  3.3  8 250   M    M   1         M  M
================================================================================
SM 1374  951        25  88  0.91     0.0  97.2          M       60
================================================================================
AV 80.8 55.9                               5.7 FASTST   M    M   4    MAX(MPH)
                                 MISC ---->  # 21 190               # 35  180
================================================================================
NOTES:
# LAST OF SEVERAL OCCURRENCES

COLUMN 17 PEAK WIND IN M.P.H.

PRELIMINARY LOCAL CLIMATOLOGICAL DATA (WS FORM: F-6) , PAGE 2

                                          STATION:  CROSS CITY
                                          MONTH:    APRIL
                                          YEAR:     2019
                                          LATITUDE:   29 37 N
                                          LONGITUDE:  83  6 W

[TEMPERATURE DATA]      [PRECIPITATION DATA]       SYMBOLS USED IN COLUMN 16

AVERAGE MONTHLY: 68.4   TOTAL FOR MONTH:   0.91    1 = FOG OR MIST
DPTR FM NORMAL:   2.5   DPTR FM NORMAL:   -1.22    2 = FOG REDUCING VISIBILITY
HIGHEST:    89 ON  7    GRTST 24HR  0.25 ON 14-14      TO 1/4 MILE OR LESS
LOWEST:     41 ON 16                               3 = THUNDER
                        SNOW, ICE PELLETS, HAIL    4 = ICE PELLETS
                        TOTAL MONTH:   0.0 INCH    5 = HAIL
                        GRTST 24HR     0.0         6 = FREEZING RAIN OR DRIZZLE
                        GRTST DEPTH:   0           7 = DUSTSTORM OR SANDSTORM:
                                                       VSBY 1/2 MILE OR LESS
                                                   8 = SMOKE OR HAZE
[NO. OF DAYS WITH]      [WEATHER - DAYS WITH]      9 = BLOWING SNOW
                                                   X = TORNADO
MAX 32 OR BELOW:   0    0.01 INCH OR MORE:   6
MAX 90 OR ABOVE:   0    0.10 INCH OR MORE:   5
MIN 32 OR BELOW:   0    0.50 INCH OR MORE:   0
MIN  0 OR BELOW:   0    1.00 INCH OR MORE:   0

[HDD (BASE 65) ]
TOTAL THIS MO.    25    CLEAR  (SCALE 0-3)   8
DPTR FM NORMAL   -13    PTCLDY (SCALE 4-7)   8
TOTAL FM JUL 1   990    CLOUDY (SCALE 8-10)  1
DPTR FM NORMAL  -303

[CDD (BASE 65) ]
TOTAL THIS MO.    88
DPTR FM NORMAL    38    [PRESSURE DATA]
TOTAL FM JAN 1   223    HIGHEST SLP M ON M
DPTR FM NORMAL    99    LOWEST  SLP 29.68 ON 14

[REMARKS]
