000
CXUS55 KCAE 221400
CF6CUB
PRELIMINARY LOCAL CLIMATOLOGICAL DATA (WS FORM: F-6)

                                          STATION:   HAMILTON - OWENS AIRPORT SC
                                          MONTH:     FEBRUARY
                                          YEAR:      2019
                                          LATITUDE:   33 58 N
                                          LONGITUDE:  80 59 W

  TEMPERATURE IN F:       :PCPN:    SNOW:  WIND      :SUNSHINE: SKY     :PK WND
================================================================================
1   2   3   4   5  6A  6B    7    8   9   10  11  12  13   14  15   16   17  18
                                     12Z  AVG MX 2MIN
DY MAX MIN AVG DEP HDD CDD  WTR  SNW DPTH SPD SPD DIR MIN PSBL S-S WX    SPD DR
================================================================================

 1  63  29  46  -1  19   0 0.00    M    M  0.9 12 230   M    M   0        15 270
 2  70  35  53   5  12   0 0.00    M    M  0.8  9 160   M    M   2        11 160
 3  59  44  52   4  13   0 0.04    M    M  1.4  7 310   M    M   7 1      11  20
 4  71  38  55   7  10   0 0.00    M    M  1.5  8 280   M    M   1 1      13 280
 5  78  45  62  14   3   0 0.00    M    M  1.3 10 310   M    M   2 8      14 300
 6  77  51  64  16   1   0 0.00    M    M  2.3 13 200   M    M   4 18     19 220
 7  83  56  70  22   0   5 0.00    M    M  5.0 16 220   M    M   0 18     21 220
 8  77  54  66  18   0   1 0.00    M    M  7.3 17 270   M    M   0        24 300
 9  54  45  50   2  15   0 0.00    M    M  5.9 13  70   M    M   5        21  70
10  49  35  42  -7  23   0 0.00    M    M  3.3 12  70   M    M   7        16  70
11  53  41  47  -2  18   0 0.11    M    M  0.8  6 130   M    M  10 18      8 350
12  80  52  66  17   0   1 0.08    M    M  7.3 26 290   M    M   8 12     39 290
13  60  39  50   1  15   0 0.00    M    M  7.2 20 280   M    M   1        27 260
14  67  32  50   1  15   0 0.00    M    M  2.7 14 240   M    M   0 8      18 260
15  66   M   M   M   M   M 0.06    M    M  4.8 12 250   M    M   5 1       M  M
16  71  47  59   9   6   0 0.26    M    M  6.2 13 250   M    M   9 1      20 330
17  47  43  45  -5  20   0    T    M    M  2.9  9  70   M    M  10 18     14  70
18  69  44  57   7   8   0 0.15    M    M  3.3 13 280   M    M   5 1      18 290
19  57  40  49  -1  16   0 0.04    M    M  6.2 14  60   M    M  10 1      22  60
20  44  40  42  -8  23   0 0.06    M    M  4.4  9  70   M    M  10 1      17 100
21  71  43  57   7   8   0 0.18    M    M  1.7 13 250   M    M   8 18     17 240
================================================================================
SM 1366  853       225   7  0.98    M     77.2          M      104
================================================================================
AV 65.1 42.7                               3.7 FASTST   M    M   5    MAX(MPH)
                                 MISC ---->  # 26 290               # 39  290
================================================================================
NOTES:
# LAST OF SEVERAL OCCURRENCES

COLUMN 17 PEAK WIND IN M.P.H.

PRELIMINARY LOCAL CLIMATOLOGICAL DATA (WS FORM: F-6) , PAGE 2

                                          STATION:  HAMILTON - OWENS AIRPORT SC
                                          MONTH:    FEBRUARY
                                          YEAR:     2019
                                          LATITUDE:   33 58 N
                                          LONGITUDE:  80 59 W

[TEMPERATURE DATA]      [PRECIPITATION DATA]       SYMBOLS USED IN COLUMN 16

AVERAGE MONTHLY: 53.9   TOTAL FOR MONTH:   0.98    1 = FOG OR MIST
DPTR FM NORMAL:   5.0   DPTR FM NORMAL:   -1.65    2 = FOG REDUCING VISIBILITY
HIGHEST:    83 ON  7    GRTST 24HR  0.26 ON 16-16      TO 1/4 MILE OR LESS
LOWEST:     29 ON  1                               3 = THUNDER
                        SNOW, ICE PELLETS, HAIL    4 = ICE PELLETS
                        TOTAL MONTH:    M          5 = HAIL
                        GRTST 24HR    M  ON   M    6 = FREEZING RAIN OR DRIZZLE
                        GRTST DEPTH:  M  ON   M    7 = DUSTSTORM OR SANDSTORM:
                                                       VSBY 1/2 MILE OR LESS
                                                   8 = SMOKE OR HAZE
[NO. OF DAYS WITH]      [WEATHER - DAYS WITH]      9 = BLOWING SNOW
                                                   X = TORNADO
MAX 32 OR BELOW:   0    0.01 INCH OR MORE:   9
MAX 90 OR ABOVE:   0    0.10 INCH OR MORE:   4
MIN 32 OR BELOW:   2    0.50 INCH OR MORE:   0
MIN  0 OR BELOW:   0    1.00 INCH OR MORE:   0

[HDD (BASE 65) ]
TOTAL THIS MO.   225    CLEAR  (SCALE 0-3)   8
DPTR FM NORMAL  -116    PTCLDY (SCALE 4-7)   7
TOTAL FM JUL 1  1633    CLOUDY (SCALE 8-10)  6
DPTR FM NORMAL  -200

[CDD (BASE 65) ]
TOTAL THIS MO.     7
DPTR FM NORMAL     7    [PRESSURE DATA]
TOTAL FM JAN 1    12    HIGHEST SLP M ON M
DPTR FM NORMAL    11    LOWEST  SLP 29.68 ON 16

[REMARKS]
