000
CXUS55 KCAE 221400
CF6CUB
PRELIMINARY LOCAL CLIMATOLOGICAL DATA (WS FORM: F-6)

                                          STATION:   HAMILTON - OWENS AIRPORT SC
                                          MONTH:     AUGUST
                                          YEAR:      2019
                                          LATITUDE:   33 58 N
                                          LONGITUDE:  80 59 W

  TEMPERATURE IN F:       :PCPN:    SNOW:  WIND      :SUNSHINE: SKY     :PK WND
================================================================================
1   2   3   4   5  6A  6B    7    8   9   10  11  12  13   14  15   16   17  18
                                     12Z  AVG MX 2MIN
DY MAX MIN AVG DEP HDD CDD  WTR  SNW DPTH SPD SPD DIR MIN PSBL S-S WX    SPD DR
================================================================================

 1  94  71  83   1   0  18    T    M    M  2.6 12 240   M    M   0 3      16 250
 2  87  70  79  -3   0  14 0.11    M    M  1.4 10 200   M    M   3 18     14 200
 3  93  72  83   1   0  18    T    M    M  2.4  9  70   M    M   2 1      16  80
 4  86  74  80  -2   0  15 0.05  0.0    0  2.8 14 270   M    M   2 13     19 280
 5  89  72  81  -1   0  16 0.01    M    M  1.8  8 160   M    M   3        16 260
 6  93  72  83   1   0  18    T    M    M  3.0 14 190   M    M   2        17 180
 7  97  73  85   3   0  20    T    M    M  5.2 16 170   M    M   1        21 260
 8  98  75  87   5   0  22 0.00    M    M  3.4  9 300   M    M   0         M  M
 9 101  76  89   7   0  24 0.00    M    M  2.4 10 250   M    M   0        14 300
10  97  73  85   3   0  20 0.00    M    M  3.5 12 250   M    M   1        17 280
11  97  77  87   5   0  22 0.00    M    M  3.2 10 280   M    M   2 3      14 270
12  95  76  86   4   0  21 0.00    M    M  2.3 10 200   M    M   2        16 210
13  99  78  89   7   0  24 0.00    M    M  4.1 14 170   M    M   1        21 190
14 101  79  90   8   0  25 0.19    M    M  3.0 22 160   M    M   1 13     27 160
15  92  76  84   3   0  19    T    M    M  3.3 14 160   M    M   2        19 160
16  97  76  87   6   0  22 0.00    M    M  3.2 13 160   M    M   3 13     17 160
17  96  76  86   5   0  21 0.00    M    M  2.4 12 170   M    M   4        17 150
18  94  74  84   3   0  19 0.00    M    M  4.6 14 170   M    M   2        18 160
19  95  75  85   4   0  20    T    M    M  4.5 16 170   M    M   3 3      19 170
20  89  78  84   3   0  19 0.01    M    M  5.5 15 210   M    M   4        19 190
21  97  76  87   6   0  22    T    M    M  5.8 14 250   M    M   2        18 290
================================================================================
SM 1987 1569         0 419  0.37     0.0  70.4          M       40
================================================================================
AV 94.6 74.7                               3.4 FASTST   M    M   2    MAX(MPH)
                                 MISC ---->  # 22 160               # 27  160
================================================================================
NOTES:
# LAST OF SEVERAL OCCURRENCES

COLUMN 17 PEAK WIND IN M.P.H.

PRELIMINARY LOCAL CLIMATOLOGICAL DATA (WS FORM: F-6) , PAGE 2

                                          STATION:  HAMILTON - OWENS AIRPORT SC
                                          MONTH:    AUGUST
                                          YEAR:     2019
                                          LATITUDE:   33 58 N
                                          LONGITUDE:  80 59 W

[TEMPERATURE DATA]      [PRECIPITATION DATA]       SYMBOLS USED IN COLUMN 16

AVERAGE MONTHLY: 84.7   TOTAL FOR MONTH:   0.37    1 = FOG OR MIST
DPTR FM NORMAL:   3.0   DPTR FM NORMAL:   -3.14    2 = FOG REDUCING VISIBILITY
HIGHEST:   101 ON 14, 9 GRTST 24HR  0.19 ON 14-14      TO 1/4 MILE OR LESS
LOWEST:     70 ON  2                               3 = THUNDER
                        SNOW, ICE PELLETS, HAIL    4 = ICE PELLETS
                        TOTAL MONTH:   0.0 INCH    5 = HAIL
                        GRTST 24HR     0.0         6 = FREEZING RAIN OR DRIZZLE
                        GRTST DEPTH:   0           7 = DUSTSTORM OR SANDSTORM:
                                                       VSBY 1/2 MILE OR LESS
                                                   8 = SMOKE OR HAZE
[NO. OF DAYS WITH]      [WEATHER - DAYS WITH]      9 = BLOWING SNOW
                                                   X = TORNADO
MAX 32 OR BELOW:   0    0.01 INCH OR MORE:   5
MAX 90 OR ABOVE:  17    0.10 INCH OR MORE:   2
MIN 32 OR BELOW:   0    0.50 INCH OR MORE:   0
MIN  0 OR BELOW:   0    1.00 INCH OR MORE:   0

[HDD (BASE 65) ]
TOTAL THIS MO.     0    CLEAR  (SCALE 0-3)  19
DPTR FM NORMAL     0    PTCLDY (SCALE 4-7)   2
TOTAL FM JUL 1     0    CLOUDY (SCALE 8-10)  0
DPTR FM NORMAL     0

[CDD (BASE 65) ]
TOTAL THIS MO.   419
DPTR FM NORMAL    68    [PRESSURE DATA]
TOTAL FM JAN 1  1978    HIGHEST SLP M ON M
DPTR FM NORMAL   311    LOWEST  SLP 29.76 ON 14

[REMARKS]
