000
CXUS55 KCAE 201400
CF6CUB
PRELIMINARY LOCAL CLIMATOLOGICAL DATA (WS FORM: F-6)

                                          STATION:   HAMILTON - OWENS AIRPORT SC
                                          MONTH:     APRIL
                                          YEAR:      2019
                                          LATITUDE:   33 58 N
                                          LONGITUDE:  80 59 W

  TEMPERATURE IN F:       :PCPN:    SNOW:  WIND      :SUNSHINE: SKY     :PK WND
================================================================================
1   2   3   4   5  6A  6B    7    8   9   10  11  12  13   14  15   16   17  18
                                     12Z  AVG MX 2MIN
DY MAX MIN AVG DEP HDD CDD  WTR  SNW DPTH SPD SPD DIR MIN PSBL S-S WX    SPD DR
================================================================================

 1  61  43  52  -9  13   0 0.00    M    M  5.2 13  70   M    M   0        21  80
 2  51  38  45 -16  20   0 1.08    M    M  4.7 13 300   M    M   8 1      22 360
 3  71  36  54  -8  11   0 0.00    M    M  1.3  9 240   M    M   1 128    14 270
 4  76  45  61  -1   4   0 0.00    M    M  3.2 16 160   M    M   0        22 160
 5  69  56  63   1   2   0 0.53    M    M  2.1  9 300   M    M   8 1      11 320
 6  75  56  66   4   0   1 0.00    M    M  2.3  8 160   M    M   6 1      12  80
 7  77  58  68   6   0   3 0.02    M    M  2.4 10 180   M    M   6 1      19 200
 8  86  63  75  12   0  10 0.27    M    M  5.8 38 270   M    M   6 138    50 270
 9  76  64  70   7   0   5 0.34    M    M  3.4 12 180   M    M   7 1      14 180
10  84  62  73  10   0   8 0.00    M    M  2.6 10  50   M    M   0 1      20  50
11  84  55  70   7   0   5 0.00    M    M  4.2 14 170   M    M   1        20 180
12  79  66  73   9   0   8 0.45    M    M  4.0 17 160   M    M   9 138    24 160
13  82  68  75  11   0  10    T    M    M  3.4 12 180   M    M   6 1      17 120
14  80  70  75  11   0  10 0.03    M    M  9.2 20 180   M    M   7 13     28 200
15  73  53  63  -1   2   0 0.00    M    M 10.9 25 270   M    M   1        34 280
16  74  44  59  -5   6   0 0.00    M    M  1.9  8 180   M    M   0        17 200
17  83  49  66   1   0   1 0.00    M    M  4.4 13 190   M    M   0        17 170
18  83  57  70   5   0   5 0.00    M    M  6.1 17 170   M    M   1        24 180
19  80  57  69   4   0   4 0.38    M    M 11.6 33 180   M    M   9 13     51 180
================================================================================
SM 1444 1040        58  70  3.10    M     88.7          M       76
================================================================================
AV 76.0 54.7                               4.7 FASTST   M    M   4    MAX(MPH)
                                 MISC ---->  # 38 270               # 51  180
================================================================================
NOTES:
# LAST OF SEVERAL OCCURRENCES

COLUMN 17 PEAK WIND IN M.P.H.

PRELIMINARY LOCAL CLIMATOLOGICAL DATA (WS FORM: F-6) , PAGE 2

                                          STATION:  HAMILTON - OWENS AIRPORT SC
                                          MONTH:    APRIL
                                          YEAR:     2019
                                          LATITUDE:   33 58 N
                                          LONGITUDE:  80 59 W

[TEMPERATURE DATA]      [PRECIPITATION DATA]       SYMBOLS USED IN COLUMN 16

AVERAGE MONTHLY: 65.4   TOTAL FOR MONTH:   3.10    1 = FOG OR MIST
DPTR FM NORMAL:   2.3   DPTR FM NORMAL:    1.31    2 = FOG REDUCING VISIBILITY
HIGHEST:    86 ON  8    GRTST 24HR  1.08 ON  2- 2      TO 1/4 MILE OR LESS
LOWEST:     36 ON  3                               3 = THUNDER
                        SNOW, ICE PELLETS, HAIL    4 = ICE PELLETS
                        TOTAL MONTH:    M          5 = HAIL
                        GRTST 24HR    M  ON   M    6 = FREEZING RAIN OR DRIZZLE
                        GRTST DEPTH:  M  ON   M    7 = DUSTSTORM OR SANDSTORM:
                                                       VSBY 1/2 MILE OR LESS
                                                   8 = SMOKE OR HAZE
[NO. OF DAYS WITH]      [WEATHER - DAYS WITH]      9 = BLOWING SNOW
                                                   X = TORNADO
MAX 32 OR BELOW:   0    0.01 INCH OR MORE:   8
MAX 90 OR ABOVE:   0    0.10 INCH OR MORE:   6
MIN 32 OR BELOW:   0    0.50 INCH OR MORE:   2
MIN  0 OR BELOW:   0    1.00 INCH OR MORE:   1

[HDD (BASE 65) ]
TOTAL THIS MO.    58    CLEAR  (SCALE 0-3)   9
DPTR FM NORMAL   -19    PTCLDY (SCALE 4-7)   8
TOTAL FM JUL 1  2028    CLOUDY (SCALE 8-10)  2
DPTR FM NORMAL  -252

[CDD (BASE 65) ]
TOTAL THIS MO.    70
DPTR FM NORMAL    26    [PRESSURE DATA]
TOTAL FM JAN 1    93    HIGHEST SLP M ON M
DPTR FM NORMAL    31    LOWEST  SLP 29.46 ON 19

[REMARKS]
