000
CXUS53 KUNR 170945
CF6CUT
PRELIMINARY LOCAL CLIMATOLOGICAL DATA (WS FORM: F-6)

                                          STATION:   CUSTER COUNTY AIRPORT SD
                                          MONTH:     AUGUST
                                          YEAR:      2019
                                          LATITUDE:   43 43 N
                                          LONGITUDE: 103 37 W

  TEMPERATURE IN F:       :PCPN:    SNOW:  WIND      :SUNSHINE: SKY     :PK WND
================================================================================
1   2   3   4   5  6A  6B    7    8   9   10  11  12  13   14  15   16   17  18
                                     12Z  AVG MX 2MIN
DY MAX MIN AVG DEP HDD CDD  WTR  SNW DPTH SPD SPD DIR MIN PSBL S-S WX    SPD DR
================================================================================

 1  69  57  63  -3   2   0 0.17    M    M  4.0 17 280   M    M   8 13     24 280
 2  76  55  66   0   0   1 2.13    M    M  5.1 16 110   M    M   4 123    23 320
 3  80  55  68   2   0   3 0.00    M    M  3.1 12 120   M    M   2 123    19 120
 4  78  56  67   1   0   2 0.07    M    M  6.6 17 210   M    M   1 13     30 230
 5  79  56  68   2   0   3 0.02    M    M  6.2 18 260   M    M   1 3      27 250
 6  86  56  71   6   0   6 0.00    M    M  4.7 17 260   M    M   0        24 270
 7  80  55  68   3   0   3 0.09    M    M  5.3 14  40   M    M   3 13     19  50
 8  76  57  67   2   0   2    T    M    M  5.0 14 100   M    M   3 123    20 100
 9  81  54  68   3   0   3 0.38    M    M  6.2 22 270   M    M   4 123    32 300
10  84  54  69   4   0   4 0.41    M    M  6.8 21 110   M    M   5 123    32 110
11  70  52  61  -4   4   0 0.91    M    M  6.3 31 260   M    M   6 13     48 240
12  74  51  63  -2   2   0 0.00    M    M  6.0 16 260   M    M   3        23 260
13  71  49  60  -5   5   0 0.00    M    M  6.1 13  80   M    M   3        22 120
14  71  49  60  -4   5   0 0.05    M    M  4.4 22  60   M    M   4 13     36  70
15  72  49  61  -3   4   0 0.15    M    M  6.5 20 290   M    M   5 13     34 310
16  74  50  62  -2   3   0 0.04    M    M  5.8 16 260   M    M   3 1      23 260
================================================================================
SM 1221  855        25  27  4.42    M     88.1          M       55
================================================================================
AV 76.3 53.4                               5.5 FASTST   M    M   3    MAX(MPH)
                                 MISC ---->  # 31 260               # 48  240
================================================================================
NOTES:
# LAST OF SEVERAL OCCURRENCES

COLUMN 17 PEAK WIND IN M.P.H.

PRELIMINARY LOCAL CLIMATOLOGICAL DATA (WS FORM: F-6) , PAGE 2

                                          STATION:  CUSTER COUNTY AIRPORT SD
                                          MONTH:    AUGUST
                                          YEAR:     2019
                                          LATITUDE:   43 43 N
                                          LONGITUDE: 103 37 W

[TEMPERATURE DATA]      [PRECIPITATION DATA]       SYMBOLS USED IN COLUMN 16

AVERAGE MONTHLY: 64.9   TOTAL FOR MONTH:   4.42    1 = FOG OR MIST
DPTR FM NORMAL:  -0.2   DPTR FM NORMAL:    3.32    2 = FOG REDUCING VISIBILITY
HIGHEST:    86 ON  6    GRTST 24HR  2.13 ON  2- 2      TO 1/4 MILE OR LESS
LOWEST:     49 ON 15,14                            3 = THUNDER
                        SNOW, ICE PELLETS, HAIL    4 = ICE PELLETS
                        TOTAL MONTH:    M          5 = HAIL
                        GRTST 24HR    M  ON   M    6 = FREEZING RAIN OR DRIZZLE
                        GRTST DEPTH:  M  ON   M    7 = DUSTSTORM OR SANDSTORM:
                                                       VSBY 1/2 MILE OR LESS
                                                   8 = SMOKE OR HAZE
[NO. OF DAYS WITH]      [WEATHER - DAYS WITH]      9 = BLOWING SNOW
                                                   X = TORNADO
MAX 32 OR BELOW:   0    0.01 INCH OR MORE:  11
MAX 90 OR ABOVE:   0    0.10 INCH OR MORE:   6
MIN 32 OR BELOW:   0    0.50 INCH OR MORE:   2
MIN  0 OR BELOW:   0    1.00 INCH OR MORE:   1

[HDD (BASE 65) ]
TOTAL THIS MO.    25    CLEAR  (SCALE 0-3)   6
DPTR FM NORMAL   -11    PTCLDY (SCALE 4-7)  10
TOTAL FM JUL 1    76    CLOUDY (SCALE 8-10)  0
DPTR FM NORMAL   -21

[CDD (BASE 65) ]
TOTAL THIS MO.    27
DPTR FM NORMAL    -5    [PRESSURE DATA]
TOTAL FM JAN 1   115    HIGHEST SLP M ON M
DPTR FM NORMAL   -24    LOWEST  SLP 29.51 ON 11

[REMARKS]
