000
CXUS53 KUNR 210945
CF6CUT
PRELIMINARY LOCAL CLIMATOLOGICAL DATA (WS FORM: F-6)

                                          STATION:   CUSTER COUNTY AIRPORT SD
                                          MONTH:     APRIL
                                          YEAR:      2019
                                          LATITUDE:   43 43 N
                                          LONGITUDE: 103 37 W

  TEMPERATURE IN F:       :PCPN:    SNOW:  WIND      :SUNSHINE: SKY     :PK WND
================================================================================
1   2   3   4   5  6A  6B    7    8   9   10  11  12  13   14  15   16   17  18
                                     12Z  AVG MX 2MIN
DY MAX MIN AVG DEP HDD CDD  WTR  SNW DPTH SPD SPD DIR MIN PSBL S-S WX    SPD DR
================================================================================

 1  41  24  33  -2  32   0 0.00    M    M  4.0 12 360   M    M   5 1      20 360
 2  45  23  34  -1  31   0 0.00    M    M  5.9 16 280   M    M   4        23 300
 3  33  28  31  -5  34   0 0.26    M    M  7.5 14 100   M    M  10 12     18  90
 4  59  32  46  10  19   0 0.00    M    M  4.9 15 270   M    M   5 12     20 210
 5  63  33  48  12  17   0 0.00    M    M  4.6 14 140   M    M   2 3      26 190
 6  65  33  49  13  16   0 0.02    M    M  7.4 24 270   M    M   2        37 280
 7  62  36  49  12  16   0 0.02    M    M  9.8 22 270   M    M   1        33 250
 8  59  35  47  10  18   0 0.00    M    M  5.1 18 270   M    M   5        24 280
 9  53  28  41   4  24   0 0.06    M    M 11.4 25  50   M    M   5 123    39  60
10  28  15  22 -15  43   0 0.20    M    M 14.9 26  50   M    M  10 12368  38  50
11  21  13  17 -21  48   0 0.02    M    M 10.5 20 340   M    M  10 8      36 340
12  31  13  22 -16  43   0 0.00    M    M  7.2 18 280   M    M   4        30 280
13  40  14  27 -11  38   0 0.00    M    M  4.9 17 100   M    M   2        26 130
14  54  25  40   1  25   0 0.00    M    M  4.1 16 270   M    M   2        24 260
15  52  27  40   1  25   0 0.03    M    M  4.2 14 260   M    M   7        22 150
16  57  31  44   5  21   0 0.18    M    M  6.4 21 280   M    M   6 3      29 190
17  51  34  43   3  22   0    T    M    M 10.2 29 280   M    M   4        45 280
18  50  28  39  -1  26   0 0.01    M    M  9.6 22 340   M    M   2 8      36 310
19  69  27  48   8  17   0 0.00    M    M  7.1 23 270   M    M   3        34 290
20  74  40  57  17   8   0 0.03    M    M  7.3 22 280   M    M   1        42 290
================================================================================
SM 1007  539       523   0  0.83    M    147.0          M       90
================================================================================
AV 50.4 27.0                               7.3 FASTST   M    M   5    MAX(MPH)
                                 MISC ---->  # 29 280               # 45  280
================================================================================
NOTES:
# LAST OF SEVERAL OCCURRENCES

COLUMN 17 PEAK WIND IN M.P.H.

PRELIMINARY LOCAL CLIMATOLOGICAL DATA (WS FORM: F-6) , PAGE 2

                                          STATION:  CUSTER COUNTY AIRPORT SD
                                          MONTH:    APRIL
                                          YEAR:     2019
                                          LATITUDE:   43 43 N
                                          LONGITUDE: 103 37 W

[TEMPERATURE DATA]      [PRECIPITATION DATA]       SYMBOLS USED IN COLUMN 16

AVERAGE MONTHLY: 38.7   TOTAL FOR MONTH:   0.83    1 = FOG OR MIST
DPTR FM NORMAL:   1.0   DPTR FM NORMAL:   -0.46    2 = FOG REDUCING VISIBILITY
HIGHEST:    74 ON 20    GRTST 24HR  0.26 ON  3- 3      TO 1/4 MILE OR LESS
LOWEST:     13 ON 12,11                            3 = THUNDER
                        SNOW, ICE PELLETS, HAIL    4 = ICE PELLETS
                        TOTAL MONTH:    M          5 = HAIL
                        GRTST 24HR    M  ON   M    6 = FREEZING RAIN OR DRIZZLE
                        GRTST DEPTH:  M  ON   M    7 = DUSTSTORM OR SANDSTORM:
                                                       VSBY 1/2 MILE OR LESS
                                                   8 = SMOKE OR HAZE
[NO. OF DAYS WITH]      [WEATHER - DAYS WITH]      9 = BLOWING SNOW
                                                   X = TORNADO
MAX 32 OR BELOW:   3    0.01 INCH OR MORE:  10
MAX 90 OR ABOVE:   0    0.10 INCH OR MORE:   3
MIN 32 OR BELOW:  14    0.50 INCH OR MORE:   0
MIN  0 OR BELOW:   0    1.00 INCH OR MORE:   0

[HDD (BASE 65) ]
TOTAL THIS MO.   523    CLEAR  (SCALE 0-3)   8
DPTR FM NORMAL   -25    PTCLDY (SCALE 4-7)   9
TOTAL FM JUL 1  7704    CLOUDY (SCALE 8-10)  3
DPTR FM NORMAL   281

[CDD (BASE 65) ]
TOTAL THIS MO.     0
DPTR FM NORMAL     0    [PRESSURE DATA]
TOTAL FM JAN 1     0    HIGHEST SLP M ON M
DPTR FM NORMAL     0    LOWEST  SLP 29.35 ON 20

[REMARKS]
