000
CXUS53 KUNR 170945
CF6CUT
PRELIMINARY LOCAL CLIMATOLOGICAL DATA (WS FORM: F-6)

                                          STATION:   CUSTER COUNTY AIRPORT SD
                                          MONTH:     FEBRUARY
                                          YEAR:      2019
                                          LATITUDE:   43 43 N
                                          LONGITUDE: 103 37 W

  TEMPERATURE IN F:       :PCPN:    SNOW:  WIND      :SUNSHINE: SKY     :PK WND
================================================================================
1   2   3   4   5  6A  6B    7    8   9   10  11  12  13   14  15   16   17  18
                                     12Z  AVG MX 2MIN
DY MAX MIN AVG DEP HDD CDD  WTR  SNW DPTH SPD SPD DIR MIN PSBL S-S WX    SPD DR
================================================================================

 1  49  26  38  14  27   0 0.00    M    M  8.8 18 260   M    M   0        29 250
 2  46  35  41  17  24   0 0.00    M    M 15.1 28 260   M    M   0        42 280
 3  39  13  26   2  39   0 0.25    M    M  5.9 18 230   M    M   8 12     33 200
 4  13   3   8 -16  57   0    T    M    M  4.9 12 210   M    M   8 18     19 230
 5  19   4  12 -12  53   0 0.02    M    M  4.1 13 220   M    M   7 18     20 220
 6  14  -9   3 -21  62   0 0.25    M    M  3.3  9 240   M    M  10 18     13 240
 7   4 -17  -6 -31  71   0 0.03    M    M  4.4 15 280   M    M   4 8      25 310
 8  22  -1  11 -14  54   0 0.00    M    M  4.0 15 280   M    M   2        23 280
 9  27  -3  12 -13  53   0 0.00    M    M  5.8 15 270   M    M   3 18     21 270
10  26   1  14 -11  51   0 0.01    M    M  4.0 10 180   M    M   7 18     17 190
11  28   9  19  -6  46   0 0.00    M    M  7.3 22 290   M    M   3 18     39 300
12  35  10  23  -2  42   0 0.00    M    M  6.6 17 290   M    M   0        26 260
13  38  26  32   7  33   0 0.00    M    M 12.9 30 260   M    M   0        48 260
14  32   9  21  -4  44   0 0.02    M    M  5.6 18 280   M    M   6 8      28 270
15  20   9  15 -11  50   0 0.37    M    M  5.7 12 120   M    M   7 18     18 200
16  32   2  17  -9  48   0 0.15    M    M  5.3 14 340   M    M   5 128    23 360
================================================================================
SM  444  117       754   0  1.10    M    103.7          M       70
================================================================================
AV 27.8  7.3                               6.5 FASTST   M    M   4    MAX(MPH)
                                 MISC ---->  # 30 260               # 48  260
================================================================================
NOTES:
# LAST OF SEVERAL OCCURRENCES

COLUMN 17 PEAK WIND IN M.P.H.

PRELIMINARY LOCAL CLIMATOLOGICAL DATA (WS FORM: F-6) , PAGE 2

                                          STATION:  CUSTER COUNTY AIRPORT SD
                                          MONTH:    FEBRUARY
                                          YEAR:     2019
                                          LATITUDE:   43 43 N
                                          LONGITUDE: 103 37 W

[TEMPERATURE DATA]      [PRECIPITATION DATA]       SYMBOLS USED IN COLUMN 16

AVERAGE MONTHLY: 17.5   TOTAL FOR MONTH:   1.10    1 = FOG OR MIST
DPTR FM NORMAL:  -7.2   DPTR FM NORMAL:    0.79    2 = FOG REDUCING VISIBILITY
HIGHEST:    49 ON  1    GRTST 24HR  0.37 ON 15-15      TO 1/4 MILE OR LESS
LOWEST:    -17 ON  7                               3 = THUNDER
                        SNOW, ICE PELLETS, HAIL    4 = ICE PELLETS
                        TOTAL MONTH:    M          5 = HAIL
                        GRTST 24HR    M  ON   M    6 = FREEZING RAIN OR DRIZZLE
                        GRTST DEPTH:  M  ON   M    7 = DUSTSTORM OR SANDSTORM:
                                                       VSBY 1/2 MILE OR LESS
                                                   8 = SMOKE OR HAZE
[NO. OF DAYS WITH]      [WEATHER - DAYS WITH]      9 = BLOWING SNOW
                                                   X = TORNADO
MAX 32 OR BELOW:  11    0.01 INCH OR MORE:   8
MAX 90 OR ABOVE:   0    0.10 INCH OR MORE:   4
MIN 32 OR BELOW:  15    0.50 INCH OR MORE:   0
MIN  0 OR BELOW:   4    1.00 INCH OR MORE:   0

[HDD (BASE 65) ]
TOTAL THIS MO.   754    CLEAR  (SCALE 0-3)   6
DPTR FM NORMAL   111    PTCLDY (SCALE 4-7)   9
TOTAL FM JUL 1  5396    CLOUDY (SCALE 8-10)  1
DPTR FM NORMAL    18

[CDD (BASE 65) ]
TOTAL THIS MO.     0
DPTR FM NORMAL     0    [PRESSURE DATA]
TOTAL FM JAN 1     0    HIGHEST SLP M ON M
DPTR FM NORMAL     0    LOWEST  SLP 29.19 ON 13

[REMARKS]
