000
CXUS54 KEWX 200910
CF6CVB
PRELIMINARY LOCAL CLIMATOLOGICAL DATA (WS FORM: F-6)

                                          STATION:   Castroville
                                          MONTH:     FEBRUARY
                                          YEAR:      2019
                                          LATITUDE:   29 20 N
                                          LONGITUDE:  98 51 W

  TEMPERATURE IN F:       :PCPN:    SNOW:  WIND      :SUNSHINE: SKY     :PK WND
================================================================================
1   2   3   4   5  6A  6B    7    8   9   10  11  12  13   14  15   16   17  18
                                     12Z  AVG MX 2MIN
DY MAX MIN AVG DEP HDD CDD  WTR  SNW DPTH SPD SPD DIR MIN PSBL S-S WX    SPD DR
================================================================================

 1  69  57  63   M   2   0 0.06    M    M  3.2  7 120   M    M  10         M  M
 2  68  59  64   M   1   0 0.02    M    M  4.1  6 110   M    M  10 1       M  M
 3  77  59  68   M   0   3 0.00    M    M  4.8 13 190   M    M   8 12     18 210
 4  72  61  67   M   0   2 0.00    M    M  3.3  7 160   M    M   8 12      M  M
 5  74  65  70   M   0   5 0.01    M    M  4.6  9 170   M    M   9 128     M  M
 6  79  67  73   M   0   8 0.00    M    M  7.0 13 150   M    M  10 128    17 150
 7  72  45  59   M   6   0 0.00    M    M 11.1 20  30   M    M   4 1      27 340
 8  45  38  42   M  23   0 0.00    M    M 11.1 18  40   M    M  10        24  40
 9  40  35  38   M  27   0 0.05    M    M  6.0 10  80   M    M  10 1       M  M
10  51  39  45   M  20   0 0.01    M    M  2.6  8 110   M    M  10 1       M  M
11  58  50  54   M  11   0 0.01    M    M  2.7 15 100   M    M   9 1      21 100
12  68  39  54   M  11   0 0.00    M    M  6.8 13 360   M    M   0        17 360
13  67  32  50   M  15   0 0.00    M    M  6.7 15 160   M    M   0         M  M
14  73  44  59   M   6   0 0.00    M    M  4.4 14 230   M    M   1        17 230
15  90  47  69   M   0   4 0.00    M    M  5.5 12 260   M    M   0        18 260
16  66  52  59   M   6   0 0.00    M    M  6.9 13  60   M    M   7 18      9 100
17  75  52  64   M   1   0 0.00    M    M  8.0 15  30   M    M   4 1      23  10
18  64  44  54   M  11   0 0.00    M    M 10.8 15  80   M    M   3        23  80
19  49  43  46   M  19   0 0.00    M    M  9.2 14 340   M    M  10 1      18  80
================================================================================
SM 1257  928       159  22  0.16    M    118.8          M      123
================================================================================
AV 66.2 48.8                               6.3 FASTST   M    M   6    MAX(MPH)
                                 MISC ---->  # 20  30               # 27  340
================================================================================
NOTES:
# LAST OF SEVERAL OCCURRENCES

COLUMN 17 PEAK WIND IN M.P.H.

PRELIMINARY LOCAL CLIMATOLOGICAL DATA (WS FORM: F-6) , PAGE 2

                                          STATION:  Castroville
                                          MONTH:    FEBRUARY
                                          YEAR:     2019
                                          LATITUDE:   29 20 N
                                          LONGITUDE:  98 51 W

[TEMPERATURE DATA]      [PRECIPITATION DATA]       SYMBOLS USED IN COLUMN 16

AVERAGE MONTHLY: 57.5   TOTAL FOR MONTH:   0.16    1 = FOG OR MIST
DPTR FM NORMAL:     M   DPTR FM NORMAL:       M    2 = FOG REDUCING VISIBILITY
HIGHEST:    90 ON 15    GRTST 24HR  0.06 ON  1- 1      TO 1/4 MILE OR LESS
LOWEST:     32 ON 13                               3 = THUNDER
                        SNOW, ICE PELLETS, HAIL    4 = ICE PELLETS
                        TOTAL MONTH:    M          5 = HAIL
                        GRTST 24HR    M  ON   M    6 = FREEZING RAIN OR DRIZZLE
                        GRTST DEPTH:  M  ON   M    7 = DUSTSTORM OR SANDSTORM:
                                                       VSBY 1/2 MILE OR LESS
                                                   8 = SMOKE OR HAZE
[NO. OF DAYS WITH]      [WEATHER - DAYS WITH]      9 = BLOWING SNOW
                                                   X = TORNADO
MAX 32 OR BELOW:   0    0.01 INCH OR MORE:   6
MAX 90 OR ABOVE:   1    0.10 INCH OR MORE:   0
MIN 32 OR BELOW:   1    0.50 INCH OR MORE:   0
MIN  0 OR BELOW:   0    1.00 INCH OR MORE:   0

[HDD (BASE 65) ]
TOTAL THIS MO.   159    CLEAR  (SCALE 0-3)   5
DPTR FM NORMAL     M    PTCLDY (SCALE 4-7)   4
TOTAL FM JUL 1  1183    CLOUDY (SCALE 8-10) 10
DPTR FM NORMAL     M

[CDD (BASE 65) ]
TOTAL THIS MO.    22
DPTR FM NORMAL     M    [PRESSURE DATA]
TOTAL FM JAN 1    23    HIGHEST SLP M ON M
DPTR FM NORMAL     M    LOWEST  SLP M ON M

[REMARKS]
