000
CXUS54 KEWX 230910
CF6CVB
PRELIMINARY LOCAL CLIMATOLOGICAL DATA (WS FORM: F-6)

                                          STATION:   Castroville
                                          MONTH:     AUGUST
                                          YEAR:      2019
                                          LATITUDE:   29 20 N
                                          LONGITUDE:  98 51 W

  TEMPERATURE IN F:       :PCPN:    SNOW:  WIND      :SUNSHINE: SKY     :PK WND
================================================================================
1   2   3   4   5  6A  6B    7    8   9   10  11  12  13   14  15   16   17  18
                                     12Z  AVG MX 2MIN
DY MAX MIN AVG DEP HDD CDD  WTR  SNW DPTH SPD SPD DIR MIN PSBL S-S WX    SPD DR
================================================================================

 1  99  72  86   M   0  21 0.00    M    M  4.4 13 100   M    M   0         M  M
 2  99  72  86   M   0  21 0.00    M    M  3.9 10 120   M    M   0        16  90
 3  98  72  85   M   0  20 0.00    M    M  3.9 12 120   M    M   0        16 140
 4  97  75  86   M   0  21 0.00    M    M  4.6 10 120   M    M   2         M  M
 5 100  74  87   M   0  22 0.00    M    M  4.2 13 130   M    M   1        21 140
 6 100  74  87   M   0  22 0.00    M    M  5.7 14 140   M    M   1        21 140
 7 101  76  89   M   0  24 0.00    M    M  6.8 15 140   M    M   2        20 140
 8 103  77  90   M   0  25 0.00    M    M  8.0 21 140   M    M   4        27 140
 9 103  79  91   M   0  26 0.00    M    M  9.8 15 140   M    M   4        22 170
10 103  76  90   M   0  25 0.00    M    M  8.8 15 140   M    M   4        20 140
11 103  78  91   M   0  26 0.00    M    M  8.2 18 140   M    M   4        24 140
12 103  77  90   M   0  25 0.00    M    M  7.5 14 150   M    M   3        23 160
13 104  76  90   M   0  25 0.00    M    M  6.8 14 150   M    M   1        21 150
14 102  74  88   M   0  23 0.00    M    M  4.3 16 120   M    M   1        25 120
15 101  75  88   M   0  23 0.00    M    M  2.8 22 360   M    M   1        27 360
16 103  77  90   M   0  25 0.00    M    M  4.5 12 140   M    M   1        22 150
17 102  78  90   M   0  25 0.00    M    M  8.4 15 140   M    M   3        23 140
18 102  77  90   M   0  25 0.00    M    M  7.9 14 140   M    M   4        28 140
19 102  78  90   M   0  25 0.00    M    M  8.1 14 140   M    M   4        21 150
20 100  78  89   M   0  24 0.00    M    M  7.5 16 150   M    M   4        21 160
21  99  75  87   M   0  22 0.00    M    M  6.1 14 130   M    M   3        21 130
22 100  77  89   M   0  24 0.00    M    M  6.2 16 120   M    M   3        24 120
================================================================================
SM 2224 1667         0 519  0.00    M    138.4          M       50
================================================================================
AV101.1 75.8                               6.3 FASTST   M    M   2    MAX(MPH)
                                 MISC ---->  # 22 360               # 28  140
================================================================================
NOTES:
# LAST OF SEVERAL OCCURRENCES

COLUMN 17 PEAK WIND IN M.P.H.

PRELIMINARY LOCAL CLIMATOLOGICAL DATA (WS FORM: F-6) , PAGE 2

                                          STATION:  Castroville
                                          MONTH:    AUGUST
                                          YEAR:     2019
                                          LATITUDE:   29 20 N
                                          LONGITUDE:  98 51 W

[TEMPERATURE DATA]      [PRECIPITATION DATA]       SYMBOLS USED IN COLUMN 16

AVERAGE MONTHLY: 88.4   TOTAL FOR MONTH:   0.00    1 = FOG OR MIST
DPTR FM NORMAL:     M   DPTR FM NORMAL:       M    2 = FOG REDUCING VISIBILITY
HIGHEST:   104 ON 13    GRTST 24HR  0.00 ON 22-22      TO 1/4 MILE OR LESS
LOWEST:     72 ON  3, 2                            3 = THUNDER
                        SNOW, ICE PELLETS, HAIL    4 = ICE PELLETS
                        TOTAL MONTH:    M          5 = HAIL
                        GRTST 24HR    M  ON   M    6 = FREEZING RAIN OR DRIZZLE
                        GRTST DEPTH:  M  ON   M    7 = DUSTSTORM OR SANDSTORM:
                                                       VSBY 1/2 MILE OR LESS
                                                   8 = SMOKE OR HAZE
[NO. OF DAYS WITH]      [WEATHER - DAYS WITH]      9 = BLOWING SNOW
                                                   X = TORNADO
MAX 32 OR BELOW:   0    0.01 INCH OR MORE:   0
MAX 90 OR ABOVE:  22    0.10 INCH OR MORE:   0
MIN 32 OR BELOW:   0    0.50 INCH OR MORE:   0
MIN  0 OR BELOW:   0    1.00 INCH OR MORE:   0

[HDD (BASE 65) ]
TOTAL THIS MO.     0    CLEAR  (SCALE 0-3)  13
DPTR FM NORMAL     M    PTCLDY (SCALE 4-7)   9
TOTAL FM JUL 1     0    CLOUDY (SCALE 8-10)  0
DPTR FM NORMAL     M

[CDD (BASE 65) ]
TOTAL THIS MO.   519
DPTR FM NORMAL     M    [PRESSURE DATA]
TOTAL FM JAN 1  2315    HIGHEST SLP M ON M
DPTR FM NORMAL     M    LOWEST  SLP M ON M

[REMARKS]
