000
CXUS54 KEWX 220910
CF6CVB
PRELIMINARY LOCAL CLIMATOLOGICAL DATA (WS FORM: F-6)

                                          STATION:   Castroville
                                          MONTH:     APRIL
                                          YEAR:      2019
                                          LATITUDE:   29 20 N
                                          LONGITUDE:  98 51 W

  TEMPERATURE IN F:       :PCPN:    SNOW:  WIND      :SUNSHINE: SKY     :PK WND
================================================================================
1   2   3   4   5  6A  6B    7    8   9   10  11  12  13   14  15   16   17  18
                                     12Z  AVG MX 2MIN
DY MAX MIN AVG DEP HDD CDD  WTR  SNW DPTH SPD SPD DIR MIN PSBL S-S WX    SPD DR
================================================================================

 1  65  40  53   M  12   0 0.00    M    M  3.6  9 160   M    M   5         M  M
 2  73  35  54   M  11   0 0.00    M    M  6.1 13 160   M    M   2        21 150
 3  68  58  63   M   2   0 0.00    M    M  7.6 13 140   M    M  10 1      17 140
 4  89  65  77   M   0  12 0.00    M    M  4.4  9 140   M    M   5 1       M  M
 5  83  58  71   M   0   6 0.00    M    M  6.0 13 110   M    M   2 1      18 120
 6  85  68  77   M   0  12 0.00    M    M  4.7 10 160   M    M   7 1       M  M
 7  75  57  66   M   0   1 0.98    M    M  9.7 24 290   M    M   4 3      37 230
 8  88  53  71   M   0   6 0.00    M    M  5.5 13 250   M    M   0        23 270
 9  92  55  74   M   0   9 0.00    M    M  5.8 13 150   M    M   0        17 150
10  96  53  75   M   0  10 0.00    M    M  9.2 24 160   M    M   0        30 150
11  85  58  72   M   0   7 0.00    M    M  5.6 20 350   M    M   0        24 350
12  81  53  67   M   0   2 0.00    M    M  8.5 16 100   M    M   2        21 100
13  75  50  63   M   2   0 0.17    M    M 12.3 25 330   M    M   4 13     35 320
14  75  43  59   M   6   0 0.00    M    M  7.2 23 340   M    M   0        33 340
15  83  45  64   M   1   0 0.00    M    M  7.6 15 120   M    M   1        22 150
16  81  64  73   M   0   8 0.00    M    M 14.2 21 140   M    M   9        27 170
17  87  59  73   M   0   8 0.77    M    M 12.0 17 160   M    M   9 3      23 130
18  78  53  66   M   0   1 0.07    M    M 11.6 25 350   M    M   3 13     38 350
19  81  50  66   M   0   1 0.00    M    M  7.9 16 330   M    M   0        24 330
20  84  46  65   M   0   0 0.00    M    M  5.8 10 150   M    M   0        10 190
21  86  55  71   M   0   6 0.00    M    M  9.7 17 140   M    M   5        23 180
================================================================================
SM 1710 1118        34  89  1.99    M    165.0          M       68
================================================================================
AV 81.4 53.2                               7.9 FASTST   M    M   3    MAX(MPH)
                                 MISC ---->  # 25 330               # 38  350
================================================================================
NOTES:
# LAST OF SEVERAL OCCURRENCES

COLUMN 17 PEAK WIND IN M.P.H.

PRELIMINARY LOCAL CLIMATOLOGICAL DATA (WS FORM: F-6) , PAGE 2

                                          STATION:  Castroville
                                          MONTH:    APRIL
                                          YEAR:     2019
                                          LATITUDE:   29 20 N
                                          LONGITUDE:  98 51 W

[TEMPERATURE DATA]      [PRECIPITATION DATA]       SYMBOLS USED IN COLUMN 16

AVERAGE MONTHLY: 67.3   TOTAL FOR MONTH:   1.99    1 = FOG OR MIST
DPTR FM NORMAL:     M   DPTR FM NORMAL:       M    2 = FOG REDUCING VISIBILITY
HIGHEST:    96 ON 10    GRTST 24HR  0.98 ON  7- 7      TO 1/4 MILE OR LESS
LOWEST:     35 ON  2                               3 = THUNDER
                        SNOW, ICE PELLETS, HAIL    4 = ICE PELLETS
                        TOTAL MONTH:    M          5 = HAIL
                        GRTST 24HR    M  ON   M    6 = FREEZING RAIN OR DRIZZLE
                        GRTST DEPTH:  M  ON   M    7 = DUSTSTORM OR SANDSTORM:
                                                       VSBY 1/2 MILE OR LESS
                                                   8 = SMOKE OR HAZE
[NO. OF DAYS WITH]      [WEATHER - DAYS WITH]      9 = BLOWING SNOW
                                                   X = TORNADO
MAX 32 OR BELOW:   0    0.01 INCH OR MORE:   4
MAX 90 OR ABOVE:   2    0.10 INCH OR MORE:   3
MIN 32 OR BELOW:   0    0.50 INCH OR MORE:   2
MIN  0 OR BELOW:   0    1.00 INCH OR MORE:   0

[HDD (BASE 65) ]
TOTAL THIS MO.    34    CLEAR  (SCALE 0-3)  12
DPTR FM NORMAL     M    PTCLDY (SCALE 4-7)   6
TOTAL FM JUL 1  1455    CLOUDY (SCALE 8-10)  3
DPTR FM NORMAL     M

[CDD (BASE 65) ]
TOTAL THIS MO.    89
DPTR FM NORMAL     M    [PRESSURE DATA]
TOTAL FM JAN 1   206    HIGHEST SLP M ON M
DPTR FM NORMAL     M    LOWEST  SLP M ON M

[REMARKS]
