000
CXUS51 KILN 220558
CF6CVG
PRELIMINARY LOCAL CLIMATOLOGICAL DATA (WS FORM: F-6)

                                          STATION:   CINCINNATI OH
                                          MONTH:     JULY
                                          YEAR:      2019
                                          LATITUDE:   39  2 N
                                          LONGITUDE:  84 40 W

  TEMPERATURE IN F:       :PCPN:    SNOW:  WIND      :SUNSHINE: SKY     :PK WND
================================================================================
1   2   3   4   5  6A  6B    7    8   9   10  11  12  13   14  15   16   17  18
                                     12Z  AVG MX 2MIN
DY MAX MIN AVG DEP HDD CDD  WTR  SNW DPTH SPD SPD DIR MIN PSBL S-S WX    SPD DR
================================================================================

 1  90  66  78   3   0  13 0.00  0.0    0  6.7 15 310   M    M   5 1      22 300
 2  91  74  83   8   0  18 0.00  0.0    0  7.4 21 290   M    M   5 3      24 290
 3  89  69  79   3   0  14 0.00  0.0    0  5.4 16 230   M    M   8 1      21 240
 4  90  70  80   4   0  15    T  0.0    0  3.5 17 120   M    M   6 1238   22 120
 5  90  72  81   5   0  16 0.00  0.0    0  5.3 14 220   M    M   3 18     19 250
 6  89  71  80   4   0  15 0.02  0.0    0  6.6 16 270   M    M   6 1      24 320
 7  91  71  81   5   0  16 0.00  0.0    0  7.8 16 360   M    M   5 18     21 360
 8  88  69  79   3   0  14 0.00  0.0    0  8.6 15  70   M    M   2        21  40
 9  90  71  81   5   0  16 0.00  0.0    0  4.6 13  70   M    M   3        16  60
10  93  71  82   6   0  17 0.00  0.0    0  4.1 22 330   M    M   6 18     27 330
11  91  72  82   6   0  17    T  0.0    0  7.1 21 320   M    M   5        25 290
12  88  65  77   1   0  12 0.00  0.0    0  6.4 14 360   M    M   0        17 360
13  91  62  77   1   0  12 0.00  0.0    0  3.6 13 290   M    M   2        17 290
14  93  63  78   2   0  13 0.00  0.0    0  4.6 13 330   M    M   3        17 280
15  90  69  80   4   0  15 0.53  0.0    0  5.2 35 150   M    M   8 13     41 150
16  90  72  81   5   0  16 0.19  0.0    0 10.2 22 170   M    M   9 1      31 220
17  87  73  80   4   0  15 0.84  0.0    0  9.5 25 290   M    M   8 13     31 300
18  91  71  81   5   0  16 0.00  0.0    0  6.4 26  50   M    M   5 13     31  60
19  92  74  83   7   0  18 0.00  0.0    0  7.9 17 230   M    M   6 18     22 230
20  93  74  84   8   0  19 0.00  0.0    0  6.1 20 190   M    M   2 18     26 210
21  91  72  82   6   0  17 0.29  0.0    0  7.9 32 190   M    M   4 13     39 190
================================================================================
SM 1898 1471         0 324  1.87     0.0 134.9          M      101
================================================================================
AV 90.4 70.1                               6.4 FASTST   M    M   5    MAX(MPH)
                                 MISC ---->  # 35 150               # 41  150
================================================================================
NOTES:
# LAST OF SEVERAL OCCURRENCES

COLUMN 17 PEAK WIND IN M.P.H.

PRELIMINARY LOCAL CLIMATOLOGICAL DATA (WS FORM: F-6) , PAGE 2

                                          STATION:  CINCINNATI OH
                                          MONTH:    JULY
                                          YEAR:     2019
                                          LATITUDE:   39  2 N
                                          LONGITUDE:  84 40 W

[TEMPERATURE DATA]      [PRECIPITATION DATA]       SYMBOLS USED IN COLUMN 16

AVERAGE MONTHLY: 80.2   TOTAL FOR MONTH:   1.87    1 = FOG OR MIST
DPTR FM NORMAL:   4.3   DPTR FM NORMAL:   -0.65    2 = FOG REDUCING VISIBILITY
HIGHEST:    93 ON 20,14 GRTST 24HR  0.84 ON 17-17      TO 1/4 MILE OR LESS
LOWEST:     62 ON 13                               3 = THUNDER
                        SNOW, ICE PELLETS, HAIL    4 = ICE PELLETS
                        TOTAL MONTH:   0.0 INCH    5 = HAIL
                        GRTST 24HR     0.0         6 = FREEZING RAIN OR DRIZZLE
                        GRTST DEPTH:   0           7 = DUSTSTORM OR SANDSTORM:
                                                       VSBY 1/2 MILE OR LESS
                                                   8 = SMOKE OR HAZE
[NO. OF DAYS WITH]      [WEATHER - DAYS WITH]      9 = BLOWING SNOW
                                                   X = TORNADO
MAX 32 OR BELOW:   0    0.01 INCH OR MORE:   5
MAX 90 OR ABOVE:  16    0.10 INCH OR MORE:   4
MIN 32 OR BELOW:   0    0.50 INCH OR MORE:   2
MIN  0 OR BELOW:   0    1.00 INCH OR MORE:   0

[HDD (BASE 65) ]
TOTAL THIS MO.     0    CLEAR  (SCALE 0-3)   7
DPTR FM NORMAL     0    PTCLDY (SCALE 4-7)  11
TOTAL FM JUL 1     0    CLOUDY (SCALE 8-10)  3
DPTR FM NORMAL     0

[CDD (BASE 65) ]
TOTAL THIS MO.   324
DPTR FM NORMAL    95    [PRESSURE DATA]
TOTAL FM JAN 1   686    HIGHEST SLP 30.15 ON 15
DPTR FM NORMAL   137    LOWEST  SLP 29.79 ON 11

[REMARKS]
