000
CXUS51 KILN 180538
CF6CVG
PRELIMINARY LOCAL CLIMATOLOGICAL DATA (WS FORM: F-6)

                                          STATION:   CINCINNATI OH
                                          MONTH:     APRIL
                                          YEAR:      2019
                                          LATITUDE:   39  2 N
                                          LONGITUDE:  84 40 W

  TEMPERATURE IN F:       :PCPN:    SNOW:  WIND      :SUNSHINE: SKY     :PK WND
================================================================================
1   2   3   4   5  6A  6B    7    8   9   10  11  12  13   14  15   16   17  18
                                     12Z  AVG MX 2MIN
DY MAX MIN AVG DEP HDD CDD  WTR  SNW DPTH SPD SPD DIR MIN PSBL S-S WX    SPD DR
================================================================================

 1  47  22  35 -14  30   0 0.00  0.0    0  4.3 13  80   M    M   4        16  70
 2  59  34  47  -3  18   0 0.00  0.0    0  5.8 14 230   M    M   6        19 220
 3  61  34  48  -2  17   0 0.00  0.0    0  6.2 14 330   M    M   4        18 320
 4  70  49  60  10   5   0 0.00  0.0    0 12.5 25  70   M    M   9        29  60
 5  58  49  54   3  11   0 0.08  0.0    0  5.0 13 130   M    M  10 1      15 130
 6  70  51  61  10   4   0 0.00  0.0    0  3.5 12 140   M    M   8 18     14 160
 7  72  54  63  12   2   0 0.03  0.0    0 10.0 22 190   M    M   8 1      27 190
 8  73  58  66  14   0   1 0.02  0.0    0  6.4 13 220   M    M   9 1      17 210
 9  71  48  60   8   5   0 0.00  0.0    0  8.4 20 310   M    M   4 1      28 310
10  69  41  55   3  10   0 0.00  0.0    0  6.6 23  70   M    M   6        26  70
11  81  49  65  12   0   0 0.00  0.0    0 14.0 28 190   M    M  10        36 180
12  74  51  63  10   2   0 0.07  0.0    0 15.8 43 290   M    M   9 138    51 290
13  68  40  54   1  11   0 0.02  0.0    0  5.1 17  40   M    M   8        21  40
14  77  37  57   3   8   0 0.64  0.0    0 17.1 33  70   M    M   9 13     44 260
15  54  37  46  -8  19   0    T  0.0    0 11.3 24 270   M    M   7        30 280
16  75  37  56   2   9   0 0.00  0.0    0 10.4 21 210   M    M   4        29 220
17  75  54  65  10   0   0 0.00  0.0    0 10.2 21 180   M    M   9        26 180
================================================================================
SM 1154  745       151   1  0.86     0.0 152.6          M      124
================================================================================
AV 67.9 43.8                               9.0 FASTST   M    M   7    MAX(MPH)
                                 MISC ---->  # 43 290               # 51  290
================================================================================
NOTES:
# LAST OF SEVERAL OCCURRENCES

COLUMN 17 PEAK WIND IN M.P.H.

PRELIMINARY LOCAL CLIMATOLOGICAL DATA (WS FORM: F-6) , PAGE 2

                                          STATION:  CINCINNATI OH
                                          MONTH:    APRIL
                                          YEAR:     2019
                                          LATITUDE:   39  2 N
                                          LONGITUDE:  84 40 W

[TEMPERATURE DATA]      [PRECIPITATION DATA]       SYMBOLS USED IN COLUMN 16

AVERAGE MONTHLY: 55.9   TOTAL FOR MONTH:   0.86    1 = FOG OR MIST
DPTR FM NORMAL:   3.9   DPTR FM NORMAL:   -1.28    2 = FOG REDUCING VISIBILITY
HIGHEST:    81 ON 11    GRTST 24HR  0.64 ON 14-14      TO 1/4 MILE OR LESS
LOWEST:     22 ON  1                               3 = THUNDER
                        SNOW, ICE PELLETS, HAIL    4 = ICE PELLETS
                        TOTAL MONTH:   0.0 INCH    5 = HAIL
                        GRTST 24HR     0.0         6 = FREEZING RAIN OR DRIZZLE
                        GRTST DEPTH:   0           7 = DUSTSTORM OR SANDSTORM:
                                                       VSBY 1/2 MILE OR LESS
                                                   8 = SMOKE OR HAZE
[NO. OF DAYS WITH]      [WEATHER - DAYS WITH]      9 = BLOWING SNOW
                                                   X = TORNADO
MAX 32 OR BELOW:   0    0.01 INCH OR MORE:   6
MAX 90 OR ABOVE:   0    0.10 INCH OR MORE:   1
MIN 32 OR BELOW:   1    0.50 INCH OR MORE:   1
MIN  0 OR BELOW:   0    1.00 INCH OR MORE:   0

[HDD (BASE 65) ]
TOTAL THIS MO.   151    CLEAR  (SCALE 0-3)   0
DPTR FM NORMAL   -76    PTCLDY (SCALE 4-7)   8
TOTAL FM JUL 1  4611    CLOUDY (SCALE 8-10)  9
DPTR FM NORMAL  -109

[CDD (BASE 65) ]
TOTAL THIS MO.     1
DPTR FM NORMAL    -4    [PRESSURE DATA]
TOTAL FM JAN 1     1    HIGHEST SLP 30.43 ON  1
DPTR FM NORMAL    -4    LOWEST  SLP 29.26 ON 14

[REMARKS]
