000
CXUS51 KILN 230546
CF6CVG
PRELIMINARY LOCAL CLIMATOLOGICAL DATA (WS FORM: F-6)

                                          STATION:   CINCINNATI OH
                                          MONTH:     FEBRUARY
                                          YEAR:      2019
                                          LATITUDE:   39  2 N
                                          LONGITUDE:  84 40 W

  TEMPERATURE IN F:       :PCPN:    SNOW:  WIND      :SUNSHINE: SKY     :PK WND
================================================================================
1   2   3   4   5  6A  6B    7    8   9   10  11  12  13   14  15   16   17  18
                                     12Z  AVG MX 2MIN
DY MAX MIN AVG DEP HDD CDD  WTR  SNW DPTH SPD SPD DIR MIN PSBL S-S WX    SPD DR
================================================================================

 1  31  16  24  -8  41   0 0.02  0.5    1  4.8 13  70   M    M   9 18     15  80
 2  48  26  37   5  28   0 0.00  0.0    T  5.4 12 220   M    M   7 12     14 180
 3  65  35  50  18  15   0 0.00  0.0    0  7.7 16 190   M    M   5        20 220
 4  59  42  51  19  14   0 0.10  0.0    0 10.8 18 190   M    M   6 12     25 180
 5  56  43  50  18  15   0 0.07  0.0    0  7.0 15 330   M    M  10 12     23 340
 6  60  45  53  21  12   0 1.33  0.0    0  5.5 20 320   M    M  10 123    26 360
 7  66  37  52  19  13   0 1.31  0.0    0 12.7 35 280   M    M  10 123    43 280
 8  37  18  28  -5  37   0    T    T    0 15.4 26 260   M    M   6        36 250
 9  31  14  23 -10  42   0 0.00  0.0    0  8.1 13  70   M    M   4        20 190
10  36  20  28  -5  37   0 0.19  0.5    0  7.1 15 180   M    M   9 1      18 170
11  43  35  39   6  26   0 0.96  0.0    0  6.7 17 100   M    M   9 12     21  90
12  55  31  43   9  22   0 1.20  0.1    0 14.3 31 280   M    M  10 1      41 280
13  36  26  31  -3  34   0    T    T    0 14.4 28 270   M    M   7        36 270
14  56  33  45  11  20   0 0.00  0.0    0 12.8 25 190   M    M  10        33 180
15  53  29  41   7  24   0 0.01  0.0    0 12.4 23 300   M    M   9 18     30 260
16  37  24  31  -4  34   0 0.00  0.0    0 13.1 21  50   M    M   7        23  50
17  33  26  30  -5  35   0    T  0.0    0  9.1 17 270   M    M   9 1268   21  60
18  35  25  30  -5  35   0    T    T    0 11.7 24 280   M    M  10 1      29 280
19  36  20  28  -7  37   0    T    T    0  8.0 15  90   M    M   7 148    18 100
20  51  32  42   6  23   0 1.48  0.3    T 12.3 24 280   M    M   9 1346   30 270
21  49  28  39   3  26   0 0.00  0.0    0  6.4 18 280   M    M   8 1      23 280
22  44  35  40   4  25   0 0.00  0.0    0  9.3 15  50   M    M  10 8      17  60
================================================================================
SM 1017  640       595   0  6.67     1.4 215.0          M      181
================================================================================
AV 46.2 29.1                               9.8 FASTST   M    M   8    MAX(MPH)
                                 MISC ---->  # 35 280               # 43  280
================================================================================
NOTES:
# LAST OF SEVERAL OCCURRENCES

COLUMN 17 PEAK WIND IN M.P.H.

PRELIMINARY LOCAL CLIMATOLOGICAL DATA (WS FORM: F-6) , PAGE 2

                                          STATION:  CINCINNATI OH
                                          MONTH:    FEBRUARY
                                          YEAR:     2019
                                          LATITUDE:   39  2 N
                                          LONGITUDE:  84 40 W

[TEMPERATURE DATA]      [PRECIPITATION DATA]       SYMBOLS USED IN COLUMN 16

AVERAGE MONTHLY: 37.7   TOTAL FOR MONTH:   6.67    1 = FOG OR MIST
DPTR FM NORMAL:   4.0   DPTR FM NORMAL:    4.46    2 = FOG REDUCING VISIBILITY
HIGHEST:    66 ON  7    GRTST 24HR  1.48 ON 20-20      TO 1/4 MILE OR LESS
LOWEST:     14 ON  9                               3 = THUNDER
                        SNOW, ICE PELLETS, HAIL    4 = ICE PELLETS
                        TOTAL MONTH:   1.4 INCHES  5 = HAIL
                        GRTST 24HR   0.5 ON 10-10  6 = FREEZING RAIN OR DRIZZLE
                        GRTST DEPTH:   1 ON  1     7 = DUSTSTORM OR SANDSTORM:
                                                       VSBY 1/2 MILE OR LESS
                                                   8 = SMOKE OR HAZE
[NO. OF DAYS WITH]      [WEATHER - DAYS WITH]      9 = BLOWING SNOW
                                                   X = TORNADO
MAX 32 OR BELOW:   2    0.01 INCH OR MORE:  10
MAX 90 OR ABOVE:   0    0.10 INCH OR MORE:   7
MIN 32 OR BELOW:  14    0.50 INCH OR MORE:   5
MIN  0 OR BELOW:   0    1.00 INCH OR MORE:   4

[HDD (BASE 65) ]
TOTAL THIS MO.   595    CLEAR  (SCALE 0-3)   0
DPTR FM NORMAL   -94    PTCLDY (SCALE 4-7)   9
TOTAL FM JUL 1  3572    CLOUDY (SCALE 8-10) 13
DPTR FM NORMAL   -89

[CDD (BASE 65) ]
TOTAL THIS MO.     0
DPTR FM NORMAL     0    [PRESSURE DATA]
TOTAL FM JAN 1     0    HIGHEST SLP 30.89 ON  9
DPTR FM NORMAL     0    LOWEST  SLP 29.54 ON 12

[REMARKS]
