000
CXUS52 KCHS 200715
CF6CXM
PRELIMINARY LOCAL CLIMATOLOGICAL DATA (WS FORM: F-6)

                                          STATION:   DOWNTOWN CHARLESTON SC
                                          MONTH:     FEBRUARY
                                          YEAR:      2019
                                          LATITUDE:   32 46 N
                                          LONGITUDE:  79 56 W

  TEMPERATURE IN F:       :PCPN:    SNOW:  WIND      :SUNSHINE: SKY     :PK WND
================================================================================
1   2   3   4   5  6A  6B    7    8   9   10  11  12  13   14  15   16   17  18
                                     12Z  AVG MX 2MIN
DY MAX MIN AVG DEP HDD CDD  WTR  SNW DPTH SPD SPD DIR MIN PSBL S-S WX    SPD DR
================================================================================

 1  56  42  49  -2  16   0 0.00    M    M  3.7  7 110   M    M   M        10 360
 2  60  50  55   4  10   0 0.00    M    M  7.0 13  50   M    M   M        17  60
 3  58  53  56   5   9   0 0.03    M    M  7.0 18  60   M    M   M        22  50
 4  72  48  60   9   5   0 0.00    M    M  4.8 11 350   M    M   M        14 350
 5  71  53  62  11   3   0 0.00    M    M  4.8 10 190   M    M   M        12 210
 6  69  53  61  10   4   0 0.00    M    M  3.2 10 200   M    M   M        12 220
 7  72  60  66  15   0   1 0.00    M    M  5.7 11 210   M    M   M        15 210
 8  79  59  69  17   0   4 0.00    M    M  6.0 12 360   M    M   M        16 360
 9  60  50  55   3  10   0 0.00    M    M 11.9 19  80   M    M   M        24  60
10  56  42  49  -3  16   0 0.00    M    M  9.0 16  20   M    M   M        22  60
11  62  51  57   5   8   0 0.10    M    M  3.7  9 360   M    M   M        11 360
12  69  56  63  11   2   0 0.04    M    M  6.2 16 200   M    M   M        22 200
13  61  51  56   4   9   0 0.00    M    M  6.1 13 320   M    M   M        21 310
14  68  44  56   4   9   0 0.00    M    M  3.2  9 130   M    M   M        10 330
15  67  55  61   8   4   0 0.00    M    M  3.9 10 220   M    M   M        13 200
16  70  52  61   8   4   0 0.03    M    M  7.3 14  20   M    M   M        16 360
17  59  49  54   1  11   0 0.03    M    M  5.4 14  70   M    M   M        16  70
18  67  56  62   9   3   0 0.00    M    M  5.2 18 200   M    M   M        23 200
19  63  48  56   3   9   0 0.01    M    M  9.4 20  70   M    M   M        27  60
================================================================================
SM 1239  972       132   5  0.24    M    113.5          M        M
================================================================================
AV 65.2 51.2                               6.0 FASTST   M    M   7    MAX(MPH)
                                 MISC ---->  # 20  70               # 27   60
================================================================================
NOTES:
# LAST OF SEVERAL OCCURRENCES

COLUMN 17 PEAK WIND IN M.P.H.

PRELIMINARY LOCAL CLIMATOLOGICAL DATA (WS FORM: F-6) , PAGE 2

                                          STATION:  DOWNTOWN CHARLESTON SC
                                          MONTH:    FEBRUARY
                                          YEAR:     2019
                                          LATITUDE:   32 46 N
                                          LONGITUDE:  79 56 W

[TEMPERATURE DATA]      [PRECIPITATION DATA]       SYMBOLS USED IN COLUMN 16

AVERAGE MONTHLY: 58.2   TOTAL FOR MONTH:   0.24    1 = FOG OR MIST
DPTR FM NORMAL:   6.3   DPTR FM NORMAL:   -1.47    2 = FOG REDUCING VISIBILITY
HIGHEST:    79 ON  8    GRTST 24HR  0.10 ON 11-11      TO 1/4 MILE OR LESS
LOWEST:     42 ON 10, 1                            3 = THUNDER
                        SNOW, ICE PELLETS, HAIL    4 = ICE PELLETS
                        TOTAL MONTH:    M          5 = HAIL
                        GRTST 24HR    M  ON   M    6 = FREEZING RAIN OR DRIZZLE
                        GRTST DEPTH:  M  ON   M    7 = DUSTSTORM OR SANDSTORM:
                                                       VSBY 1/2 MILE OR LESS
                                                   8 = SMOKE OR HAZE
[NO. OF DAYS WITH]      [WEATHER - DAYS WITH]      9 = BLOWING SNOW
                                                   X = TORNADO
MAX 32 OR BELOW:   0    0.01 INCH OR MORE:   6
MAX 90 OR ABOVE:   0    0.10 INCH OR MORE:   1
MIN 32 OR BELOW:   0    0.50 INCH OR MORE:   0
MIN  0 OR BELOW:   0    1.00 INCH OR MORE:   0

[HDD (BASE 65) ]
TOTAL THIS MO.   132    CLEAR  (SCALE 0-3)   0
DPTR FM NORMAL  -119    PTCLDY (SCALE 4-7)   0
TOTAL FM JUL 1  1042    CLOUDY (SCALE 8-10)  0
DPTR FM NORMAL  -288

[CDD (BASE 65) ]
TOTAL THIS MO.     5
DPTR FM NORMAL     5    [PRESSURE DATA]
TOTAL FM JAN 1     9    HIGHEST SLP M ON M
DPTR FM NORMAL     8    LOWEST  SLP 29.56 ON 16

[REMARKS]
