000
CXUS52 KCHS 240715
CF6CXM
PRELIMINARY LOCAL CLIMATOLOGICAL DATA (WS FORM: F-6)

                                          STATION:   DOWNTOWN CHARLESTON SC
                                          MONTH:     APRIL
                                          YEAR:      2019
                                          LATITUDE:   32 46 N
                                          LONGITUDE:  79 56 W

  TEMPERATURE IN F:       :PCPN:    SNOW:  WIND      :SUNSHINE: SKY     :PK WND
================================================================================
1   2   3   4   5  6A  6B    7    8   9   10  11  12  13   14  15   16   17  18
                                     12Z  AVG MX 2MIN
DY MAX MIN AVG DEP HDD CDD  WTR  SNW DPTH SPD SPD DIR MIN PSBL S-S WX    SPD DR
================================================================================

 1  60  49  55  -7  10   0 0.11    M    M 13.7 18  20   M    M   M        24  30
 2  56  45  51 -11  14   0 0.30    M    M 10.8 21 350   M    M   M        27 340
 3  64  45  55  -7  10   0 0.00    M    M  3.2 10 130   M    M   M        12 140
 4  68  53  61  -2   4   0 0.00  0.0    M  4.5 11 100   M    M   M        13  80
 5  73  63  68   5   0   3 0.39    M    M  7.0 16 130   M    M   M        19 130
 6  71  59  65   2   0   0 0.06    M    M  4.0 11  20   M    M   M        12  10
 7  70  63  67   4   0   2 0.24    M    M  5.7 16 100   M    M   M        18 100
 8  75  62  69   5   0   4 0.00  0.0    M  7.7 17 200   M    M   M        23 200
 9  77  65  71   7   0   6 0.51  0.0    M  5.6 12 220   M    M   M        18 220
10  74  63  69   5   0   4 0.00  0.0    M  7.0 19  90   M    M   M        25  90
11  77  62  70   6   0   5 0.09    M    M 10.3 16  90   M    M   M        20  80
12  75  68  72   7   0   7 0.11    M    M  9.7 19 170   M    M   M        24 180
13  77  68  73   8   0   8 0.00    M    M  6.0 14 180   M    M   M        17 180
14  76  71  74   9   0   9 0.00    M    M 15.1 26 180   M    M   M        35 180
15  73  60  67   2   0   2 0.00    M    M  8.6 17 230   M    M   M        24 280
16  64  56  60  -6   5   0 0.00    M    M  8.6 15  40   M    M   M        18  40
17  74  59  67   1   0   2 0.00    M    M  4.4 11 170   M    M   M        13 180
18  75  66  71   5   0   6 0.00    M    M 10.6 17 160   M    M   M        21 170
19  76  64  70   4   0   5 0.61    M    M 16.7 26 180   M    M   M        60 200
20  64  55  60  -7   5   0 0.00    M    M  8.5 18 200   M    M   M        28 200
21  68  53  61  -6   4   0 0.00    M    M  5.4 12 320   M    M   M        18 320
22  74  57  66  -1   0   1 0.00    M    M  4.7 12 180   M    M   M        15 170
23  75  61  68   1   0   3 0.00    M    M  6.3 14 190   M    M   M        17 200
================================================================================
SM 1636 1367        52  67  2.42     0.0 184.1          M        M
================================================================================
AV 71.1 59.4                               8.0 FASTST   M    M   5    MAX(MPH)
                                 MISC ---->  # 26 180               # 60  200
================================================================================
NOTES:
# LAST OF SEVERAL OCCURRENCES

COLUMN 17 PEAK WIND IN M.P.H.

PRELIMINARY LOCAL CLIMATOLOGICAL DATA (WS FORM: F-6) , PAGE 2

                                          STATION:  DOWNTOWN CHARLESTON SC
                                          MONTH:    APRIL
                                          YEAR:     2019
                                          LATITUDE:   32 46 N
                                          LONGITUDE:  79 56 W

[TEMPERATURE DATA]      [PRECIPITATION DATA]       SYMBOLS USED IN COLUMN 16

AVERAGE MONTHLY: 65.3   TOTAL FOR MONTH:   2.42    1 = FOG OR MIST
DPTR FM NORMAL:   0.7   DPTR FM NORMAL:    0.44    2 = FOG REDUCING VISIBILITY
HIGHEST:    77 ON 13,11 GRTST 24HR  0.61 ON 19-19      TO 1/4 MILE OR LESS
LOWEST:     45 ON  3, 2                            3 = THUNDER
                        SNOW, ICE PELLETS, HAIL    4 = ICE PELLETS
                        TOTAL MONTH:   0.0 INCH    5 = HAIL
                        GRTST 24HR     0.0         6 = FREEZING RAIN OR DRIZZLE
                        GRTST DEPTH:  M  ON   M    7 = DUSTSTORM OR SANDSTORM:
                                                       VSBY 1/2 MILE OR LESS
                                                   8 = SMOKE OR HAZE
[NO. OF DAYS WITH]      [WEATHER - DAYS WITH]      9 = BLOWING SNOW
                                                   X = TORNADO
MAX 32 OR BELOW:   0    0.01 INCH OR MORE:   9
MAX 90 OR ABOVE:   0    0.10 INCH OR MORE:   7
MIN 32 OR BELOW:   0    0.50 INCH OR MORE:   2
MIN  0 OR BELOW:   0    1.00 INCH OR MORE:   0

[HDD (BASE 65) ]
TOTAL THIS MO.    52    CLEAR  (SCALE 0-3)   0
DPTR FM NORMAL   -11    PTCLDY (SCALE 4-7)   0
TOTAL FM JUL 1  1315    CLOUDY (SCALE 8-10)  0
DPTR FM NORMAL  -404

[CDD (BASE 65) ]
TOTAL THIS MO.    67
DPTR FM NORMAL    15    [PRESSURE DATA]
TOTAL FM JAN 1    86    HIGHEST SLP M ON M
DPTR FM NORMAL    11    LOWEST  SLP 29.44 ON 19

[REMARKS]
