000
CXUS52 KCHS 190715
CF6CXM
PRELIMINARY LOCAL CLIMATOLOGICAL DATA (WS FORM: F-6)

                                          STATION:   DOWNTOWN CHARLESTON SC
                                          MONTH:     AUGUST
                                          YEAR:      2019
                                          LATITUDE:   32 46 N
                                          LONGITUDE:  79 56 W

  TEMPERATURE IN F:       :PCPN:    SNOW:  WIND      :SUNSHINE: SKY     :PK WND
================================================================================
1   2   3   4   5  6A  6B    7    8   9   10  11  12  13   14  15   16   17  18
                                     12Z  AVG MX 2MIN
DY MAX MIN AVG DEP HDD CDD  WTR  SNW DPTH SPD SPD DIR MIN PSBL S-S WX    SPD DR
================================================================================

 1  87  80  84   2   0  19 0.00    M    M  4.4 12 170   M    M   M        14 170
 2  81  78  80  -2   0  15 0.11    M    M  6.6 13 130   M    M   M        14 120
 3  83  76  80  -2   0  15 0.14    M    M  6.8 12  70   M    M   M        16  70
 4  85  73  79  -3   0  14 0.32    M    M  4.2 11 140   M    M   M        19 240
 5  86  75  81  -1   0  16 0.00    M    M  4.6 14 180   M    M   M        17 180
 6  85  74  80  -2   0  15 0.00    M    M  6.1 12 190   M    M   M        15 200
 7  89  80  85   3   0  20 0.00    M    M  7.6 17 190   M    M   M        20 200
 8  91  79  85   3   0  20 0.16    M    M  6.1 23 100   M    M   M        28 100
 9  95  80  88   6   0  23 0.00    M    M  5.1 12 170   M    M   M        14 190
10  92  82  87   5   0  22 0.03    M    M  5.4 12 180   M    M   M        15 180
11  90  79  85   3   0  20 0.19    M    M  4.4 14  80   M    M   M        21  80
12  86  81  84   2   0  19 0.00  0.0    M  8.0 14 100   M    M   M        16 100
13  88  81  85   3   0  20 0.00    M    M  5.7 11 190   M    M   M        14 190
14  90  76  83   1   0  18 0.96    M    M  5.8 18 210   M    M   M        24 210
15  88  79  84   3   0  19 0.00    M    M  6.8 16 190   M    M   M        20 180
16  85  78  82   1   0  17 0.28    M    M  8.7 13 210   M    M   M        19 200
17  83  76  80  -1   0  15 1.13    M    M  7.7 15 180   M    M   M        20 210
18  84  76  80  -1   0  15 0.00    M    M  5.9 11 190   M    M   M        14 220
================================================================================
SM 1568 1403         0 322  3.32     0.0 109.9          M        M
================================================================================
AV 87.1 77.9                               6.1 FASTST   M    M   6    MAX(MPH)
                                 MISC ---->  # 23 100               # 28  100
================================================================================
NOTES:
# LAST OF SEVERAL OCCURRENCES

COLUMN 17 PEAK WIND IN M.P.H.

PRELIMINARY LOCAL CLIMATOLOGICAL DATA (WS FORM: F-6) , PAGE 2

                                          STATION:  DOWNTOWN CHARLESTON SC
                                          MONTH:    AUGUST
                                          YEAR:     2019
                                          LATITUDE:   32 46 N
                                          LONGITUDE:  79 56 W

[TEMPERATURE DATA]      [PRECIPITATION DATA]       SYMBOLS USED IN COLUMN 16

AVERAGE MONTHLY: 82.5   TOTAL FOR MONTH:   3.32    1 = FOG OR MIST
DPTR FM NORMAL:   0.8   DPTR FM NORMAL:   -0.31    2 = FOG REDUCING VISIBILITY
HIGHEST:    95 ON  9    GRTST 24HR  1.13 ON 17-17      TO 1/4 MILE OR LESS
LOWEST:     73 ON  4                               3 = THUNDER
                        SNOW, ICE PELLETS, HAIL    4 = ICE PELLETS
                        TOTAL MONTH:   0.0 INCH    5 = HAIL
                        GRTST 24HR     0.0         6 = FREEZING RAIN OR DRIZZLE
                        GRTST DEPTH:  M  ON   M    7 = DUSTSTORM OR SANDSTORM:
                                                       VSBY 1/2 MILE OR LESS
                                                   8 = SMOKE OR HAZE
[NO. OF DAYS WITH]      [WEATHER - DAYS WITH]      9 = BLOWING SNOW
                                                   X = TORNADO
MAX 32 OR BELOW:   0    0.01 INCH OR MORE:   9
MAX 90 OR ABOVE:   5    0.10 INCH OR MORE:   8
MIN 32 OR BELOW:   0    0.50 INCH OR MORE:   2
MIN  0 OR BELOW:   0    1.00 INCH OR MORE:   1

[HDD (BASE 65) ]
TOTAL THIS MO.     0    CLEAR  (SCALE 0-3)   0
DPTR FM NORMAL     0    PTCLDY (SCALE 4-7)   0
TOTAL FM JUL 1     0    CLOUDY (SCALE 8-10)  0
DPTR FM NORMAL     0

[CDD (BASE 65) ]
TOTAL THIS MO.   322
DPTR FM NORMAL    21    [PRESSURE DATA]
TOTAL FM JAN 1  1874    HIGHEST SLP M ON M
DPTR FM NORMAL   252    LOWEST  SLP 29.67 ON 14

[REMARKS]
