000
CXUS54 KHGX 251317
CF6CXO
PRELIMINARY LOCAL CLIMATOLOGICAL DATA (WS FORM: F-6)

                                          STATION:   CONROE
                                          MONTH:     APRIL
                                          YEAR:      2019
                                          LATITUDE:   30 21 N
                                          LONGITUDE:  95 25 W

  TEMPERATURE IN F:       :PCPN:    SNOW:  WIND      :SUNSHINE: SKY     :PK WND
================================================================================
1   2   3   4   5  6A  6B    7    8   9   10  11  12  13   14  15   16   17  18
                                     12Z  AVG MX 2MIN
DY MAX MIN AVG DEP HDD CDD  WTR  SNW DPTH SPD SPD DIR MIN PSBL S-S WX    SPD DR
================================================================================

 1  57  32  45 -19  20   0    T  0.0    0  2.9 10 310   M    M   5 1      17 330
 2  72  32  52 -12  13   0 0.00  0.0    0  1.9 12  10   M    M   0        16  20
 3  72  41  57  -7   8   0 0.01  0.0    0  7.6 23 150   M    M   8 1      27 150
 4  86  61  74  10   0   9 0.08  0.0    0  6.1 17 230   M    M   5 1      23 220
 5  82  67  75  10   0  10 0.00  0.0    0  4.0 13 100   M    M   9 12     18 110
 6  80  69  75  10   0  10 0.02  0.0    0  7.6 18 120   M    M   9 138    26 120
 7  76  60  68   3   0   3 1.22  0.0    0  6.1 21 220   M    M   9 13     29 230
 8  81  58  70   5   0   5 0.02  0.0    0  8.1 22 340   M    M   5 1      29 340
 9  89  52  71   6   0   6 0.00  0.0    0  1.7  7 290   M    M   0 1       M  M
10  91  53  72   6   0   7 0.00  0.0    0 11.1 24 170   M    M   0 1      32 150
11  79  58  69   3   0   4    T  0.0    0  6.8 18 160   M    M   4        24 170
12  75  54  65  -1   0   0 0.03  0.0    0  6.6 16  90   M    M   5        23 100
13  83  50  67   1   0   2 0.05  0.0    0 12.2 31 310   M    M   6 13     40 310
14  72  44  58  -8   7   0 0.00  0.0    0 10.5 23 320   M    M   2        33 320
15  81  41  61  -6   4   0 0.00  0.0    0  7.6 20 170   M    M   0        26 160
16  82  50  66  -1   0   1 0.00  0.0    0  9.4 22 150   M    M   3 1      29 160
17  78  67  73   6   0   8 0.01  0.0    0 13.1 29 150   M    M  10 1      38 160
18  75  50  63  -4   2   0 1.76  0.0    0  7.5 25 150   M    M   7 13     35 180
19  72  45  59  -9   6   0 0.00  0.0    0 10.3 28 320   M    M   0        40 360
20  79  40  60  -8   5   0 0.00  0.0    0  1.8 10 260   M    M   0        17 320
21  82  47  65  -3   0   0 0.00  0.0    0  8.7 21 150   M    M   0        27 140
22  81  59  70   2   0   5 0.00  0.0    0  8.9 20 150   M    M   3        26 160
23  78  66  72   4   0   7    T  0.0    0  8.1 17 140   M    M   8        22 160
24  78  65  72   3   0   7 0.05  0.0    0  7.3 23 150   M    M   9 13     31 150
================================================================================
SM 1881 1261        65  84  3.25     0.0 175.9          M      107
================================================================================
AV 78.4 52.5                               7.3 FASTST   M    M   4    MAX(MPH)
                                 MISC ---->  # 31 310               # 40  310
================================================================================
NOTES:
# LAST OF SEVERAL OCCURRENCES

COLUMN 17 PEAK WIND IN M.P.H.

PRELIMINARY LOCAL CLIMATOLOGICAL DATA (WS FORM: F-6) , PAGE 2

                                          STATION:  CONROE
                                          MONTH:    APRIL
                                          YEAR:     2019
                                          LATITUDE:   30 21 N
                                          LONGITUDE:  95 25 W

[TEMPERATURE DATA]      [PRECIPITATION DATA]       SYMBOLS USED IN COLUMN 16

AVERAGE MONTHLY: 65.5   TOTAL FOR MONTH:   3.25    1 = FOG OR MIST
DPTR FM NORMAL:  -0.7   DPTR FM NORMAL:    1.29    2 = FOG REDUCING VISIBILITY
HIGHEST:    91 ON 10    GRTST 24HR  1.76 ON 18-18      TO 1/4 MILE OR LESS
LOWEST:     32 ON  2, 1                            3 = THUNDER
                        SNOW, ICE PELLETS, HAIL    4 = ICE PELLETS
                        TOTAL MONTH:   0.0 INCH    5 = HAIL
                        GRTST 24HR     0.0         6 = FREEZING RAIN OR DRIZZLE
                        GRTST DEPTH:   0           7 = DUSTSTORM OR SANDSTORM:
                                                       VSBY 1/2 MILE OR LESS
                                                   8 = SMOKE OR HAZE
[NO. OF DAYS WITH]      [WEATHER - DAYS WITH]      9 = BLOWING SNOW
                                                   X = TORNADO
MAX 32 OR BELOW:   0    0.01 INCH OR MORE:  10
MAX 90 OR ABOVE:   1    0.10 INCH OR MORE:   2
MIN 32 OR BELOW:   2    0.50 INCH OR MORE:   2
MIN  0 OR BELOW:   0    1.00 INCH OR MORE:   2

[HDD (BASE 65) ]
TOTAL THIS MO.    65    CLEAR  (SCALE 0-3)  10
DPTR FM NORMAL     4    PTCLDY (SCALE 4-7)   8
TOTAL FM JUL 1  1724    CLOUDY (SCALE 8-10)  6
DPTR FM NORMAL   -10

[CDD (BASE 65) ]
TOTAL THIS MO.    84
DPTR FM NORMAL    -6    [PRESSURE DATA]
TOTAL FM JAN 1   166    HIGHEST SLP M ON M
DPTR FM NORMAL     8    LOWEST  SLP 29.50 ON 13

[REMARKS]
