000
CXUS54 KLZK 241130
CF6CXW
PRELIMINARY LOCAL CLIMATOLOGICAL DATA (WS FORM: F-6)

                                          STATION:   Conway Airport
                                          MONTH:     APRIL
                                          YEAR:      2019
                                          LATITUDE:   35  1 N
                                          LONGITUDE:  92 33 W

  TEMPERATURE IN F:       :PCPN:    SNOW:  WIND      :SUNSHINE: SKY     :PK WND
================================================================================
1   2   3   4   5  6A  6B    7    8   9   10  11  12  13   14  15   16   17  18
                                     12Z  AVG MX 2MIN
DY MAX MIN AVG DEP HDD CDD  WTR  SNW DPTH SPD SPD DIR MIN PSBL S-S WX    SPD DR
================================================================================

 1  54  30  42   M  23   0    M    M    M  4.2 10  50   M    M   2        13 320
 2  70  28  49   M  16   0    M    M    M  3.9 13 280   M    M   1 128    15 290
 3  73  37  55   M  10   0    M    M    M  7.0 18 130   M    M   2        25 130
 4  64  54  59   M   6   0    M    M    M  6.0 17 190   M    M   8 18     28 160
 5  75  55  65   M   0   0    M    M    M  2.8 10 140   M    M   4 1       M  M
 6  75  50  63   M   2   0    M    M    M  5.9 14 120   M    M   5 18     16 120
 7  70  61  66   M   0   1    M    M    M  5.5 15 200   M    M   7 1      18 160
 8  82  57  70   M   0   5    M    M    M  3.4 13 140   M    M   3 12     14  40
 9  86  54  70   M   0   5    M    M    M  3.9 12 150   M    M   2         M  M
10  86  59  73   M   0   8    M    M    M 11.4 22 190   M    M   2        30 170
11  77  57  67   M   0   2    M    M    M 13.2 23 180   M    M   4        30 180
12  72  41  57   M   8   0    M    M    M  5.3 10 320   M    M   1        12  99
13  57  48  53   M  12   0    M    M    M 12.2 23  50   M    M   9 18     32  50
14  64  45  55   M  10   0    M    M    M 10.8 17 310   M    M   6 1      27 320
15  75  41  58   M   7   0    M    M    M  7.5 18 170   M    M   2        24 170
16  79  52  66   M   0   1    M    M    M 10.5 21 210   M    M   2        29 210
17  72  63  68   M   0   3    M    M    M 10.5 16 160   M    M  10        21 190
18  70  52  61   M   4   0    M    M    M  9.0 20 360   M    M   9 1      30 360
19  66  48  57   M   8   0    M    M    M 11.8 24 360   M    M   5        37 360
20  75  46  61   M   4   0    M    M    M  7.6 12 320   M    M   1        18 320
21  81  46  64   M   1   0    M    M    M  6.3 17 170   M    M   0        20 160
22  82  57  70   M   0   5    M    M    M  8.4 15 180   M    M   0        17 210
23  79  59  69   M   0   4    M    M    M  5.8 16 180   M    M   2        18 200
================================================================================
SM 1684 1140       111  34    M     M    172.9          M       87
================================================================================
AV 73.2 49.6                               7.5 FASTST   M    M   4    MAX(MPH)
                                 MISC ---->  # 24 360               # 37  360
================================================================================
NOTES:
# LAST OF SEVERAL OCCURRENCES

COLUMN 17 PEAK WIND IN M.P.H.

PRELIMINARY LOCAL CLIMATOLOGICAL DATA (WS FORM: F-6) , PAGE 2

                                          STATION:  Conway Airport
                                          MONTH:    APRIL
                                          YEAR:     2019
                                          LATITUDE:   35  1 N
                                          LONGITUDE:  92 33 W

[TEMPERATURE DATA]      [PRECIPITATION DATA]       SYMBOLS USED IN COLUMN 16

AVERAGE MONTHLY: 61.4   TOTAL FOR MONTH:      M    1 = FOG OR MIST
DPTR FM NORMAL:     M   DPTR FM NORMAL:       M    2 = FOG REDUCING VISIBILITY
HIGHEST:    86 ON 10, 9 GRTST 24HR    M  ON   M        TO 1/4 MILE OR LESS
LOWEST:     28 ON  2                               3 = THUNDER
                        SNOW, ICE PELLETS, HAIL    4 = ICE PELLETS
                        TOTAL MONTH:    M          5 = HAIL
                        GRTST 24HR    M  ON   M    6 = FREEZING RAIN OR DRIZZLE
                        GRTST DEPTH:  M  ON   M    7 = DUSTSTORM OR SANDSTORM:
                                                       VSBY 1/2 MILE OR LESS
                                                   8 = SMOKE OR HAZE
[NO. OF DAYS WITH]      [WEATHER - DAYS WITH]      9 = BLOWING SNOW
                                                   X = TORNADO
MAX 32 OR BELOW:   0    0.01 INCH OR MORE:   0
MAX 90 OR ABOVE:   0    0.10 INCH OR MORE:   0
MIN 32 OR BELOW:   2    0.50 INCH OR MORE:   0
MIN  0 OR BELOW:   0    1.00 INCH OR MORE:   0

[HDD (BASE 65) ]
TOTAL THIS MO.   111    CLEAR  (SCALE 0-3)  12
DPTR FM NORMAL     M    PTCLDY (SCALE 4-7)   7
TOTAL FM JUL 1  3019    CLOUDY (SCALE 8-10)  4
DPTR FM NORMAL     M

[CDD (BASE 65) ]
TOTAL THIS MO.    34
DPTR FM NORMAL     M    [PRESSURE DATA]
TOTAL FM JAN 1    41    HIGHEST SLP M ON M
DPTR FM NORMAL     M    LOWEST  SLP M ON M

[REMARKS]
