000
CXUS55 KCYS 211000
CF6CYS
PRELIMINARY LOCAL CLIMATOLOGICAL DATA (WS FORM: F-6)

                                          STATION:   CHEYENNE WYOMING AIRPORT
                                          MONTH:     APRIL
                                          YEAR:      2019
                                          LATITUDE:   41  9 N
                                          LONGITUDE: 104 49 W

  TEMPERATURE IN F:       :PCPN:    SNOW:  WIND      :SUNSHINE: SKY     :PK WND
================================================================================
1   2   3   4   5  6A  6B    7    8   9   10  11  12  13   14  15   16   17  18
                                     12Z  AVG MX 2MIN
DY MAX MIN AVG DEP HDD CDD  WTR  SNW DPTH SPD SPD DIR MIN PSBL S-S WX    SPD DR
================================================================================

 1  49  25  37  -2  28   0    T    T    0 12.9 40 290   M    M   3 1      48 280
 2  46  32  39   0  26   0 0.10  1.3    1 10.7 21 200   M    M  10 1      25 210
 3  52  34  43   3  22   0 0.07  0.0    0  6.8 16 230   M    M   8 1      21 330
 4  61  35  48   8  17   0 0.00  0.0    0 11.8 28 280   M    M   2 18     36 260
 5  64  39  52  12  13   0    T  0.0    0  6.7 28 330   M    M   5        46 310
 6  65  35  50  10  15   0 0.00  0.0    0 12.6 25 270   M    M   2        32 280
 7  63  34  49   9  16   0 0.00  0.0    0 16.7 32 270   M    M   0        38 260
 8  69  44  57  16   8   0 0.00  0.0    0 16.8 33 260   M    M   1        42 250
 9  72  39  56  15   9   0 0.00  0.0    0  9.1 25 360   M    M   1        34  20
10  39  14  27 -14  38   0 0.48  6.6    0 16.8 28  10   M    M  10 12     38  10
11  28  15  22 -19  43   0 0.04  0.8    4 17.8 28 350   M    M   9 128    37 340
12  34  19  27 -15  38   0    T    T    1  5.4 14 200   M    M   9 1      18 350
13  41  26  34  -8  31   0 0.06  0.5    0 10.4 21 160   M    M   7 128    24 160
14  58  28  43   1  22   0 0.00  0.0    T 17.0 38 270   M    M   3 1      49 270
15  64  36  50   8  15   0 0.00  0.0    0  9.1 25 250   M    M   4        31 250
16  58  32  45   2  20   0 0.00  0.0    0  9.4 21 310   M    M   2        28 320
17  58  35  47   4  18   0 0.10    T    0 14.4 31 360   M    M   8 1      40 360
18  56  32  44   1  21   0    T    T    0 13.6 36 330   M    M   5        46 320
19  71  33  52   8  13   0 0.00  0.0    0 11.8 24 340   M    M   1 8      34 360
20  75  40  58  14   7   0 0.00  0.0    0 11.7 23 280   M    M   2        33 270
================================================================================
SM 1123  627       420   0  0.85     9.2 241.5          M       92
================================================================================
AV 56.2 31.4                              12.1 FASTST   M    M   5    MAX(MPH)
                                 MISC ---->  # 40 290               # 49  270
================================================================================
NOTES:
# LAST OF SEVERAL OCCURRENCES

COLUMN 17 PEAK WIND IN M.P.H.

PRELIMINARY LOCAL CLIMATOLOGICAL DATA (WS FORM: F-6) , PAGE 2

                                          STATION:  CHEYENNE WYOMING AIRPORT
                                          MONTH:    APRIL
                                          YEAR:     2019
                                          LATITUDE:   41  9 N
                                          LONGITUDE: 104 49 W

[TEMPERATURE DATA]      [PRECIPITATION DATA]       SYMBOLS USED IN COLUMN 16

AVERAGE MONTHLY: 43.8   TOTAL FOR MONTH:   0.85    1 = FOG OR MIST
DPTR FM NORMAL:   2.4   DPTR FM NORMAL:   -0.25    2 = FOG REDUCING VISIBILITY
HIGHEST:    75 ON 20    GRTST 24HR  0.48 ON 10-10      TO 1/4 MILE OR LESS
LOWEST:     14 ON 10                               3 = THUNDER
                        SNOW, ICE PELLETS, HAIL    4 = ICE PELLETS
                        TOTAL MONTH:   9.2 INCHES  5 = HAIL
                        GRTST 24HR   6.6 ON 10-10  6 = FREEZING RAIN OR DRIZZLE
                        GRTST DEPTH:   4 ON 11     7 = DUSTSTORM OR SANDSTORM:
                                                       VSBY 1/2 MILE OR LESS
                                                   8 = SMOKE OR HAZE
[NO. OF DAYS WITH]      [WEATHER - DAYS WITH]      9 = BLOWING SNOW
                                                   X = TORNADO
MAX 32 OR BELOW:   1    0.01 INCH OR MORE:   6
MAX 90 OR ABOVE:   0    0.10 INCH OR MORE:   3
MIN 32 OR BELOW:   9    0.50 INCH OR MORE:   0
MIN  0 OR BELOW:   0    1.00 INCH OR MORE:   0

[HDD (BASE 65) ]
TOTAL THIS MO.   420    CLEAR  (SCALE 0-3)   9
DPTR FM NORMAL   -53    PTCLDY (SCALE 4-7)   6
TOTAL FM JUL 1  6436    CLOUDY (SCALE 8-10)  5
DPTR FM NORMAL    43

[CDD (BASE 65) ]
TOTAL THIS MO.     0
DPTR FM NORMAL     0    [PRESSURE DATA]
TOTAL FM JAN 1     0    HIGHEST SLP M ON M
DPTR FM NORMAL     0    LOWEST  SLP 29.37 ON  9

[REMARKS]
