000
CXUS54 KEWX 250910
CF6CZT
PRELIMINARY LOCAL CLIMATOLOGICAL DATA (WS FORM: F-6)

                                          STATION:   Carrizo Springs
                                          MONTH:     APRIL
                                          YEAR:      2019
                                          LATITUDE:   28 31 N
                                          LONGITUDE:  99 49 W

  TEMPERATURE IN F:       :PCPN:    SNOW:  WIND      :SUNSHINE: SKY     :PK WND
================================================================================
1   2   3   4   5  6A  6B    7    8   9   10  11  12  13   14  15   16   17  18
                                     12Z  AVG MX 2MIN
DY MAX MIN AVG DEP HDD CDD  WTR  SNW DPTH SPD SPD DIR MIN PSBL S-S WX    SPD DR
================================================================================

 1  63  45  54   M  11   0 0.00    M    M  1.7  6  10   M    M   6         M  M
 2  73  32  53   M  12   0 0.00    M    M  7.5 17 150   M    M   2        21 170
 3  70  59  65   M   0   0 0.00    M    M  7.8 15 140   M    M  10        23 140
 4  91  63  77   M   0  12 0.00    M    M  4.5 12 330   M    M   5 1      16 330
 5  86  55  71   M   0   6 0.00    M    M  5.8 15 120   M    M   1 8      21 120
 6  88  70  79   M   0  14 0.00    M    M  3.8  9 130   M    M   6 18      M  M
 7  82  59  71   M   0   6 0.77    M    M  6.9 24 290   M    M   2 38     37 290
 8  90  54  72   M   0   7 0.00    M    M  1.3  8 220   M    M   0         M  M
 9  97  54  76   M   0  11 0.00    M    M  4.5 13 160   M    M   0        21 180
10 104  54  79   M   0  14 0.00    M    M 10.4 17 160   M    M   0        27 160
11  86  54  70   M   0   5 0.00    M    M  6.5 15 360   M    M   1        24 360
12  82  52  67   M   0   2 0.00    M    M  7.1 14 120   M    M   3        24 120
13  77  54  66   M   0   1 0.00    M    M 12.9 23 340   M    M   3 1      37 340
14  77  46  62   M   3   0 0.00    M    M  5.0 10 350   M    M   0        21 350
15  90  43  67   M   0   2 0.00    M    M  9.4 16 150   M    M   0        24 130
16  88  57  73   M   0   8 0.00    M    M  9.4 16 160   M    M   2        23 150
17  93  72  83   M   0  18 0.00    M    M  8.2 15 120   M    M   6        27 120
18  82  55  69   M   0   4 0.00    M    M 10.6 21 340   M    M   2        35 360
19  82  50  66   M   0   1 0.00    M    M  3.1 10 350   M    M   0 8       M  M
20  90  50  70   M   0   5 0.00    M    M  6.6 13 130   M    M   0        20 120
21  86  59  73   M   0   8 0.00    M    M  8.1 13 150   M    M   2        20 170
22  82  63  73   M   0   8 0.00    M    M  8.6 15 140   M    M   5        21 140
23  81  68  75   M   0  10 0.00    M    M  9.4 16 150   M    M   8        27 150
24  70  55  63   M   2   0 0.11    M    M  5.8 14 360   M    M   7 1      22 360
================================================================================
SM 2010 1323        28 142  0.88    M    164.9          M       71
================================================================================
AV 83.8 55.1                               6.9 FASTST   M    M   3    MAX(MPH)
                                 MISC ---->  # 24 290               # 37  290
================================================================================
NOTES:
# LAST OF SEVERAL OCCURRENCES

COLUMN 17 PEAK WIND IN M.P.H.

PRELIMINARY LOCAL CLIMATOLOGICAL DATA (WS FORM: F-6) , PAGE 2

                                          STATION:  Carrizo Springs
                                          MONTH:    APRIL
                                          YEAR:     2019
                                          LATITUDE:   28 31 N
                                          LONGITUDE:  99 49 W

[TEMPERATURE DATA]      [PRECIPITATION DATA]       SYMBOLS USED IN COLUMN 16

AVERAGE MONTHLY: 69.4   TOTAL FOR MONTH:   0.88    1 = FOG OR MIST
DPTR FM NORMAL:     M   DPTR FM NORMAL:       M    2 = FOG REDUCING VISIBILITY
HIGHEST:   104 ON 10    GRTST 24HR  0.77 ON  7- 7      TO 1/4 MILE OR LESS
LOWEST:     32 ON  2                               3 = THUNDER
                        SNOW, ICE PELLETS, HAIL    4 = ICE PELLETS
                        TOTAL MONTH:    M          5 = HAIL
                        GRTST 24HR    M  ON   M    6 = FREEZING RAIN OR DRIZZLE
                        GRTST DEPTH:  M  ON   M    7 = DUSTSTORM OR SANDSTORM:
                                                       VSBY 1/2 MILE OR LESS
                                                   8 = SMOKE OR HAZE
[NO. OF DAYS WITH]      [WEATHER - DAYS WITH]      9 = BLOWING SNOW
                                                   X = TORNADO
MAX 32 OR BELOW:   0    0.01 INCH OR MORE:   2
MAX 90 OR ABOVE:   7    0.10 INCH OR MORE:   2
MIN 32 OR BELOW:   1    0.50 INCH OR MORE:   1
MIN  0 OR BELOW:   0    1.00 INCH OR MORE:   0

[HDD (BASE 65) ]
TOTAL THIS MO.    28    CLEAR  (SCALE 0-3)  15
DPTR FM NORMAL     M    PTCLDY (SCALE 4-7)   8
TOTAL FM JUL 1  1082    CLOUDY (SCALE 8-10)  1
DPTR FM NORMAL     M

[CDD (BASE 65) ]
TOTAL THIS MO.   142
DPTR FM NORMAL     M    [PRESSURE DATA]
TOTAL FM JAN 1   264    HIGHEST SLP M ON M
DPTR FM NORMAL     M    LOWEST  SLP M ON M

[REMARKS]
