000
CXUS54 KEWX 170910
CF6CZT
PRELIMINARY LOCAL CLIMATOLOGICAL DATA (WS FORM: F-6)

                                          STATION:   Carrizo Springs
                                          MONTH:     FEBRUARY
                                          YEAR:      2019
                                          LATITUDE:   28 31 N
                                          LONGITUDE:  99 49 W

  TEMPERATURE IN F:       :PCPN:    SNOW:  WIND      :SUNSHINE: SKY     :PK WND
================================================================================
1   2   3   4   5  6A  6B    7    8   9   10  11  12  13   14  15   16   17  18
                                     12Z  AVG MX 2MIN
DY MAX MIN AVG DEP HDD CDD  WTR  SNW DPTH SPD SPD DIR MIN PSBL S-S WX    SPD DR
================================================================================

 1  68  55  62   M   3   0 0.01    M    M  1.8  6 150   M    M  10 1       M  M
 2  72  54  63   M   2   0 0.00    M    M  4.5  9 160   M    M   7         M  M
 3  75  52  64   M   1   0 0.00    M    M  2.5  9 140   M    M   6 12     17 130
 4  72  52  62   M   3   0 0.01    M    M  1.4  8 120   M    M   8 12      M  M
 5  82  54  68   M   0   3 0.01    M    M  4.5 13 160   M    M   6 128    17 160
 6  82  61  72   M   0   7 0.00    M    M  5.1 14 140   M    M   4 18     18 140
 7  73  52  63   M   2   0 0.00    M    M  7.3 17  10   M    M   2 1      24  10
 8  52  41  47   M  18   0 0.00    M    M  7.2 15  60   M    M  10        21  70
 9  43  37  40   M  25   0 0.01    M    M  3.6  9  80   M    M  10 1       M  M
10  50  39  45   M  20   0 0.00    M    M  1.8  6 130   M    M  10 1       M  M
11  54  48  51   M  14   0 0.00    M    M  2.6  7 140   M    M  10 1       M  M
12  70  43  57   M   8   0 0.00    M    M  5.5 10 330   M    M   0 1      18 340
13  72  30  51   M  14   0 0.00    M    M  5.9 13 150   M    M   0        20 150
14  79  43  61   M   4   0 0.00    M    M  2.5  7 140   M    M   0         M  M
15  91  45  68   M   0   3 0.00    M    M  1.6  8  10   M    M   0         M  M
16  73  54  64   M   1   0 0.00    M    M  5.8 13 100   M    M   2 1      18 100
================================================================================
SM 1108  760       115  13  0.04    M     63.6          M       85
================================================================================
AV 69.3 47.5                               4.0 FASTST   M    M   5    MAX(MPH)
                                 MISC ---->  # 17  10               # 24   10
================================================================================
NOTES:
# LAST OF SEVERAL OCCURRENCES

COLUMN 17 PEAK WIND IN M.P.H.

PRELIMINARY LOCAL CLIMATOLOGICAL DATA (WS FORM: F-6) , PAGE 2

                                          STATION:  Carrizo Springs
                                          MONTH:    FEBRUARY
                                          YEAR:     2019
                                          LATITUDE:   28 31 N
                                          LONGITUDE:  99 49 W

[TEMPERATURE DATA]      [PRECIPITATION DATA]       SYMBOLS USED IN COLUMN 16

AVERAGE MONTHLY: 58.4   TOTAL FOR MONTH:   0.04    1 = FOG OR MIST
DPTR FM NORMAL:     M   DPTR FM NORMAL:       M    2 = FOG REDUCING VISIBILITY
HIGHEST:    91 ON 15    GRTST 24HR  0.01 ON  9- 9      TO 1/4 MILE OR LESS
LOWEST:     30 ON 13                               3 = THUNDER
                        SNOW, ICE PELLETS, HAIL    4 = ICE PELLETS
                        TOTAL MONTH:    M          5 = HAIL
                        GRTST 24HR    M  ON   M    6 = FREEZING RAIN OR DRIZZLE
                        GRTST DEPTH:  M  ON   M    7 = DUSTSTORM OR SANDSTORM:
                                                       VSBY 1/2 MILE OR LESS
                                                   8 = SMOKE OR HAZE
[NO. OF DAYS WITH]      [WEATHER - DAYS WITH]      9 = BLOWING SNOW
                                                   X = TORNADO
MAX 32 OR BELOW:   0    0.01 INCH OR MORE:   4
MAX 90 OR ABOVE:   1    0.10 INCH OR MORE:   0
MIN 32 OR BELOW:   1    0.50 INCH OR MORE:   0
MIN  0 OR BELOW:   0    1.00 INCH OR MORE:   0

[HDD (BASE 65) ]
TOTAL THIS MO.   115    CLEAR  (SCALE 0-3)   6
DPTR FM NORMAL     M    PTCLDY (SCALE 4-7)   5
TOTAL FM JUL 1   818    CLOUDY (SCALE 8-10)  5
DPTR FM NORMAL     M

[CDD (BASE 65) ]
TOTAL THIS MO.    13
DPTR FM NORMAL     M    [PRESSURE DATA]
TOTAL FM JAN 1    13    HIGHEST SLP M ON M
DPTR FM NORMAL     M    LOWEST  SLP M ON M

[REMARKS]
