000
CXUS54 KEWX 180910
CF6CZT
PRELIMINARY LOCAL CLIMATOLOGICAL DATA (WS FORM: F-6)

                                          STATION:   Carrizo Springs
                                          MONTH:     AUGUST
                                          YEAR:      2019
                                          LATITUDE:   28 31 N
                                          LONGITUDE:  99 49 W

  TEMPERATURE IN F:       :PCPN:    SNOW:  WIND      :SUNSHINE: SKY     :PK WND
================================================================================
1   2   3   4   5  6A  6B    7    8   9   10  11  12  13   14  15   16   17  18
                                     12Z  AVG MX 2MIN
DY MAX MIN AVG DEP HDD CDD  WTR  SNW DPTH SPD SPD DIR MIN PSBL S-S WX    SPD DR
================================================================================

 1 100  73  87   M   0  22 0.00    M    M  6.4 15 150   M    M   1        18 150
 2 100  73  87   M   0  22 0.00    M    M  4.7  8 110   M    M   0         M  M
 3 100  75  88   M   0  23 0.00    M    M  5.9 12  90   M    M   0        18  90
 4 102  77  90   M   0  25 0.00    M    M  6.4 10 150   M    M   1         M  M
 5 104  79  92   M   0  27 0.00    M    M  6.9 14 130   M    M   3        24 140
 6 104  75  90   M   0  25 0.00    M    M  6.1 15 150   M    M   0        20 150
 7 104  77  91   M   0  26 0.00    M    M  7.3 16 120   M    M   1        25 130
 8 106  77  92   M   0  27 0.00    M    M  9.9 17 140   M    M   2        27 140
 9 106  77  92   M   0  27 0.00    M    M 10.5 16 140   M    M   0        25 150
10 106  77  92   M   0  27 0.00    M    M  9.0 16 130   M    M   1        24 130
11 106  75  91   M   0  26 0.00    M    M  8.4 17 130   M    M   2        27 130
12 106  79  93   M   0  28 0.00    M    M  7.7 16 140   M    M   1        25 140
13 106  75  91   M   0  26 0.00    M    M  7.4 17 130   M    M   0        27 130
14 104  77  91   M   0  26 0.00    M    M  5.5 10 130   M    M   0        17 140
15 104  79  92   M   0  27 0.00    M    M  3.9 15  40   M    M   1 3      22  40
16 106  77  92   M   0  27 0.00    M    M  6.6 14 140   M    M   1        23 140
17 106  77  92   M   0  27 0.00    M    M  6.8 15 150   M    M   0        24 130
================================================================================
SM 1770 1299         0 438  0.00    M    119.4          M       14
================================================================================
AV104.1 76.4                               7.0 FASTST   M    M   1    MAX(MPH)
                                 MISC ---->  # 17 140               # 27  140
================================================================================
NOTES:
# LAST OF SEVERAL OCCURRENCES

COLUMN 17 PEAK WIND IN M.P.H.

PRELIMINARY LOCAL CLIMATOLOGICAL DATA (WS FORM: F-6) , PAGE 2

                                          STATION:  Carrizo Springs
                                          MONTH:    AUGUST
                                          YEAR:     2019
                                          LATITUDE:   28 31 N
                                          LONGITUDE:  99 49 W

[TEMPERATURE DATA]      [PRECIPITATION DATA]       SYMBOLS USED IN COLUMN 16

AVERAGE MONTHLY: 90.3   TOTAL FOR MONTH:   0.00    1 = FOG OR MIST
DPTR FM NORMAL:     M   DPTR FM NORMAL:       M    2 = FOG REDUCING VISIBILITY
HIGHEST:   106 ON 17,16 GRTST 24HR  0.00 ON 17-17      TO 1/4 MILE OR LESS
LOWEST:     73 ON  2, 1                            3 = THUNDER
                        SNOW, ICE PELLETS, HAIL    4 = ICE PELLETS
                        TOTAL MONTH:    M          5 = HAIL
                        GRTST 24HR    M  ON   M    6 = FREEZING RAIN OR DRIZZLE
                        GRTST DEPTH:  M  ON   M    7 = DUSTSTORM OR SANDSTORM:
                                                       VSBY 1/2 MILE OR LESS
                                                   8 = SMOKE OR HAZE
[NO. OF DAYS WITH]      [WEATHER - DAYS WITH]      9 = BLOWING SNOW
                                                   X = TORNADO
MAX 32 OR BELOW:   0    0.01 INCH OR MORE:   0
MAX 90 OR ABOVE:  17    0.10 INCH OR MORE:   0
MIN 32 OR BELOW:   0    0.50 INCH OR MORE:   0
MIN  0 OR BELOW:   0    1.00 INCH OR MORE:   0

[HDD (BASE 65) ]
TOTAL THIS MO.     0    CLEAR  (SCALE 0-3)  17
DPTR FM NORMAL     M    PTCLDY (SCALE 4-7)   0
TOTAL FM JUL 1     0    CLOUDY (SCALE 8-10)  0
DPTR FM NORMAL     M

[CDD (BASE 65) ]
TOTAL THIS MO.   438
DPTR FM NORMAL     M    [PRESSURE DATA]
TOTAL FM JAN 1  2507    HIGHEST SLP M ON M
DPTR FM NORMAL     M    LOWEST  SLP M ON M

[REMARKS]
