000
CXUS56 KSGX 181445
CF6CZZ
PRELIMINARY LOCAL CLIMATOLOGICAL DATA (WS FORM: F-6)

                                          STATION:   CAMPO ASOS CA
                                          MONTH:     APRIL
                                          YEAR:      2019
                                          LATITUDE:   32 37 N
                                          LONGITUDE: 116 28 W

  TEMPERATURE IN F:       :PCPN:    SNOW:  WIND      :SUNSHINE: SKY     :PK WND
================================================================================
1   2   3   4   5  6A  6B    7    8   9   10  11  12  13   14  15   16   17  18
                                     12Z  AVG MX 2MIN
DY MAX MIN AVG DEP HDD CDD  WTR  SNW DPTH SPD SPD DIR MIN PSBL S-S WX    SPD DR
================================================================================

 1  79  40  60   7   5   0 0.00  0.0    0  7.9 20 230   M    M   0        26 220
 2  67  37  52  -1  13   0 0.00  0.0    0 10.3 22 230   M    M   0        30 220
 3  62  41  52  -1  13   0 0.04    M    0  7.6 16 220   M    M   0        20 220
 4  60  38  49  -4  16   0 0.00  0.0    0  7.8 20 230   M    M   0        25 220
 5  58  47  53   0  12   0 0.00  0.0    0  8.1 17 230   M    M   0        19 260
 6  67  44  56   3   9   0 0.00  0.0    0  8.0 20 230   M    M   0        25 220
 7  83  38  61   7   4   0 0.00  0.0    0  6.4 17  70   M    M   0        23  80
 8  88  45  67  13   0   2 0.00  0.0    0  5.7 16 260   M    M   0        26 250
 9  74  43  59   5   6   0 0.00  0.0    0 13.8 25 230   M    M   0        33 250
10  68  34  51  -3  14   0 0.00  0.0    0  7.6 24 230   M    M   0        32 230
11  70  32  51  -3  14   0 0.00  0.0    0  8.6 23 220   M    M   0        30 230
12  64  39  52  -2  13   0 0.08    M    0  5.8 21 250   M    M   0        24 250
13  77  33  55   1  10   0 0.00  0.0    0  8.1 20 290   M    M   0        25 290
14  75  35  55   0  10   0 0.00  0.0    0  7.1 17 290   M    M   0        23 300
15  69  34  52  -3  13   0 0.00  0.0    0 10.0 22 240   M    M   0        27 250
16  52  47  50  -5  15   0 0.01    M    0  9.9 20 230   M    M   0        23 250
17  76  39  58   3   7   0 0.00  0.0    0  5.5 21 230   M    M   0        29 250
================================================================================
SM 1189  666       174   2  0.13     0.0 138.2          M        0
================================================================================
AV 69.9 39.2                               8.1 FASTST   M    M   0    MAX(MPH)
                                 MISC ---->  # 25 230               # 33  250
================================================================================
NOTES:
# LAST OF SEVERAL OCCURRENCES

COLUMN 17 PEAK WIND IN M.P.H.

PRELIMINARY LOCAL CLIMATOLOGICAL DATA (WS FORM: F-6) , PAGE 2

                                          STATION:  CAMPO ASOS CA
                                          MONTH:    APRIL
                                          YEAR:     2019
                                          LATITUDE:   32 37 N
                                          LONGITUDE: 116 28 W

[TEMPERATURE DATA]      [PRECIPITATION DATA]       SYMBOLS USED IN COLUMN 16

AVERAGE MONTHLY: 54.6   TOTAL FOR MONTH:   0.13    1 = FOG OR MIST
DPTR FM NORMAL:   0.7   DPTR FM NORMAL:   -0.53    2 = FOG REDUCING VISIBILITY
HIGHEST:    88 ON  8    GRTST 24HR  0.08 ON 12-12      TO 1/4 MILE OR LESS
LOWEST:     32 ON 11                               3 = THUNDER
                        SNOW, ICE PELLETS, HAIL    4 = ICE PELLETS
                        TOTAL MONTH:   0.0 INCH    5 = HAIL
                        GRTST 24HR     0.0         6 = FREEZING RAIN OR DRIZZLE
                        GRTST DEPTH:   0           7 = DUSTSTORM OR SANDSTORM:
                                                       VSBY 1/2 MILE OR LESS
                                                   8 = SMOKE OR HAZE
[NO. OF DAYS WITH]      [WEATHER - DAYS WITH]      9 = BLOWING SNOW
                                                   X = TORNADO
MAX 32 OR BELOW:   0    0.01 INCH OR MORE:   3
MAX 90 OR ABOVE:   0    0.10 INCH OR MORE:   0
MIN 32 OR BELOW:   1    0.50 INCH OR MORE:   0
MIN  0 OR BELOW:   0    1.00 INCH OR MORE:   0

[HDD (BASE 65) ]
TOTAL THIS MO.   174    CLEAR  (SCALE 0-3)  17
DPTR FM NORMAL   -16    PTCLDY (SCALE 4-7)   0
TOTAL FM JUL 1  2635    CLOUDY (SCALE 8-10)  0
DPTR FM NORMAL   -23

[CDD (BASE 65) ]
TOTAL THIS MO.     2
DPTR FM NORMAL     2    [PRESSURE DATA]
TOTAL FM JAN 1     2    HIGHEST SLP M ON M
DPTR FM NORMAL     2    LOWEST  SLP 29.67 ON 12

[REMARKS]
