000
CXUS53 KUNR 180945
CF6D07
PRELIMINARY LOCAL CLIMATOLOGICAL DATA (WS FORM: F-6)

                                          STATION:   FAITH SD
                                          MONTH:     FEBRUARY
                                          YEAR:      2019
                                          LATITUDE:   45  1 N
                                          LONGITUDE: 102  1 W

  TEMPERATURE IN F:       :PCPN:    SNOW:  WIND      :SUNSHINE: SKY     :PK WND
================================================================================
1   2   3   4   5  6A  6B    7    8   9   10  11  12  13   14  15   16   17  18
                                     12Z  AVG MX 2MIN
DY MAX MIN AVG DEP HDD CDD  WTR  SNW DPTH SPD SPD DIR MIN PSBL S-S WX    SPD DR
================================================================================

 1  47  16  32  11  33   0 0.00    M    M 11.3 21 170   M    M   M        23 180
 2  45  26  36  15  29   0 0.00    M    M  6.3 13 350   M    M   M        15 180
 3  34  -7  14  -7  51   0 0.07    M    M 19.8 30  20   M    M   M        36  20
 4  -2 -12  -7 -28  72   0 0.02    M    M 13.6 26 330   M    M   M        34 310
 5   0 -10  -5 -27  70   0 0.01    M    M  8.1 13  50   M    M   M        17 110
 6  -3  -8  -5 -27  70   0 0.14    M    M 15.2 24 340   M    M   M        32 340
 7  -6 -20 -13 -35  78   0 0.00    M    M 17.1 26 330   M    M   M        32 320
 8  -3 -21 -12 -34  77   0 0.00    M    M 11.0 22 100   M    M   M        31 110
 9   0  -5  -2 -24  67   0 0.00    M    M 13.2 18 110   M    M   M        28 100
10   0  -8  -4 -26  69   0 0.05    M    M 11.3 20 120   M    M   M        24 110
11  14  -6   4 -18  61   0 0.00    M    M 14.6 25 120   M    M   M        33 140
12   9  -7   1 -22  64   0 0.00    M    M 10.9 20 330   M    M   M        25 160
13  18   0   9 -14  56   0 0.00    M    M 11.5 24  10   M    M   M        29 360
14   5 -11  -3 -26  68   0 0.00    M    M 16.4 31 320   M    M   M        39 330
15   4 -10  -3 -26  68   0 0.05    M    M 14.5 24 130   M    M   M        29 130
16  14   2   8 -16  57   0 0.63    M    M 14.3 23 120   M    M   M        30 120
17  10  -2   4 -20  61   0 0.09    M    M 16.1 24 320   M    M   M        29 320
================================================================================
SM  186  -83      1051   0  1.06    M    225.2          M        M
================================================================================
AV 10.9 -4.9                              13.2 FASTST   M    M   6    MAX(MPH)
                                 MISC ---->  # 31 320               # 39  330
================================================================================
NOTES:
# LAST OF SEVERAL OCCURRENCES

COLUMN 17 PEAK WIND IN M.P.H.

PRELIMINARY LOCAL CLIMATOLOGICAL DATA (WS FORM: F-6) , PAGE 2

                                          STATION:  FAITH SD
                                          MONTH:    FEBRUARY
                                          YEAR:     2019
                                          LATITUDE:   45  1 N
                                          LONGITUDE: 102  1 W

[TEMPERATURE DATA]      [PRECIPITATION DATA]       SYMBOLS USED IN COLUMN 16

AVERAGE MONTHLY:  3.0   TOTAL FOR MONTH:   1.06    1 = FOG OR MIST
DPTR FM NORMAL: -19.2   DPTR FM NORMAL:    0.77    2 = FOG REDUCING VISIBILITY
HIGHEST:    47 ON  1    GRTST 24HR  0.63 ON 16-16      TO 1/4 MILE OR LESS
LOWEST:    -21 ON  8                               3 = THUNDER
                        SNOW, ICE PELLETS, HAIL    4 = ICE PELLETS
                        TOTAL MONTH:    M          5 = HAIL
                        GRTST 24HR    M  ON   M    6 = FREEZING RAIN OR DRIZZLE
                        GRTST DEPTH:  M  ON   M    7 = DUSTSTORM OR SANDSTORM:
                                                       VSBY 1/2 MILE OR LESS
                                                   8 = SMOKE OR HAZE
[NO. OF DAYS WITH]      [WEATHER - DAYS WITH]      9 = BLOWING SNOW
                                                   X = TORNADO
MAX 32 OR BELOW:  14    0.01 INCH OR MORE:   8
MAX 90 OR ABOVE:   0    0.10 INCH OR MORE:   2
MIN 32 OR BELOW:  17    0.50 INCH OR MORE:   1
MIN  0 OR BELOW:  14    1.00 INCH OR MORE:   0

[HDD (BASE 65) ]
TOTAL THIS MO.  1051    CLEAR  (SCALE 0-3)   0
DPTR FM NORMAL   324    PTCLDY (SCALE 4-7)   0
TOTAL FM JUL 1  5520    CLOUDY (SCALE 8-10)  0
DPTR FM NORMAL   264

[CDD (BASE 65) ]
TOTAL THIS MO.     0
DPTR FM NORMAL     0    [PRESSURE DATA]
TOTAL FM JAN 1     0    HIGHEST SLP M ON M
DPTR FM NORMAL     0    LOWEST  SLP 29.19 ON 13

[REMARKS]
