000
CXUS52 KMLB 190638
CF6DAB
PRELIMINARY LOCAL CLIMATOLOGICAL DATA (WS FORM: F-6)

                                          STATION:   DAYTONA BEACH
                                          MONTH:     APRIL
                                          YEAR:      2019
                                          LATITUDE:   29 10 N
                                          LONGITUDE:  81  3 W

  TEMPERATURE IN F:       :PCPN:    SNOW:  WIND      :SUNSHINE: SKY     :PK WND
================================================================================
1   2   3   4   5  6A  6B    7    8   9   10  11  12  13   14  15   16   17  18
                                     12Z  AVG MX 2MIN
DY MAX MIN AVG DEP HDD CDD  WTR  SNW DPTH SPD SPD DIR MIN PSBL S-S WX    SPD DR
================================================================================

 1  69  61  65  -2   0   0 0.18  0.0    0  8.8 20  10   M    M  10 1      23  10
 2  72  59  66  -1   0   1 0.51  0.0    0  8.2 18  20   M    M   7 1      22  20
 3  72  50  61  -6   4   0 0.00  0.0    0  9.4 21  40   M    M   3        25  40
 4  76  55  66  -1   0   1 0.00  0.0    0  4.9 17  70   M    M   3 1      23  70
 5  83  64  74   7   0   9 0.04  0.0    0  6.9 18 210   M    M   7 13     25 210
 6  82  63  73   6   0   8 0.06  0.0    0  4.4 14  80   M    M   6 13     18  80
 7  82  63  73   5   0   8 0.00  0.0    0  4.2 13  70   M    M   5 12     18  80
 8  84  65  75   7   0  10 1.75  0.0    0  4.5 20 290   M    M   7 13     26 280
 9  85  67  76   8   0  11 0.28  0.0    0  8.2 22 170   M    M   9 13     33 160
10  80  65  73   5   0   8 0.00  0.0    0  6.0 14  30   M    M   4 1      17  60
11  81  62  72   4   0   7 0.00  0.0    0  4.5 15  70   M    M   3 12     20  70
12  84  68  76   8   0  11    T  0.0    0  5.3 15 110   M    M   4 1      22 120
13  86  72  79  11   0  14 0.00  0.0    0  5.4 14 160   M    M   7        19  90
14  88  72  80  11   0  15 0.26  0.0    0  9.6 24 260   M    M   9 1      30 260
15  79  62  71   2   0   6 0.00  0.0    0  9.7 18 280   M    M   2        25 290
16  78  54  66  -3   0   1 0.00  0.0    0  6.6 15  50   M    M   1        22  40
17  81  60  71   2   0   6 0.00  0.0    0  3.6 17  70   M    M   6        23  60
18  86  62  74   5   0   9 0.00  0.0    0  7.9 18 170   M    M   5 18     26 170
================================================================================
SM 1448 1124         4 125  3.08     0.0 118.1          M       98
================================================================================
AV 80.4 62.4                               6.6 FASTST   M    M   5    MAX(MPH)
                                 MISC ---->  # 24 260               # 33  160
================================================================================
NOTES:
# LAST OF SEVERAL OCCURRENCES

COLUMN 17 PEAK WIND IN M.P.H.

PRELIMINARY LOCAL CLIMATOLOGICAL DATA (WS FORM: F-6) , PAGE 2

                                          STATION:  DAYTONA BEACH
                                          MONTH:    APRIL
                                          YEAR:     2019
                                          LATITUDE:   29 10 N
                                          LONGITUDE:  81  3 W

[TEMPERATURE DATA]      [PRECIPITATION DATA]       SYMBOLS USED IN COLUMN 16

AVERAGE MONTHLY: 71.4   TOTAL FOR MONTH:   3.08    1 = FOG OR MIST
DPTR FM NORMAL:   3.5   DPTR FM NORMAL:    1.61    2 = FOG REDUCING VISIBILITY
HIGHEST:    88 ON 14    GRTST 24HR  1.75 ON  8- 8      TO 1/4 MILE OR LESS
LOWEST:     50 ON  3                               3 = THUNDER
                        SNOW, ICE PELLETS, HAIL    4 = ICE PELLETS
                        TOTAL MONTH:   0.0 INCH    5 = HAIL
                        GRTST 24HR     0.0         6 = FREEZING RAIN OR DRIZZLE
                        GRTST DEPTH:   0           7 = DUSTSTORM OR SANDSTORM:
                                                       VSBY 1/2 MILE OR LESS
                                                   8 = SMOKE OR HAZE
[NO. OF DAYS WITH]      [WEATHER - DAYS WITH]      9 = BLOWING SNOW
                                                   X = TORNADO
MAX 32 OR BELOW:   0    0.01 INCH OR MORE:   7
MAX 90 OR ABOVE:   0    0.10 INCH OR MORE:   5
MIN 32 OR BELOW:   0    0.50 INCH OR MORE:   2
MIN  0 OR BELOW:   0    1.00 INCH OR MORE:   1

[HDD (BASE 65) ]
TOTAL THIS MO.     4    CLEAR  (SCALE 0-3)   5
DPTR FM NORMAL   -17    PTCLDY (SCALE 4-7)  10
TOTAL FM JUL 1   540    CLOUDY (SCALE 8-10)  3
DPTR FM NORMAL  -260

[CDD (BASE 65) ]
TOTAL THIS MO.   125
DPTR FM NORMAL    51    [PRESSURE DATA]
TOTAL FM JAN 1   382    HIGHEST SLP M ON M
DPTR FM NORMAL   166    LOWEST  SLP 29.70 ON  9

[REMARKS]
