000
CXUS55 KVEF 240940
CF6DAG
PRELIMINARY LOCAL CLIMATOLOGICAL DATA (WS FORM: F-6)

                                          STATION:   BARSTOW-DAGGETT CA
                                          MONTH:     APRIL
                                          YEAR:      2019
                                          LATITUDE:   34 51 N
                                          LONGITUDE: 116 47 W

  TEMPERATURE IN F:       :PCPN:    SNOW:  WIND      :SUNSHINE: SKY     :PK WND
================================================================================
1   2   3   4   5  6A  6B    7    8   9   10  11  12  13   14  15   16   17  18
                                     12Z  AVG MX 2MIN
DY MAX MIN AVG DEP HDD CDD  WTR  SNW DPTH SPD SPD DIR MIN PSBL S-S WX    SPD DR
================================================================================

 1  81  47  64   3   1   0 0.00  0.0    0  6.1 13 320   M    M   0        16  80
 2  79  55  67   6   0   2 0.00  0.0    0 18.9 33 250   M    M   0        42 240
 3  75  50  63   1   2   0 0.00  0.0    0 13.2 26 240   M    M   0        31 240
 4  74  51  63   1   2   0 0.00  0.0    0 14.0 28 250   M    M   1        32 250
 5  72  51  62   0   3   0 0.00  0.0    0 19.6 33 260   M    M   1        39 240
 6  80  48  64   2   1   0 0.00  0.0    0 16.5 30 290   M    M   0        35 280
 7  83  51  67   5   0   2 0.00  0.0    0 10.1 20 290   M    M   0        24 280
 8  90  55  73  10   0   8 0.00  0.0    0 13.5 23 250   M    M   0        28 250
 9  75  55  65   2   0   0 0.00  0.0    0 27.9 47 270   M    M   3 8      56 270
10  74  47  61  -2   4   0 0.00    M    0 17.0 29 320   M    M   0 8      37 310
11  71  45  58  -5   7   0 0.00  0.0    0 16.6 31 250   M    M   0        39 250
12  73  48  61  -3   4   0    T    M    M 10.2 23 360   M    M   0        28 360
13  79  47  63  -1   2   0 0.00    M    M  8.2 18 220   M    M   0        22 220
14  86  58  72   8   0   7 0.00    M    M 16.1 28 210   M    M   0        34 220
15  80  58  69   5   0   4 0.00  0.0    0 16.0 26 220   M    M   0        32 220
16  73  54  64  -1   1   0 0.00  0.0    0 21.3 38 250   M    M   1        47 240
17  82  48  65   0   0   0 0.00  0.0    0  8.7 15 280   M    M   0        20 280
18  88  56  72   7   0   7 0.00  0.0    0  7.5 15  80   M    M   0        19  70
19  93  56  75   9   0  10 0.00  0.0    0 12.5 28 250   M    M   0        33 260
20  86  60  73   7   0   8 0.00  0.0    0 22.7 41 240   M    M   0        50 240
21  79  54  67   1   0   2 0.00  0.0    0 16.7 32 240   M    M   1        41 240
22  80  51  66   0   0   1 0.00  0.0    0  9.1 26 360   M    M   2 3      34 340
23  88  61  75   8   0  10 0.00  0.0    0  7.6 22  20   M    M   0 8      29  30
================================================================================
SM 1841 1206        27  61    T      0.0 330.0          M        9
================================================================================
AV 80.0 52.4                              14.3 FASTST   M    M   0    MAX(MPH)
                                 MISC ---->  # 47 270               # 56  270
================================================================================
NOTES:
# LAST OF SEVERAL OCCURRENCES

COLUMN 17 PEAK WIND IN M.P.H.

PRELIMINARY LOCAL CLIMATOLOGICAL DATA (WS FORM: F-6) , PAGE 2

                                          STATION:  BARSTOW-DAGGETT CA
                                          MONTH:    APRIL
                                          YEAR:     2019
                                          LATITUDE:   34 51 N
                                          LONGITUDE: 116 47 W

[TEMPERATURE DATA]      [PRECIPITATION DATA]       SYMBOLS USED IN COLUMN 16

AVERAGE MONTHLY: 66.2   TOTAL FOR MONTH:      T    1 = FOG OR MIST
DPTR FM NORMAL:   2.5   DPTR FM NORMAL:   -0.14    2 = FOG REDUCING VISIBILITY
HIGHEST:    93 ON 19    GRTST 24HR    T  ON 12-12      TO 1/4 MILE OR LESS
LOWEST:     45 ON 11                               3 = THUNDER
                        SNOW, ICE PELLETS, HAIL    4 = ICE PELLETS
                        TOTAL MONTH:   0.0 INCH    5 = HAIL
                        GRTST 24HR     0.0         6 = FREEZING RAIN OR DRIZZLE
                        GRTST DEPTH:   0           7 = DUSTSTORM OR SANDSTORM:
                                                       VSBY 1/2 MILE OR LESS
                                                   8 = SMOKE OR HAZE
[NO. OF DAYS WITH]      [WEATHER - DAYS WITH]      9 = BLOWING SNOW
                                                   X = TORNADO
MAX 32 OR BELOW:   0    0.01 INCH OR MORE:   0
MAX 90 OR ABOVE:   2    0.10 INCH OR MORE:   0
MIN 32 OR BELOW:   0    0.50 INCH OR MORE:   0
MIN  0 OR BELOW:   0    1.00 INCH OR MORE:   0

[HDD (BASE 65) ]
TOTAL THIS MO.    27    CLEAR  (SCALE 0-3)  23
DPTR FM NORMAL   -55    PTCLDY (SCALE 4-7)   0
TOTAL FM JUL 1  2038    CLOUDY (SCALE 8-10)  0
DPTR FM NORMAL   -34

[CDD (BASE 65) ]
TOTAL THIS MO.    61
DPTR FM NORMAL     5    [PRESSURE DATA]
TOTAL FM JAN 1    61    HIGHEST SLP M ON M
DPTR FM NORMAL   -14    LOWEST  SLP 29.64 ON 15

[REMARKS]
