000
CXUS51 KRNK 221859
CF6DAN
PRELIMINARY LOCAL CLIMATOLOGICAL DATA (WS FORM: F-6)

                                          STATION:   DANVILLE VA
                                          MONTH:     APRIL
                                          YEAR:      2019
                                          LATITUDE:   36 34 N
                                          LONGITUDE:  79 20 W

  TEMPERATURE IN F:       :PCPN:    SNOW:  WIND      :SUNSHINE: SKY     :PK WND
================================================================================
1   2   3   4   5  6A  6B    7    8   9   10  11  12  13   14  15   16   17  18
                                     12Z  AVG MX 2MIN
DY MAX MIN AVG DEP HDD CDD  WTR  SNW DPTH SPD SPD DIR MIN PSBL S-S WX    SPD DR
================================================================================

 1  52  28  40 -14  25   0 0.00  0.0    0  4.6 16 330   M    M   0        24 330
 2  47  29  38 -16  27   0 0.01    T    0  4.1 15  20   M    M   4        19  30
 3  72  27  50  -4  15   0 0.00  0.0    0  6.9 15 240   M    M   0        22 250
 4  75  42  59   4   6   0 0.00  0.0    0  4.0 12  60   M    M   0        16 170
 5  62  51  57   2   8   0 0.45  0.0    0  6.2 13  30   M    M   9 1      16  70
 6  70  50  60   4   5   0 0.00  0.0    0  3.0  8  40   M    M   6 1      11  40
 7  73  50  62   6   3   0 0.00  0.0    0  3.2 12 210   M    M   7 12     20 190
 8  81  59  70  14   0   5 0.32  0.0    0  6.5 20 240   M    M   6 13     26 250
 9  78  56  67  11   0   2 0.01  0.0    0  5.0 12 240   M    M   4 1      15 250
10  76  45  61   4   4   0 0.00  0.0    0  4.0 10  50   M    M   0        15 340
11  79  46  63   6   2   0 0.00  0.0    0  3.8 13 230   M    M   2        17 230
12  69  55  62   5   3   0 0.69  0.0    0  3.7 12 150   M    M   8 13     19 150
13  67  60  64   6   1   0 0.41  0.0    0  3.8 13  10   M    M   9 13     17  20
14  77  61  69  11   0   4 0.01  0.0    0  7.0 24 240   M    M   9 12     32 250
15  73  41  57  -1   8   0 0.01  0.0    0 12.6 26 260   M    M   1        36 270
16  72  34  53  -6  12   0 0.00  0.0    0  4.5 14 220   M    M   0        19 200
17  82  47  65   6   0   0 0.00  0.0    0  5.0 13 230   M    M   0        15 230
18  82  54  68   9   0   3 0.00  0.0    0  6.9 16 210   M    M   0        26 190
19  74  65  70  11   0   5 0.74  0.0    0  6.5 15 200   M    M   8 13     28 160
20  65  43  54  -6  11   0    T  0.0    0  7.8 22 230   M    M   6        30 230
21  67  41  54  -6  11   0 0.00  0.0    0  4.8 14 340   M    M   3 12     19 360
================================================================================
SM 1493  984       141  19  2.65    T    113.9          M       82
================================================================================
AV 71.1 46.9                               5.4 FASTST   M    M   4    MAX(MPH)
                                 MISC ---->  # 26 260               # 36  270
================================================================================
NOTES:
# LAST OF SEVERAL OCCURRENCES

COLUMN 17 PEAK WIND IN M.P.H.

PRELIMINARY LOCAL CLIMATOLOGICAL DATA (WS FORM: F-6) , PAGE 2

                                          STATION:  DANVILLE VA
                                          MONTH:    APRIL
                                          YEAR:     2019
                                          LATITUDE:   36 34 N
                                          LONGITUDE:  79 20 W

[TEMPERATURE DATA]      [PRECIPITATION DATA]       SYMBOLS USED IN COLUMN 16

AVERAGE MONTHLY: 59.0   TOTAL FOR MONTH:   2.65    1 = FOG OR MIST
DPTR FM NORMAL:   2.0   DPTR FM NORMAL:    0.18    2 = FOG REDUCING VISIBILITY
HIGHEST:    82 ON 18,17 GRTST 24HR  0.74 ON 19-19      TO 1/4 MILE OR LESS
LOWEST:     27 ON  3                               3 = THUNDER
                        SNOW, ICE PELLETS, HAIL    4 = ICE PELLETS
                        TOTAL MONTH:    T          5 = HAIL
                        GRTST 24HR    T  ON  2- 2  6 = FREEZING RAIN OR DRIZZLE
                        GRTST DEPTH:   0           7 = DUSTSTORM OR SANDSTORM:
                                                       VSBY 1/2 MILE OR LESS
                                                   8 = SMOKE OR HAZE
[NO. OF DAYS WITH]      [WEATHER - DAYS WITH]      9 = BLOWING SNOW
                                                   X = TORNADO
MAX 32 OR BELOW:   0    0.01 INCH OR MORE:   9
MAX 90 OR ABOVE:   0    0.10 INCH OR MORE:   5
MIN 32 OR BELOW:   3    0.50 INCH OR MORE:   2
MIN  0 OR BELOW:   0    1.00 INCH OR MORE:   0

[HDD (BASE 65) ]
TOTAL THIS MO.   141    CLEAR  (SCALE 0-3)   9
DPTR FM NORMAL   -44    PTCLDY (SCALE 4-7)   9
TOTAL FM JUL 1  3599    CLOUDY (SCALE 8-10)  3
DPTR FM NORMAL   -97

[CDD (BASE 65) ]
TOTAL THIS MO.    19
DPTR FM NORMAL    -1    [PRESSURE DATA]
TOTAL FM JAN 1    26    HIGHEST SLP M ON M
DPTR FM NORMAL     3    LOWEST  SLP 29.46 ON 19

[REMARKS]
