000
CXUS55 KDVN 181100
CF6DBQ
PRELIMINARY LOCAL CLIMATOLOGICAL DATA (WS FORM: F-6)

                                          STATION:   DUBUQUE IA
                                          MONTH:     FEBRUARY
                                          YEAR:      2019
                                          LATITUDE:   42 24 N
                                          LONGITUDE:  90 42 W

  TEMPERATURE IN F:       :PCPN:    SNOW:  WIND      :SUNSHINE: SKY     :PK WND
================================================================================
1   2   3   4   5  6A  6B    7    8   9   10  11  12  13   14  15   16   17  18
                                     12Z  AVG MX 2MIN
DY MAX MIN AVG DEP HDD CDD  WTR  SNW DPTH SPD SPD DIR MIN PSBL S-S WX    SPD DR
================================================================================

 1  11  -8   2 -18  63   0    T    T   14  7.2 18 170   M    M   2 18     23 170
 2  40  11  26   6  39   0 0.00  0.0   14 13.8 23 190   M    M   7 12     31 200
 3  42  37  40  20  25   0 0.00  0.0    7 10.5 20 190   M    M  10 12     28 200
 4  43  14  29   8  36   0 0.09  0.0    1 13.7 24 300   M    M   9 12     32 290
 5  27  12  20  -1  45   0 0.16  0.4    T  9.2 21  80   M    M   5 1468   28  70
 6  30  23  27   6  38   0 0.05  0.1    1  8.5 21  50   M    M  10 16     26  50
 7  30   3  17  -4  48   0 0.26  0.2    T 16.3 33 260   M    M  10 1268   44 280
 8   6  -3   2 -20  63   0 0.00  0.0    T 16.7 33 280   M    M   4 8      44 260
 9  20  -1  10 -12  55   0 0.00  0.0    T  7.8 15 140   M    M   5        21 130
10  25  20  23   1  42   0 0.08  0.7    T  8.1 14 100   M    M  10 1268   19 140
11  29  23  26   4  39   0 0.50  4.0    1 12.7 24  70   M    M  10 126    35  70
12  30   9  20  -3  45   0 0.27  2.5    6 18.3 37 280   M    M  10 1689   47 290
13  25   4  15  -8  50   0    T    T    6 12.4 30 280   M    M   4 18     39 280
14  41   6  24   1  41   0 0.00  0.0    6 14.6 28 300   M    M   2 8      34 310
15  12  -2   5 -19  60   0 0.00  0.0    5 12.8 22 300   M    M   0        31 300
16  25   1  13 -11  52   0 0.00  0.0    5  8.5 22  80   M    M   3        30  90
17  27  17  22  -2  43   0 0.35  6.3    8 11.7 20  40   M    M  10 12     27  40
================================================================================
SM  463  166       784   0  1.76    14.2 202.8          M      111
================================================================================
AV 27.2  9.8                              11.9 FASTST   M    M   7    MAX(MPH)
                                 MISC ---->  # 37 280               # 47  290
================================================================================
NOTES:
# LAST OF SEVERAL OCCURRENCES

COLUMN 17 PEAK WIND IN M.P.H.

PRELIMINARY LOCAL CLIMATOLOGICAL DATA (WS FORM: F-6) , PAGE 2

                                          STATION:  DUBUQUE IA
                                          MONTH:    FEBRUARY
                                          YEAR:     2019
                                          LATITUDE:   42 24 N
                                          LONGITUDE:  90 42 W

[TEMPERATURE DATA]      [PRECIPITATION DATA]       SYMBOLS USED IN COLUMN 16

AVERAGE MONTHLY: 18.5   TOTAL FOR MONTH:   1.76    1 = FOG OR MIST
DPTR FM NORMAL:  -3.4   DPTR FM NORMAL:    0.96    2 = FOG REDUCING VISIBILITY
HIGHEST:    43 ON  4    GRTST 24HR  0.50 ON 11-11      TO 1/4 MILE OR LESS
LOWEST:     -8 ON  1                               3 = THUNDER
                        SNOW, ICE PELLETS, HAIL    4 = ICE PELLETS
                        TOTAL MONTH:  14.2 INCHES  5 = HAIL
                        GRTST 24HR   6.3 ON 17-17  6 = FREEZING RAIN OR DRIZZLE
                        GRTST DEPTH:  14 ON  2, 1  7 = DUSTSTORM OR SANDSTORM:
                                                       VSBY 1/2 MILE OR LESS
                                                   8 = SMOKE OR HAZE
[NO. OF DAYS WITH]      [WEATHER - DAYS WITH]      9 = BLOWING SNOW
                                                   X = TORNADO
MAX 32 OR BELOW:  13    0.01 INCH OR MORE:   8
MAX 90 OR ABOVE:   0    0.10 INCH OR MORE:   5
MIN 32 OR BELOW:  16    0.50 INCH OR MORE:   1
MIN  0 OR BELOW:   4    1.00 INCH OR MORE:   0

[HDD (BASE 65) ]
TOTAL THIS MO.   784    CLEAR  (SCALE 0-3)   4
DPTR FM NORMAL    52    PTCLDY (SCALE 4-7)   5
TOTAL FM JUL 1  5045    CLOUDY (SCALE 8-10)  8
DPTR FM NORMAL    76

[CDD (BASE 65) ]
TOTAL THIS MO.     0
DPTR FM NORMAL     0    [PRESSURE DATA]
TOTAL FM JAN 1     0    HIGHEST SLP M ON M
DPTR FM NORMAL     0    LOWEST  SLP 29.46 ON 14

[REMARKS]
