000
CXUS53 KDDC 241200
CF6DDC
PRELIMINARY LOCAL CLIMATOLOGICAL DATA (WS FORM: F-6)

                                          STATION:   DODGE CITY KS
                                          MONTH:     APRIL
                                          YEAR:      2019
                                          LATITUDE:   37 46 N
                                          LONGITUDE:  99 58 W

  TEMPERATURE IN F:       :PCPN:    SNOW:  WIND      :SUNSHINE: SKY     :PK WND
================================================================================
1   2   3   4   5  6A  6B    7    8   9   10  11  12  13   14  15   16   17  18
                                     12Z  AVG MX 2MIN
DY MAX MIN AVG DEP HDD CDD  WTR  SNW DPTH SPD SPD DIR MIN PSBL S-S WX    SPD DR
================================================================================

 1  59  32  46  -3  19   0 0.00  0.0    0 10.8 18 210   M    M   1        27 210
 2  58  36  47  -2  18   0 0.00  0.0    0 12.2 22  60   M    M   2 12     28  60
 3  69  38  54   4  11   0 0.00  0.0    0 13.8 28 170   M    M   1 8      35 170
 4  67  41  54   4  11   0 0.00  0.0    0  7.8 18 350   M    M   4 128    26 350
 5  79  47  63  13   2   0 0.00  0.0    0 17.9 33 180   M    M   0 18     42 180
 6  69  51  60   9   5   0 0.01  0.0    0 15.4 31 190   M    M   2        41 210
 7  76  49  63  12   2   0 0.00  0.0    0 13.4 33 350   M    M   0        43 340
 8  82  45  64  13   1   0 0.00  0.0    0  7.6 16 270   M    M   0        24 270
 9  86  48  67  15   0   2 0.00  0.0    0 15.3 28 190   M    M   0 8      37 200
10  89  36  63  11   2   0 0.00  0.0    0 18.7 39 350   M    M   2        51 360
11  44  24  34 -18  31   0    T  0.0    0 24.2 39 320   M    M   7        53 300
12  56  21  39 -14  26   0 0.00  0.0    0  7.3 16 310   M    M   1        22 320
13  54  29  42 -11  23   0 0.00  0.0    0 10.6 20  30   M    M   0        31  60
14  69  27  48  -5  17   0 0.00  0.0    0 11.2 22 210   M    M   1 8      32 200
15  82  38  60   6   5   0 0.00  0.0    0  9.9 17 150   M    M   0        24 170
16  84  50  67  13   0   2 0.00  0.0    0 14.7 30 160   M    M   0        40 160
17  79  50  65  11   0   0 0.00  0.0    0 15.9 26 360   M    M   1 18     35 350
18  67  40  54  -1  11   0    T  0.0    0 17.0 37 360   M    M   2        54  10
19  69  32  51  -4  14   0 0.00  0.0    0 10.9 20 320   M    M   0 8      29  10
20  87  44  66  11   0   1 0.00  0.0    0 16.4 26 170   M    M   0 8      36 160
21  90  53  72  16   0   7 0.00  0.0    0 14.6 28 170   M    M   0        39 310
22  70  50  60   4   5   0 0.00  0.0    0 14.1 28 350   M    M   2        39 360
23  60  48  54  -2  11   0    T    M    0 10.1 21  20   M    M   9        26  20
================================================================================
SM 1645  929       214  12  0.01     0.0 309.8          M       35
================================================================================
AV 71.5 40.4                              13.5 FASTST   M    M   2    MAX(MPH)
                                 MISC ---->  # 39 350               # 54   10
================================================================================
NOTES:
# LAST OF SEVERAL OCCURRENCES

COLUMN 17 PEAK WIND IN M.P.H.

PRELIMINARY LOCAL CLIMATOLOGICAL DATA (WS FORM: F-6) , PAGE 2

                                          STATION:  DODGE CITY KS
                                          MONTH:    APRIL
                                          YEAR:     2019
                                          LATITUDE:   37 46 N
                                          LONGITUDE:  99 58 W

[TEMPERATURE DATA]      [PRECIPITATION DATA]       SYMBOLS USED IN COLUMN 16

AVERAGE MONTHLY: 56.0   TOTAL FOR MONTH:   0.01    1 = FOG OR MIST
DPTR FM NORMAL:   3.3   DPTR FM NORMAL:   -1.32    2 = FOG REDUCING VISIBILITY
HIGHEST:    90 ON 21    GRTST 24HR  0.01 ON  6- 6      TO 1/4 MILE OR LESS
LOWEST:     21 ON 12                               3 = THUNDER
                        SNOW, ICE PELLETS, HAIL    4 = ICE PELLETS
                        TOTAL MONTH:   0.0 INCH    5 = HAIL
                        GRTST 24HR     0.0         6 = FREEZING RAIN OR DRIZZLE
                        GRTST DEPTH:   0           7 = DUSTSTORM OR SANDSTORM:
                                                       VSBY 1/2 MILE OR LESS
                                                   8 = SMOKE OR HAZE
[NO. OF DAYS WITH]      [WEATHER - DAYS WITH]      9 = BLOWING SNOW
                                                   X = TORNADO
MAX 32 OR BELOW:   0    0.01 INCH OR MORE:   1
MAX 90 OR ABOVE:   1    0.10 INCH OR MORE:   0
MIN 32 OR BELOW:   6    0.50 INCH OR MORE:   0
MIN  0 OR BELOW:   0    1.00 INCH OR MORE:   0

[HDD (BASE 65) ]
TOTAL THIS MO.   214    CLEAR  (SCALE 0-3)  20
DPTR FM NORMAL   -80    PTCLDY (SCALE 4-7)   2
TOTAL FM JUL 1  5068    CLOUDY (SCALE 8-10)  1
DPTR FM NORMAL   287

[CDD (BASE 65) ]
TOTAL THIS MO.    12
DPTR FM NORMAL     4    [PRESSURE DATA]
TOTAL FM JAN 1    12    HIGHEST SLP M ON M
DPTR FM NORMAL     3    LOWEST  SLP 29.07 ON 10

[REMARKS]
