372
CXUS53 KILX 222300
CF6DEC
PRELIMINARY LOCAL CLIMATOLOGICAL DATA (WS FORM: F-6)

                                          STATION:   DECATUR IL AIRPORT
                                          MONTH:     AUGUST
                                          YEAR:      2019
                                          LATITUDE:   39 49 N
                                          LONGITUDE:  88 51 W

  TEMPERATURE IN F:       :PCPN:    SNOW:  WIND      :SUNSHINE: SKY     :PK WND
================================================================================
1   2   3   4   5  6A  6B    7    8   9   10  11  12  13   14  15   16   17  18
                                     12Z  AVG MX 2MIN
DY MAX MIN AVG DEP HDD CDD  WTR  SNW DPTH SPD SPD DIR MIN PSBL S-S WX    SPD DR
================================================================================

 1  83  53  68  -7   0   3 0.00    M    M  5.9 13  30   M    M   2        18  40
 2  87  59  73  -1   0   8 0.00    M    M  6.7 14  80   M    M   1        19  60
 3  86  59  73  -1   0   8 0.00    M    M  4.8 12 120   M    M   0        17  40
 4  88  59  74   0   0   9 0.00    M    M  2.9 12  20   M    M   0        15  20
 5  89  65  77   3   0  12 0.00    M    M  4.6 14 250   M    M   1 8      21 210
 6  86  67  77   3   0  12 0.32    M    M  6.2 16 310   M    M   5 3      27 310
 7  86  64  75   1   0  10 0.00    M    M  4.8 14 270   M    M   1 18     20 240
 8  89  66  78   4   0  13 0.00    M    M  7.6 17 270   M    M   1        24 270
 9  83  60  72  -2   0   7 0.00    M    M  5.8 14  10   M    M   1        18  20
10  84  56  70  -4   0   5 0.00    M    M  2.9 10  90   M    M   0        14 100
11  83  60  72  -2   0   7 0.89    M    M  5.7 17 280   M    M   5 38     24 270
12  86  71  79   5   0  14 1.16    M    M  7.0 18 190   M    M   9 13     24 190
13  85  72  79   5   0  14 0.00    M    M  8.6 16 310   M    M   5        21 300
14  83  68  76   2   0  11 0.00    M    M  8.1 17 250   M    M   2        25 290
15  81  63  72  -2   0   7 0.00  0.0    0  5.5 13 340   M    M   3        16 360
16  82  65  74   0   0   9    T  0.0    0  8.6 18 230   M    M   2        23 230
17  80  67  74   0   0   9 1.36    M    M  5.8 31 300   M    M   3 13     45 300
18  86  73  80   6   0  15    T    M    M  8.5 17 230   M    M   1        26 220
19  88  68  78   4   0  13 0.00    M    M  4.0 15 170   M    M   2 1      22 170
20  81  67  74   1   0   9 0.55    M    M  7.0 36 320   M    M   2 13     55 330
21  85  65  75   2   0  10 1.32    M    M  4.3 17 330   M    M   4 13     24 300
================================================================================
SM 1781 1347         0 205  5.60     0.0 125.3          M       50
================================================================================
AV 84.8 64.1                               6.0 FASTST   M    M   2    MAX(MPH)
                                 MISC ---->  # 36 320               # 55  330
================================================================================
NOTES:
# LAST OF SEVERAL OCCURRENCES

COLUMN 17 PEAK WIND IN M.P.H.

PRELIMINARY LOCAL CLIMATOLOGICAL DATA (WS FORM: F-6) , PAGE 2

                                          STATION:  DECATUR IL AIRPORT
                                          MONTH:    AUGUST
                                          YEAR:     2019
                                          LATITUDE:   39 49 N
                                          LONGITUDE:  88 51 W

[TEMPERATURE DATA]      [PRECIPITATION DATA]       SYMBOLS USED IN COLUMN 16

AVERAGE MONTHLY: 74.5   TOTAL FOR MONTH:   5.60    1 = FOG OR MIST
DPTR FM NORMAL:   0.5   DPTR FM NORMAL:    3.36    2 = FOG REDUCING VISIBILITY
HIGHEST:    89 ON  8, 5 GRTST 24HR  1.36 ON 17-17      TO 1/4 MILE OR LESS
LOWEST:     53 ON  1                               3 = THUNDER
                        SNOW, ICE PELLETS, HAIL    4 = ICE PELLETS
                        TOTAL MONTH:   0.0 INCH    5 = HAIL
                        GRTST 24HR     0.0         6 = FREEZING RAIN OR DRIZZLE
                        GRTST DEPTH:   0           7 = DUSTSTORM OR SANDSTORM:
                                                       VSBY 1/2 MILE OR LESS
                                                   8 = SMOKE OR HAZE
[NO. OF DAYS WITH]      [WEATHER - DAYS WITH]      9 = BLOWING SNOW
                                                   X = TORNADO
MAX 32 OR BELOW:   0    0.01 INCH OR MORE:   6
MAX 90 OR ABOVE:   0    0.10 INCH OR MORE:   6
MIN 32 OR BELOW:   0    0.50 INCH OR MORE:   5
MIN  0 OR BELOW:   0    1.00 INCH OR MORE:   3

[HDD (BASE 65) ]
TOTAL THIS MO.     0    CLEAR  (SCALE 0-3)  16
DPTR FM NORMAL     0    PTCLDY (SCALE 4-7)   4
TOTAL FM JUL 1     0    CLOUDY (SCALE 8-10)  1
DPTR FM NORMAL    -1

[CDD (BASE 65) ]
TOTAL THIS MO.   205
DPTR FM NORMAL    13    [PRESSURE DATA]
TOTAL FM JAN 1   930    HIGHEST SLP M ON M
DPTR FM NORMAL    89    LOWEST  SLP 29.73 ON 12

[REMARKS]
