000
CXUS53 KILX 192300
CF6DEC
PRELIMINARY LOCAL CLIMATOLOGICAL DATA (WS FORM: F-6)

                                          STATION:   DECATUR IL AIRPORT
                                          MONTH:     APRIL
                                          YEAR:      2019
                                          LATITUDE:   39 49 N
                                          LONGITUDE:  88 51 W

  TEMPERATURE IN F:       :PCPN:    SNOW:  WIND      :SUNSHINE: SKY     :PK WND
================================================================================
1   2   3   4   5  6A  6B    7    8   9   10  11  12  13   14  15   16   17  18
                                     12Z  AVG MX 2MIN
DY MAX MIN AVG DEP HDD CDD  WTR  SNW DPTH SPD SPD DIR MIN PSBL S-S WX    SPD DR
================================================================================

 1  48  25  37 -11  28   0 0.00    M    M 10.0 18 160   M    M   1        28 180
 2  59  35  47  -1  18   0 0.00    M    M 11.7 23 210   M    M   4        31 220
 3  59  31  45  -3  20   0 0.00    M    M  6.1 15  90   M    M   5        20 160
 4  58  45  52   3  13   0 0.19    M    M 13.4 24  90   M    M   7 1      30  90
 5  58  45  52   3  13   0 0.08    M    0  3.7 12 100   M    M   9 12     15  90
 6  68  41  55   6  10   0 0.00  0.0    0  6.1 15 180   M    M   5 12     21 180
 7  75  52  64  14   1   0 0.77  0.0    0 11.7 25 320   M    M   7 13     36 270
 8  74  56  65  15   0   0 0.00  0.0    0  5.8 13 290   M    M   0 8      16 290
 9  71  50  61  11   4   0    T  0.0    0  9.1 17 340   M    M   0        25 320
10  66  43  55   4  10   0 0.03    M    0 17.5 29  90   M    M   3        36  90
11  77  47  62  11   3   0 0.24    M    0 18.5 30 180   M    M   2 1      43 170
12  57  39  48  -4  17   0 0.05    M    M 15.5 31 220   M    M   2        44 230
13  57  37  47  -5  18   0 0.13    M    M  8.1 22  40   M    M   1        31  20
14  42  35  39 -13  26   0 0.88    M    M 18.6 35  70   M    M  10 1      46  60
15  57  30  44  -9  21   0 0.00    M    M  9.7 20 160   M    M   2        24 160
16  76  49  63  10   2   0 0.00    M    M 15.0 24 210   M    M   0        35 220
17  79  58  69  16   0   4 0.00    M    M 17.7 33 190   M    M   0        44 190
18  65  44  55   1  10   0 0.78    M    M 12.9 23 300   M    M   9 13     34 300
================================================================================
SM 1146  762       214   4  3.15     0.0 211.1          M       67
================================================================================
AV 63.7 42.3                              11.7 FASTST   M    M   4    MAX(MPH)
                                 MISC ---->  # 35  70               # 46   60
================================================================================
NOTES:
# LAST OF SEVERAL OCCURRENCES

COLUMN 17 PEAK WIND IN M.P.H.

PRELIMINARY LOCAL CLIMATOLOGICAL DATA (WS FORM: F-6) , PAGE 2

                                          STATION:  DECATUR IL AIRPORT
                                          MONTH:    APRIL
                                          YEAR:     2019
                                          LATITUDE:   39 49 N
                                          LONGITUDE:  88 51 W

[TEMPERATURE DATA]      [PRECIPITATION DATA]       SYMBOLS USED IN COLUMN 16

AVERAGE MONTHLY: 53.0   TOTAL FOR MONTH:   3.15    1 = FOG OR MIST
DPTR FM NORMAL:   2.3   DPTR FM NORMAL:    1.18    2 = FOG REDUCING VISIBILITY
HIGHEST:    79 ON 17    GRTST 24HR  0.88 ON 14-14      TO 1/4 MILE OR LESS
LOWEST:     25 ON  1                               3 = THUNDER
                        SNOW, ICE PELLETS, HAIL    4 = ICE PELLETS
                        TOTAL MONTH:   0.0 INCH    5 = HAIL
                        GRTST 24HR     0.0         6 = FREEZING RAIN OR DRIZZLE
                        GRTST DEPTH:   0           7 = DUSTSTORM OR SANDSTORM:
                                                       VSBY 1/2 MILE OR LESS
                                                   8 = SMOKE OR HAZE
[NO. OF DAYS WITH]      [WEATHER - DAYS WITH]      9 = BLOWING SNOW
                                                   X = TORNADO
MAX 32 OR BELOW:   0    0.01 INCH OR MORE:   9
MAX 90 OR ABOVE:   0    0.10 INCH OR MORE:   6
MIN 32 OR BELOW:   3    0.50 INCH OR MORE:   3
MIN  0 OR BELOW:   0    1.00 INCH OR MORE:   0

[HDD (BASE 65) ]
TOTAL THIS MO.   214    CLEAR  (SCALE 0-3)   9
DPTR FM NORMAL   -52    PTCLDY (SCALE 4-7)   6
TOTAL FM JUL 1  5476    CLOUDY (SCALE 8-10)  3
DPTR FM NORMAL   226

[CDD (BASE 65) ]
TOTAL THIS MO.     4
DPTR FM NORMAL     4    [PRESSURE DATA]
TOTAL FM JAN 1     4    HIGHEST SLP M ON M
DPTR FM NORMAL     3    LOWEST  SLP 29.43 ON 11

[REMARKS]
