000
CXUS55 KBOU 171238
CF6DEN
PRELIMINARY LOCAL CLIMATOLOGICAL DATA (WS FORM: F-6)

                                          STATION:   DENVER CO
                                          MONTH:     FEBRUARY
                                          YEAR:      2019
                                          LATITUDE:   39 52 N
                                          LONGITUDE: 104 40 W

  TEMPERATURE IN F:       :PCPN:    SNOW:  WIND      :SUNSHINE: SKY     :PK WND
================================================================================
1   2   3   4   5  6A  6B    7    8   9   10  11  12  13   14  15   16   17  18
                                     12Z  AVG MX 2MIN
DY MAX MIN AVG DEP HDD CDD  WTR  SNW DPTH SPD SPD DIR MIN PSBL S-S WX    SPD DR
================================================================================

 1  54  28  41  10  24   0 0.00  0.0    0 10.0 15 150   M    M   1        19 230
 2  60  34  47  16  18   0 0.00  0.0    0  9.6 17 220   M    M   4        22 210
 3  65  37  51  20  14   0 0.00  0.0    0 12.2 31 300   M    M   4        42 310
 4  57  21  39   8  26   0 0.00  0.0    0 11.8 31 160   M    M   4        40 150
 5  49  18  34   3  31   0 0.00  0.0    0  5.7 17 100   M    M   5 12     20 100
 6  24  -3  11 -20  54   0 0.14  3.1    0 10.8 18  60   M    M   9 128    23  60
 7  15 -11   2 -29  63   0    T    T    2  7.8 18 180   M    M   4 1      22 180
 8  26  -7  10 -21  55   0 0.00  0.0    1  5.1 13 160   M    M   4 8      14 170
 9  48  11  30  -1  35   0    T    T    1 10.2 23 200   M    M   6 18     28 200
10  47  18  33   2  32   0    T    T    T  7.3 28 140   M    M   6 18     35 140
11  34  11  23  -9  42   0 0.00  0.0    T  8.4 22 260   M    M   5 12     30 260
12  49  22  36   4  29   0 0.00  0.0    0  8.1 20 200   M    M   5        23 200
13  60  26  43  11  22   0 0.00  0.0    0 10.6 32 230   M    M   7        40 240
14  58  28  43  11  22   0 0.00  0.0    0 10.4 35  60   M    M   7        42  70
15  57  22  40   8  25   0 0.00  0.0    0  8.7 20 300   M    M   4        24 300
16  40  16  28  -4  37   0 0.10  2.0    0  9.0 25  40   M    M   5 12     33  30
================================================================================
SM  743  271       529   0  0.24     5.1 145.7          M       80
================================================================================
AV 46.4 16.9                               9.1 FASTST   M    M   5    MAX(MPH)
                                 MISC ---->  # 35  60               # 42  310
================================================================================
NOTES:
# LAST OF SEVERAL OCCURRENCES

COLUMN 17 PEAK WIND IN M.P.H.

PRELIMINARY LOCAL CLIMATOLOGICAL DATA (WS FORM: F-6) , PAGE 2

                                          STATION:  DENVER CO
                                          MONTH:    FEBRUARY
                                          YEAR:     2019
                                          LATITUDE:   39 52 N
                                          LONGITUDE: 104 40 W

[TEMPERATURE DATA]      [PRECIPITATION DATA]       SYMBOLS USED IN COLUMN 16

AVERAGE MONTHLY: 31.7   TOTAL FOR MONTH:   0.24    1 = FOG OR MIST
DPTR FM NORMAL:   0.3   DPTR FM NORMAL:    0.04    2 = FOG REDUCING VISIBILITY
HIGHEST:    65 ON  3    GRTST 24HR  0.14 ON  6- 6      TO 1/4 MILE OR LESS
LOWEST:    -11 ON  7                               3 = THUNDER
                        SNOW, ICE PELLETS, HAIL    4 = ICE PELLETS
                        TOTAL MONTH:   5.1 INCHES  5 = HAIL
                        GRTST 24HR   3.1 ON  6- 6  6 = FREEZING RAIN OR DRIZZLE
                        GRTST DEPTH:   2 ON  7     7 = DUSTSTORM OR SANDSTORM:
                                                       VSBY 1/2 MILE OR LESS
                                                   8 = SMOKE OR HAZE
[NO. OF DAYS WITH]      [WEATHER - DAYS WITH]      9 = BLOWING SNOW
                                                   X = TORNADO
MAX 32 OR BELOW:   3    0.01 INCH OR MORE:   2
MAX 90 OR ABOVE:   0    0.10 INCH OR MORE:   2
MIN 32 OR BELOW:  14    0.50 INCH OR MORE:   0
MIN  0 OR BELOW:   3    1.00 INCH OR MORE:   0

[HDD (BASE 65) ]
TOTAL THIS MO.   529    CLEAR  (SCALE 0-3)   1
DPTR FM NORMAL    -9    PTCLDY (SCALE 4-7)  14
TOTAL FM JUL 1  3917    CLOUDY (SCALE 8-10)  1
DPTR FM NORMAL  -152

[CDD (BASE 65) ]
TOTAL THIS MO.     0
DPTR FM NORMAL     0    [PRESSURE DATA]
TOTAL FM JAN 1     0    HIGHEST SLP M ON M
DPTR FM NORMAL     0    LOWEST  SLP 29.24 ON  3

[REMARKS]
