000
CXUS55 KBOU 220854
CF6DEN
PRELIMINARY LOCAL CLIMATOLOGICAL DATA (WS FORM: F-6)

                                          STATION:   DENVER CO
                                          MONTH:     AUGUST
                                          YEAR:      2019
                                          LATITUDE:   39 52 N
                                          LONGITUDE: 104 40 W

  TEMPERATURE IN F:       :PCPN:    SNOW:  WIND      :SUNSHINE: SKY     :PK WND
================================================================================
1   2   3   4   5  6A  6B    7    8   9   10  11  12  13   14  15   16   17  18
                                     12Z  AVG MX 2MIN
DY MAX MIN AVG DEP HDD CDD  WTR  SNW DPTH SPD SPD DIR MIN PSBL S-S WX    SPD DR
================================================================================

 1  89  61  75   0   0  10 0.07  0.0    0  8.0 22 290   M    M   7 3      32  90
 2  89  61  75   0   0  10 0.00  0.0    0  8.3 18  40   M    M   6 128    27  30
 3  94  62  78   4   0  13 0.00  0.0    0  7.5 18 170   M    M   3        23 170
 4  95  68  82   8   0  17    T  0.0    0  9.1 23 250   M    M   6 3      32 250
 5  89  63  76   2   0  11 0.00  0.0    0  8.2 33  30   M    M   6        43  20
 6  97  61  79   5   0  14 0.00  0.0    0  9.2 23 170   M    M   4        31 170
 7  92  64  78   4   0  13 0.05  0.0    0  9.0 29 340   M    M   6 3      39 360
 8  84  63  74   0   0   9 0.46  0.0    0  7.9 30 140   M    M   7 13     38 140
 9  92  63  78   4   0  13    T  0.0    0  9.5 29 170   M    M   6 13     38 160
10  84  61  73  -1   0   8    T  0.0    0  8.9 23 330   M    M   7        28 330
11  86  64  75   1   0  10    T  0.0    0  7.3 24 310   M    M   7 3      32 300
12  89  56  73  -1   0   8 0.00  0.0    0  7.9 16 150   M    M   4        22 140
13  88  60  74   1   0   9    T  0.0    0 10.4 26  80   M    M   3 3      33  60
14  93  55  74   1   0   9    T  0.0    0 10.6 33 170   M    M   3        45 170
15  95  61  78   5   0  13 0.00  0.0    0 10.5 29  90   M    M   3        38 100
16  90  57  74   1   0   9 0.00  0.0    0  8.6 29 360   M    M   5 12     36 360
17  93  63  78   5   0  13 0.00  0.0    0 11.2 31 350   M    M   4        42 360
18  95  55  75   3   0  10 0.00  0.0    0  8.2 18 170   M    M   3 1      25 160
19  99  61  80   8   0  15 0.00  0.0    0  8.0 14 220   M    M   5        20  50
20  98  64  81   9   0  16    T  0.0    0  9.5 40  20   M    M   5 3      56  20
21  83  59  71  -1   0   6    T  0.0    0  9.3 26 170   M    M   7 3      35 180
================================================================================
SM 1914 1282         0 236  0.58     0.0 187.1          M      107
================================================================================
AV 91.1 61.1                               8.9 FASTST   M    M   5    MAX(MPH)
                                 MISC ---->  # 40  20               # 56   20
================================================================================
NOTES:
# LAST OF SEVERAL OCCURRENCES

COLUMN 17 PEAK WIND IN M.P.H.

PRELIMINARY LOCAL CLIMATOLOGICAL DATA (WS FORM: F-6) , PAGE 2

                                          STATION:  DENVER CO
                                          MONTH:    AUGUST
                                          YEAR:     2019
                                          LATITUDE:   39 52 N
                                          LONGITUDE: 104 40 W

[TEMPERATURE DATA]      [PRECIPITATION DATA]       SYMBOLS USED IN COLUMN 16

AVERAGE MONTHLY: 76.1   TOTAL FOR MONTH:   0.58    1 = FOG OR MIST
DPTR FM NORMAL:   2.6   DPTR FM NORMAL:   -0.71    2 = FOG REDUCING VISIBILITY
HIGHEST:    99 ON 19    GRTST 24HR  0.46 ON  8- 8      TO 1/4 MILE OR LESS
LOWEST:     55 ON 18,14                            3 = THUNDER
                        SNOW, ICE PELLETS, HAIL    4 = ICE PELLETS
                        TOTAL MONTH:   0.0 INCH    5 = HAIL
                        GRTST 24HR     0.0         6 = FREEZING RAIN OR DRIZZLE
                        GRTST DEPTH:   0           7 = DUSTSTORM OR SANDSTORM:
                                                       VSBY 1/2 MILE OR LESS
                                                   8 = SMOKE OR HAZE
[NO. OF DAYS WITH]      [WEATHER - DAYS WITH]      9 = BLOWING SNOW
                                                   X = TORNADO
MAX 32 OR BELOW:   0    0.01 INCH OR MORE:   3
MAX 90 OR ABOVE:  12    0.10 INCH OR MORE:   1
MIN 32 OR BELOW:   0    0.50 INCH OR MORE:   0
MIN  0 OR BELOW:   0    1.00 INCH OR MORE:   0

[HDD (BASE 65) ]
TOTAL THIS MO.     0    CLEAR  (SCALE 0-3)   3
DPTR FM NORMAL     0    PTCLDY (SCALE 4-7)  18
TOTAL FM JUL 1     0    CLOUDY (SCALE 8-10)  0
DPTR FM NORMAL    -6

[CDD (BASE 65) ]
TOTAL THIS MO.   236
DPTR FM NORMAL    53    [PRESSURE DATA]
TOTAL FM JAN 1   667    HIGHEST SLP M ON M
DPTR FM NORMAL    40    LOWEST  SLP 29.59 ON 17

[REMARKS]
