000
CXUS54 KSHV 201500
CF6DEQ
PRELIMINARY LOCAL CLIMATOLOGICAL DATA (WS FORM: F-6)

                                          STATION:   DE QUEEN
                                          MONTH:     SEPTEMBER
                                          YEAR:      2019
                                          LATITUDE:   34  2 N
                                          LONGITUDE:  94 24 W

  TEMPERATURE IN F:       :PCPN:    SNOW:  WIND      :SUNSHINE: SKY     :PK WND
================================================================================
1   2   3   4   5  6A  6B    7    8   9   10  11  12  13   14  15   16   17  18
                                     12Z  AVG MX 2MIN
DY MAX MIN AVG DEP HDD CDD  WTR  SNW DPTH SPD SPD DIR MIN PSBL S-S WX    SPD DR
================================================================================

 1  95  69  82   3   0  17 0.00  0.0    0  2.1  7 130   M    M   0 1       9  90
 2  95  70  83   4   0  18 0.00  0.0    0  2.1  9 100   M    M   0 1      13 150
 3  96  69  83   4   0  18 0.00  0.0    0  1.6  8 140   M    M   1 12     12 170
 4  98  68  83   5   0  18 0.00  0.0    0  1.2  7  80   M    M   0 1      10  50
 5  99  68  84   6   0  19 0.00  0.0    0  1.8 12 270   M    M   0 1      16 260
 6  99  67  83   5   0  18 0.00  0.0    0  2.2 13 240   M    M   0 12     15 230
 7  99  66  83   6   0  18 0.00  0.0    0  1.9 10 240   M    M   0 12     14 250
 8 102  67  85   8   0  20 0.00  0.0    0  1.7 10 150   M    M   0 1      18 230
 9  96  67  82   6   0  17 0.00  0.0    0  4.0 17 190   M    M   1 1      22 180
10  94  70  82   6   0  17 0.00  0.0    0  3.0 13 120   M    M   3 1      18 110
11  94  69  82   6   0  17 0.03  0.0    0  3.0 10 200   M    M   2 128    16 170
12  96  69  83   8   0  18 0.00  0.0    0  3.2 13 190   M    M   1 18     17 180
13  98  64  81   6   0  16 0.00  0.0    0  1.6 10 200   M    M   1 18     14 230
14  96  67  82   8   0  17 0.00  0.0    0  3.6 12 110   M    M   0 1      17 110
15  98  68  83   9   0  18 0.00  0.0    0  2.5 13 120   M    M   0 18     16 170
16  98  68  83   9   0  18 0.00  0.0    0  2.7 14 110   M    M   0 18     26 110
17  98  68  83  10   0  18 0.00  0.0    0  3.3 14 140   M    M   1 18     21 130
18  96  69  83  10   0  18    T  0.0    0  4.6 18 120   M    M   1 1      23 120
19  94  71  83  11   0  18 0.00  0.0    0  7.6 20 160   M    M   2        28 120
================================================================================
SM 1841 1294         0 338  0.03     0.0  53.7          M       13
================================================================================
AV 96.9 68.1                               2.8 FASTST   M    M   1    MAX(MPH)
                                 MISC ---->  # 20 160               # 28  120
================================================================================
NOTES:
# LAST OF SEVERAL OCCURRENCES

COLUMN 17 PEAK WIND IN M.P.H.

PRELIMINARY LOCAL CLIMATOLOGICAL DATA (WS FORM: F-6) , PAGE 2

                                          STATION:  DE QUEEN
                                          MONTH:    SEPTEMBER
                                          YEAR:     2019
                                          LATITUDE:   34  2 N
                                          LONGITUDE:  94 24 W

[TEMPERATURE DATA]      [PRECIPITATION DATA]       SYMBOLS USED IN COLUMN 16

AVERAGE MONTHLY: 82.5   TOTAL FOR MONTH:   0.03    1 = FOG OR MIST
DPTR FM NORMAL:   6.6   DPTR FM NORMAL:   -2.27    2 = FOG REDUCING VISIBILITY
HIGHEST:   102 ON  8    GRTST 24HR  0.03 ON 11-11      TO 1/4 MILE OR LESS
LOWEST:     64 ON 13                               3 = THUNDER
                        SNOW, ICE PELLETS, HAIL    4 = ICE PELLETS
                        TOTAL MONTH:   0.0 INCH    5 = HAIL
                        GRTST 24HR     0.0         6 = FREEZING RAIN OR DRIZZLE
                        GRTST DEPTH:   0           7 = DUSTSTORM OR SANDSTORM:
                                                       VSBY 1/2 MILE OR LESS
                                                   8 = SMOKE OR HAZE
[NO. OF DAYS WITH]      [WEATHER - DAYS WITH]      9 = BLOWING SNOW
                                                   X = TORNADO
MAX 32 OR BELOW:   0    0.01 INCH OR MORE:   1
MAX 90 OR ABOVE:  19    0.10 INCH OR MORE:   0
MIN 32 OR BELOW:   0    0.50 INCH OR MORE:   0
MIN  0 OR BELOW:   0    1.00 INCH OR MORE:   0

[HDD (BASE 65) ]
TOTAL THIS MO.     0    CLEAR  (SCALE 0-3)  19
DPTR FM NORMAL     0    PTCLDY (SCALE 4-7)   0
TOTAL FM JUL 1     0    CLOUDY (SCALE 8-10)  0
DPTR FM NORMAL     0

[CDD (BASE 65) ]
TOTAL THIS MO.   338
DPTR FM NORMAL   127    [PRESSURE DATA]
TOTAL FM JAN 1  2056    HIGHEST SLP M ON M
DPTR FM NORMAL   253    LOWEST  SLP 29.88 ON 18

[REMARKS]
