000
CXUS53 KIWX 250800
CF6DFI
PRELIMINARY LOCAL CLIMATOLOGICAL DATA (WS FORM: F-6)

                                          STATION:   DEFIANCE MEMORIAL
                                          MONTH:     APRIL
                                          YEAR:      2019
                                          LATITUDE:   41 20 N
                                          LONGITUDE:  84 26 W

  TEMPERATURE IN F:       :PCPN:    SNOW:  WIND      :SUNSHINE: SKY     :PK WND
================================================================================
1   2   3   4   5  6A  6B    7    8   9   10  11  12  13   14  15   16   17  18
                                     12Z  AVG MX 2MIN
DY MAX MIN AVG DEP HDD CDD  WTR  SNW DPTH SPD SPD DIR MIN PSBL S-S WX    SPD DR
================================================================================

 1  42  20  31 -13  34   0 0.00  0.0    0  6.1 17 200   M    M   0        23 230
 2  55  32  44   0  21   0 0.00  0.0    0  9.3 21 210   M    M   5        31 200
 3  57  36  47   3  18   0 0.00  0.0    0  8.6 20 300   M    M   1        30 300
 4  50  37  44  -1  21   0 0.06  0.0    0 10.0 20  60   M    M   9 1      29  80
 5  63  35  49   4  16   0 0.00  0.0    0  3.8 13  60   M    M   7        20  60
 6  69  41  55   9  10   0 0.00  0.0    0  3.2 12 210   M    M   4 1      16 210
 7  70  42  56  10   9   0 0.39  0.0    0  7.2 17 190   M    M   4 1      28 280
 8  72  55  64  18   1   0 0.00  0.0    0  6.9 15 220   M    M   2        26 220
 9  64  41  53   6  12   0 0.00  0.0    0 10.7 23 310   M    M   0        33 320
10  51  36  44  -3  21   0    T  0.0    0 10.4 20  70   M    M   4        28  80
11  50  38  44  -3  21   0 0.00  0.0    0 16.1 25  90   M    M   2        36  80
12  69  44  57   9   8   0 0.25    M    0 13.2 28 230   M    M   5 1      44 240
13  58  40  49   1  16   0 0.00  0.0    0  7.7 16 250   M    M   1        28 250
14  44  33  39 -10  26   0 0.35    M    0 13.4 24  70   M    M  10 1      36  60
15  54  33  44  -5  21   0    T    M    M 10.2 20 300   M    M   5 1      33 300
16  72  44  58   9   7   0    T    M    0  8.0 18  30   M    M   7        27 200
17  66  47  57   7   8   0    T  0.0    0  9.7 16  90   M    M   7 3      21  60
18  68  44  56   6   9   0 0.20  0.0    0 13.5 28 230   M    M   6        45 220
19  47  41  44  -6  21   0 0.27  0.0    0 14.0 24  10   M    M  10 1      36  20
20  42  40  41 -10  24   0 1.12  0.0    0 10.2 26  20   M    M  10 1      38  30
21  64  38  51   0  14   0 0.00  0.0    0  3.2  9 190   M    M   4 12     15 170
22  74  47  61   9   4   0    T  0.0    0  8.5 21 180   M    M   0        30 170
23  68  44  56   4   9   0    T  0.0    0 11.6 23 300   M    M   5        33 310
24  61  36  49  -3  16   0 0.00  0.0    0  3.1  9 110   M    M   1        13 120
================================================================================
SM 1430  944       367   0  2.64     0.0 218.6          M      109
================================================================================
AV 59.6 39.3                               9.1 FASTST   M    M   5    MAX(MPH)
                                 MISC ---->  # 28 230               # 45  220
================================================================================
NOTES:
# LAST OF SEVERAL OCCURRENCES

COLUMN 17 PEAK WIND IN M.P.H.

PRELIMINARY LOCAL CLIMATOLOGICAL DATA (WS FORM: F-6) , PAGE 2

                                          STATION:  DEFIANCE MEMORIAL
                                          MONTH:    APRIL
                                          YEAR:     2019
                                          LATITUDE:   41 20 N
                                          LONGITUDE:  84 26 W

[TEMPERATURE DATA]      [PRECIPITATION DATA]       SYMBOLS USED IN COLUMN 16

AVERAGE MONTHLY: 49.5   TOTAL FOR MONTH:   2.64    1 = FOG OR MIST
DPTR FM NORMAL:   1.5   DPTR FM NORMAL:    0.36    2 = FOG REDUCING VISIBILITY
HIGHEST:    74 ON 22    GRTST 24HR  1.12 ON 20-20      TO 1/4 MILE OR LESS
LOWEST:     20 ON  1                               3 = THUNDER
                        SNOW, ICE PELLETS, HAIL    4 = ICE PELLETS
                        TOTAL MONTH:   0.0 INCH    5 = HAIL
                        GRTST 24HR     0.0         6 = FREEZING RAIN OR DRIZZLE
                        GRTST DEPTH:   0           7 = DUSTSTORM OR SANDSTORM:
                                                       VSBY 1/2 MILE OR LESS
                                                   8 = SMOKE OR HAZE
[NO. OF DAYS WITH]      [WEATHER - DAYS WITH]      9 = BLOWING SNOW
                                                   X = TORNADO
MAX 32 OR BELOW:   0    0.01 INCH OR MORE:   7
MAX 90 OR ABOVE:   0    0.10 INCH OR MORE:   6
MIN 32 OR BELOW:   2    0.50 INCH OR MORE:   1
MIN  0 OR BELOW:   0    1.00 INCH OR MORE:   1

[HDD (BASE 65) ]
TOTAL THIS MO.   367    CLEAR  (SCALE 0-3)   8
DPTR FM NORMAL   -44    PTCLDY (SCALE 4-7)  12
TOTAL FM JUL 1  5921    CLOUDY (SCALE 8-10)  4
DPTR FM NORMAL    11

[CDD (BASE 65) ]
TOTAL THIS MO.     0
DPTR FM NORMAL     0    [PRESSURE DATA]
TOTAL FM JAN 1     0    HIGHEST SLP M ON M
DPTR FM NORMAL     0    LOWEST  SLP 29.48 ON 14

[REMARKS]
