000
CXUS53 KIWX 190800
CF6DFI
PRELIMINARY LOCAL CLIMATOLOGICAL DATA (WS FORM: F-6)

                                          STATION:   DEFIANCE MEMORIAL
                                          MONTH:     FEBRUARY
                                          YEAR:      2019
                                          LATITUDE:   41 20 N
                                          LONGITUDE:  84 26 W

  TEMPERATURE IN F:       :PCPN:    SNOW:  WIND      :SUNSHINE: SKY     :PK WND
================================================================================
1   2   3   4   5  6A  6B    7    8   9   10  11  12  13   14  15   16   17  18
                                     12Z  AVG MX 2MIN
DY MAX MIN AVG DEP HDD CDD  WTR  SNW DPTH SPD SPD DIR MIN PSBL S-S WX    SPD DR
================================================================================

 1  15   2   9 -16  56   0 0.02    M    M  4.7  9  60   M    M   5        13  70
 2  40   3  22  -3  43   0 0.00  0.0    M  8.0 16 210   M    M   5 18     23 230
 3  53  34  44  18  21   0 0.00  0.0    M  6.9 18 210   M    M   4 18     24 230
 4  51  33  42  16  23   0 0.10    M    M  8.2 15 200   M    M   6 128    24 190
 5  48  34  41  15  24   0 0.00  0.0    M  5.7 13 310   M    M  10 1       M  M
 6  40  32  36  10  29   0 0.49    M    M  4.7 21 310   M    M  10 12     26 320
 7  58  29  44  18  21   0 0.12    M    0 11.1 26 250   M    M  10 12     48 250
 8  29  14  22  -4  43   0    T    M    M 14.4 23 240   M    M  10        45 280
 9  26  14  20  -6  45   0 0.00  0.0    M  4.3 15 320   M    M   4        19 320
10  28  15  22  -5  43   0 0.09    M    0  7.4 14 120   M    M   6 12     20 120
11  30  25  28   1  37   0 0.02    M    M  9.4 21  70   M    M  10 16     29  80
12  36  27  32   5  33   0    M    M    M 12.1 23 250   M    M  10 126    43 240
13  28  20  24  -3  41   0    T    M    M 13.6 23 230   M    M   5 18     44 250
14  44  25  35   7  30   0    T    M    M  8.2 15 180   M    M   3        21 190
15  43  20  32   4  33   0    T    M    M 10.9 17 280   M    M   7 8      34 260
16  26  19  23  -5  42   0 0.00  0.0    M  6.9 14  80   M    M   9        21  80
17  28  24  26  -2  39   0 0.01    M    M 11.2 18 100   M    M  10 16     27  80
18  30  19  25  -4  40   0    T    M    M  6.2 13 320   M    M   9 1      18 330
================================================================================
SM  653  389       643   0  0.85     0.0 153.9          M      133
================================================================================
AV 36.3 21.6                               8.5 FASTST   M    M   7    MAX(MPH)
                                 MISC ---->  # 26 250               # 48  250
================================================================================
NOTES:
# LAST OF SEVERAL OCCURRENCES

COLUMN 17 PEAK WIND IN M.P.H.

PRELIMINARY LOCAL CLIMATOLOGICAL DATA (WS FORM: F-6) , PAGE 2

                                          STATION:  DEFIANCE MEMORIAL
                                          MONTH:    FEBRUARY
                                          YEAR:     2019
                                          LATITUDE:   41 20 N
                                          LONGITUDE:  84 26 W

[TEMPERATURE DATA]      [PRECIPITATION DATA]       SYMBOLS USED IN COLUMN 16

AVERAGE MONTHLY: 28.9   TOTAL FOR MONTH:   0.85    1 = FOG OR MIST
DPTR FM NORMAL:   2.2   DPTR FM NORMAL:   -0.28    2 = FOG REDUCING VISIBILITY
HIGHEST:    58 ON  7    GRTST 24HR  0.49 ON  6- 6      TO 1/4 MILE OR LESS
LOWEST:      2 ON  1                               3 = THUNDER
                        SNOW, ICE PELLETS, HAIL    4 = ICE PELLETS
                        TOTAL MONTH:   0.0 INCH    5 = HAIL
                        GRTST 24HR     0.0         6 = FREEZING RAIN OR DRIZZLE
                        GRTST DEPTH:   0           7 = DUSTSTORM OR SANDSTORM:
                                                       VSBY 1/2 MILE OR LESS
                                                   8 = SMOKE OR HAZE
[NO. OF DAYS WITH]      [WEATHER - DAYS WITH]      9 = BLOWING SNOW
                                                   X = TORNADO
MAX 32 OR BELOW:   9    0.01 INCH OR MORE:   7
MAX 90 OR ABOVE:   0    0.10 INCH OR MORE:   3
MIN 32 OR BELOW:  15    0.50 INCH OR MORE:   0
MIN  0 OR BELOW:   0    1.00 INCH OR MORE:   0

[HDD (BASE 65) ]
TOTAL THIS MO.   643    CLEAR  (SCALE 0-3)   1
DPTR FM NORMAL   -47    PTCLDY (SCALE 4-7)   8
TOTAL FM JUL 1  4266    CLOUDY (SCALE 8-10)  9
DPTR FM NORMAL   -38

[CDD (BASE 65) ]
TOTAL THIS MO.     0
DPTR FM NORMAL     0    [PRESSURE DATA]
TOTAL FM JAN 1     0    HIGHEST SLP M ON M
DPTR FM NORMAL     0    LOWEST  SLP 29.48 ON M

[REMARKS]
