000
CXUS55 KCYS 221000
CF6DGW
PRELIMINARY LOCAL CLIMATOLOGICAL DATA (WS FORM: F-6)

                                          STATION:   CONVERSE CO (DOUGLAS) WY ARPT
                                          MONTH:     AUGUST
                                          YEAR:      2019
                                          LATITUDE:   42 46 N
                                          LONGITUDE: 105 22 W

  TEMPERATURE IN F:       :PCPN:    SNOW:  WIND      :SUNSHINE: SKY     :PK WND
================================================================================
1   2   3   4   5  6A  6B    7    8   9   10  11  12  13   14  15   16   17  18
                                     12Z  AVG MX 2MIN
DY MAX MIN AVG DEP HDD CDD  WTR  SNW DPTH SPD SPD DIR MIN PSBL S-S WX    SPD DR
================================================================================

 1  80  61  71  -1   0   6 0.01    M    M  5.5 14 120   M    M   7        18 160
 2  91  56  74   2   0   9 0.00    M    M  8.3 17 130   M    M   1        22  30
 3  94  55  75   3   0  10 0.00    M    M  8.4 20 150   M    M   0 3      26 140
 4  96  55  76   4   0  11 0.18    M    M  9.1 48  50   M    M   2 13     64  60
 5  90  58  74   2   0   9    T    M    M  8.0 25 300   M    M   1        30 300
 6  97  53  75   3   0  10 0.02    M    M  8.1 37 300   M    M   1 3      44 300
 7  92  55  74   2   0   9 0.18    M    M  5.4 33 340   M    M   1 3      43 330
 8  89  58  74   2   0   9    T    M    M  7.7 22 140   M    M   2 3      26 130
 9  92  57  75   3   0  10 0.00    M    M  9.0 31 290   M    M   2 1      39 290
10  92  56  74   3   0   9    T    M    M  6.6 23 320   M    M   2        27 320
11  83  58  71   0   0   6 0.11    M    M  9.2 26 310   M    M   2 13     33 300
12  88  57  73   2   0   8 0.00    M    M 10.2 24 300   M    M   2        29 300
13  82  51  67  -4   0   2 0.00    M    M  7.1 15 110   M    M   1        19 160
14  89  54  72   1   0   7 0.00    M    M 10.4 23 140   M    M   0        30 140
15  88  58  73   2   0   8 0.06    M    M 11.8 29 330   M    M   3 3      42 330
16  86  55  71   1   0   6 0.00    M    M  8.0 16 270   M    M   1        20 280
17  91  51  71   1   0   6 0.00    M    M 10.2 31 290   M    M   2        43 260
18  93  53  73   3   0   8 0.00    M    M 10.2 23 300   M    M   4        32 280
19  99  48  74   4   0   9 0.00    M    M  7.8 22 260   M    M   0        28 260
20  93  49  71   2   0   6    T    M    M  9.8 31  80   M    M   1 3      39  80
21  84  54  69   0   0   4 0.00    M    M 11.9 26 130   M    M   0        34 140
================================================================================
SM 1889 1152         0 162  0.56    M    182.7          M       35
================================================================================
AV 90.0 54.9                               8.7 FASTST   M    M   2    MAX(MPH)
                                 MISC ---->  # 48  50               # 64   60
================================================================================
NOTES:
# LAST OF SEVERAL OCCURRENCES

COLUMN 17 PEAK WIND IN M.P.H.

PRELIMINARY LOCAL CLIMATOLOGICAL DATA (WS FORM: F-6) , PAGE 2

                                          STATION:  CONVERSE CO (DOUGLAS) WY ARPT
                                          MONTH:    AUGUST
                                          YEAR:     2019
                                          LATITUDE:   42 46 N
                                          LONGITUDE: 105 22 W

[TEMPERATURE DATA]      [PRECIPITATION DATA]       SYMBOLS USED IN COLUMN 16

AVERAGE MONTHLY: 72.4   TOTAL FOR MONTH:   0.56    1 = FOG OR MIST
DPTR FM NORMAL:   1.4   DPTR FM NORMAL:   -0.21    2 = FOG REDUCING VISIBILITY
HIGHEST:    99 ON 19    GRTST 24HR  0.18 ON  7- 7      TO 1/4 MILE OR LESS
LOWEST:     48 ON 19                               3 = THUNDER
                        SNOW, ICE PELLETS, HAIL    4 = ICE PELLETS
                        TOTAL MONTH:    M          5 = HAIL
                        GRTST 24HR    M  ON   M    6 = FREEZING RAIN OR DRIZZLE
                        GRTST DEPTH:  M  ON   M    7 = DUSTSTORM OR SANDSTORM:
                                                       VSBY 1/2 MILE OR LESS
                                                   8 = SMOKE OR HAZE
[NO. OF DAYS WITH]      [WEATHER - DAYS WITH]      9 = BLOWING SNOW
                                                   X = TORNADO
MAX 32 OR BELOW:   0    0.01 INCH OR MORE:   6
MAX 90 OR ABOVE:  12    0.10 INCH OR MORE:   3
MIN 32 OR BELOW:   0    0.50 INCH OR MORE:   0
MIN  0 OR BELOW:   0    1.00 INCH OR MORE:   0

[HDD (BASE 65) ]
TOTAL THIS MO.     0    CLEAR  (SCALE 0-3)  19
DPTR FM NORMAL   -12    PTCLDY (SCALE 4-7)   2
TOTAL FM JUL 1    10    CLOUDY (SCALE 8-10)  0
DPTR FM NORMAL   -17

[CDD (BASE 65) ]
TOTAL THIS MO.   162
DPTR FM NORMAL    25    [PRESSURE DATA]
TOTAL FM JAN 1   410    HIGHEST SLP M ON M
DPTR FM NORMAL    -9    LOWEST  SLP 29.63 ON 17

[REMARKS]
