000
CXUS55 KCYS 201000
CF6DGW
PRELIMINARY LOCAL CLIMATOLOGICAL DATA (WS FORM: F-6)

                                          STATION:   CONVERSE CO (DOUGLAS) WY ARPT
                                          MONTH:     APRIL
                                          YEAR:      2019
                                          LATITUDE:   42 46 N
                                          LONGITUDE: 105 22 W

  TEMPERATURE IN F:       :PCPN:    SNOW:  WIND      :SUNSHINE: SKY     :PK WND
================================================================================
1   2   3   4   5  6A  6B    7    8   9   10  11  12  13   14  15   16   17  18
                                     12Z  AVG MX 2MIN
DY MAX MIN AVG DEP HDD CDD  WTR  SNW DPTH SPD SPD DIR MIN PSBL S-S WX    SPD DR
================================================================================

 1  49  24  37  -3  28   0 0.05    M    M  8.8 26 320   M    M   6 1      33 320
 2  51  23  37  -3  28   0 0.01    M    M  4.7 15 150   M    M   9 12     21 290
 3  53  38  46   6  19   0 0.03    M    M  9.3 17 140   M    M   9 18     22 130
 4  65  30  48   7  17   0 0.00    M    M  9.3 26 260   M    M   3 12     32 280
 5  69  34  52  11  13   0 0.00    M    M  4.9 18 260   M    M   3        24 250
 6  68  32  50   9  15   0 0.00    M    M 14.3 32 270   M    M   1        41 280
 7  66  31  49   7  16   0 0.00    M    M 18.3 35 260   M    M   0        42 260
 8  68  36  52  10  13   0 0.00    M    M  9.0 24 270   M    M   3        32 280
 9  74  34  54  12  11   0 0.01    M    M 11.9 29  70   M    M   3        37  70
10  37  20  29 -13  36   0 0.07    M    M 14.2 25 360   M    M  10 16     30 350
11  28  20  24 -18  41   0    T    M    M 16.9 29 320   M    M   9 1      37 330
12  38  21  30 -13  35   0    T    M    M 11.6 21 340   M    M   7        27 330
13  49  17  33 -10  32   0 0.00    M    M  6.5 15 180   M    M   2 8      18 200
14  62  28  45   2  20   0 0.01    M    M 15.6 39 280   M    M   2        48 250
15  63  43  53  10  12   0    T    M    M  8.4 23 270   M    M   7        30 250
16  64  45  55  11  10   0 0.02    M    M 12.4 31 150   M    M   8 8      37 150
17  59  35  47   3  18   0 0.07    M    M 12.5 28  10   M    M   8 1      39 360
18  60  34  47   3  18   0 0.01    M    M 13.3 29 320   M    M   4        41 300
19  75  27  51   7  14   0 0.00    M    M  8.0 22 300   M    M   0        28 290
================================================================================
SM 1098  572       396   0  0.28    M    209.9          M       94
================================================================================
AV 57.8 30.1                              11.0 FASTST   M    M   5    MAX(MPH)
                                 MISC ---->  # 39 280               # 48  250
================================================================================
NOTES:
# LAST OF SEVERAL OCCURRENCES

COLUMN 17 PEAK WIND IN M.P.H.

PRELIMINARY LOCAL CLIMATOLOGICAL DATA (WS FORM: F-6) , PAGE 2

                                          STATION:  CONVERSE CO (DOUGLAS) WY ARPT
                                          MONTH:    APRIL
                                          YEAR:     2019
                                          LATITUDE:   42 46 N
                                          LONGITUDE: 105 22 W

[TEMPERATURE DATA]      [PRECIPITATION DATA]       SYMBOLS USED IN COLUMN 16

AVERAGE MONTHLY: 44.0   TOTAL FOR MONTH:   0.28    1 = FOG OR MIST
DPTR FM NORMAL:   1.8   DPTR FM NORMAL:   -0.55    2 = FOG REDUCING VISIBILITY
HIGHEST:    75 ON 19    GRTST 24HR  0.07 ON 17-17      TO 1/4 MILE OR LESS
LOWEST:     17 ON 13                               3 = THUNDER
                        SNOW, ICE PELLETS, HAIL    4 = ICE PELLETS
                        TOTAL MONTH:    M          5 = HAIL
                        GRTST 24HR    M  ON   M    6 = FREEZING RAIN OR DRIZZLE
                        GRTST DEPTH:  M  ON   M    7 = DUSTSTORM OR SANDSTORM:
                                                       VSBY 1/2 MILE OR LESS
                                                   8 = SMOKE OR HAZE
[NO. OF DAYS WITH]      [WEATHER - DAYS WITH]      9 = BLOWING SNOW
                                                   X = TORNADO
MAX 32 OR BELOW:   1    0.01 INCH OR MORE:   9
MAX 90 OR ABOVE:   0    0.10 INCH OR MORE:   0
MIN 32 OR BELOW:  11    0.50 INCH OR MORE:   0
MIN  0 OR BELOW:   0    1.00 INCH OR MORE:   0

[HDD (BASE 65) ]
TOTAL THIS MO.   396    CLEAR  (SCALE 0-3)   8
DPTR FM NORMAL   -37    PTCLDY (SCALE 4-7)   7
TOTAL FM JUL 1  6815    CLOUDY (SCALE 8-10)  4
DPTR FM NORMAL    64

[CDD (BASE 65) ]
TOTAL THIS MO.     0
DPTR FM NORMAL     0    [PRESSURE DATA]
TOTAL FM JAN 1     0    HIGHEST SLP M ON M
DPTR FM NORMAL     0    LOWEST  SLP 29.37 ON  9

[REMARKS]
