000
CXUS54 KAMA 231015
CF6DHT
PRELIMINARY LOCAL CLIMATOLOGICAL DATA (WS FORM: F-6)

                                          STATION:   DALHART
                                          MONTH:     AUGUST
                                          YEAR:      2019
                                          LATITUDE:   36  1 N
                                          LONGITUDE: 102 33 W

  TEMPERATURE IN F:       :PCPN:    SNOW:  WIND      :SUNSHINE: SKY     :PK WND
================================================================================
1   2   3   4   5  6A  6B    7    8   9   10  11  12  13   14  15   16   17  18
                                     12Z  AVG MX 2MIN
DY MAX MIN AVG DEP HDD CDD  WTR  SNW DPTH SPD SPD DIR MIN PSBL S-S WX    SPD DR
================================================================================

 1 103  61  82   6   0  17 0.00  0.0    0 10.9 20 160   M    M   0        28 150
 2  96  67  82   6   0  17 0.00  0.0    0  7.8 15 320   M    M   1 8      17  99
 3  92  68  80   4   0  15 0.00  0.0    0 10.4 18  60   M    M   1 8      23  50
 4  95  67  81   5   0  16 0.00  0.0    0  7.1 14 150   M    M   1 8      18 160
 5  99  65  82   6   0  17 0.00  0.0    0  9.4 21 190   M    M   2 3      25 190
 6  97  63  80   4   0  15 0.00  0.0    0  6.9 20  20   M    M   0 8      24  20
 7 103  63  83   7   0  18 0.02  0.0    0 11.3 31 340   M    M   1 38     45 330
 8  94  67  81   5   0  16    T  0.0    0 10.7 21  60   M    M   1 3      25  60
 9  96  67  82   6   0  17 0.40  0.0    0  9.3 28 150   M    M   3 138    33 150
10  97  66  82   6   0  17 0.06  0.0    0  9.6 17 200   M    M   1 13     23 150
11 101  69  85   9   0  20 0.00  0.0    0  8.6 26 140   M    M   1 3      32 150
12  94  69  82   6   0  17    T  0.0    0  7.9 22  10   M    M   1        24  10
13  93  62  78   2   0  13    T  0.0    0  8.7 26  50   M    M   0 1      33  60
14  90  62  76   0   0  11 0.35  0.0    0 10.3 26 150   M    M   4 13     32  90
15  97  61  79   3   0  14 0.00  0.0    0 12.5 25 240   M    M   1        31 240
16 102  60  81   5   0  16 0.00  0.0    0  9.0 20 220   M    M   0        26 210
17 104  66  85  10   0  20 0.00  0.0    0  9.4 22 170   M    M   0        31 260
18  97  59  78   3   0  13 0.00  0.0    0  8.8 16 350   M    M   0        20 360
19 104  67  86  11   0  21 0.00  0.0    0 12.6 41 140   M    M   0 3      49 140
20 102  63  83   8   0  18 0.00  0.0    0 13.0 25 180   M    M   0 8      31 190
21  99  65  82   7   0  17 0.21  0.0    0 13.3 31 210   M    M   2 3      40 210
22  91  59  75   0   0  10 0.00  0.0    0 10.0 21 200   M    M   1 1      27 180
================================================================================
SM 2146 1416         0 355  1.04     0.0 217.5          M       21
================================================================================
AV 97.6 64.4                               9.9 FASTST   M    M   1    MAX(MPH)
                                 MISC ---->  # 41 140               # 49  140
================================================================================
NOTES:
# LAST OF SEVERAL OCCURRENCES

COLUMN 17 PEAK WIND IN M.P.H.

PRELIMINARY LOCAL CLIMATOLOGICAL DATA (WS FORM: F-6) , PAGE 2

                                          STATION:  DALHART
                                          MONTH:    AUGUST
                                          YEAR:     2019
                                          LATITUDE:   36  1 N
                                          LONGITUDE: 102 33 W

[TEMPERATURE DATA]      [PRECIPITATION DATA]       SYMBOLS USED IN COLUMN 16

AVERAGE MONTHLY: 81.0   TOTAL FOR MONTH:   1.04    1 = FOG OR MIST
DPTR FM NORMAL:   5.2   DPTR FM NORMAL:   -1.16    2 = FOG REDUCING VISIBILITY
HIGHEST:   104 ON 19,17 GRTST 24HR  0.40 ON  9- 9      TO 1/4 MILE OR LESS
LOWEST:     59 ON 22,18                            3 = THUNDER
                        SNOW, ICE PELLETS, HAIL    4 = ICE PELLETS
                        TOTAL MONTH:   0.0 INCH    5 = HAIL
                        GRTST 24HR     0.0         6 = FREEZING RAIN OR DRIZZLE
                        GRTST DEPTH:   0           7 = DUSTSTORM OR SANDSTORM:
                                                       VSBY 1/2 MILE OR LESS
                                                   8 = SMOKE OR HAZE
[NO. OF DAYS WITH]      [WEATHER - DAYS WITH]      9 = BLOWING SNOW
                                                   X = TORNADO
MAX 32 OR BELOW:   0    0.01 INCH OR MORE:   5
MAX 90 OR ABOVE:  22    0.10 INCH OR MORE:   3
MIN 32 OR BELOW:   0    0.50 INCH OR MORE:   0
MIN  0 OR BELOW:   0    1.00 INCH OR MORE:   0

[HDD (BASE 65) ]
TOTAL THIS MO.     0    CLEAR  (SCALE 0-3)  21
DPTR FM NORMAL     0    PTCLDY (SCALE 4-7)   1
TOTAL FM JUL 1     0    CLOUDY (SCALE 8-10)  0
DPTR FM NORMAL    -1

[CDD (BASE 65) ]
TOTAL THIS MO.   355
DPTR FM NORMAL   118    [PRESSURE DATA]
TOTAL FM JAN 1  1061    HIGHEST SLP M ON M
DPTR FM NORMAL   147    LOWEST  SLP 29.58 ON 17

[REMARKS]
